Last updated on 2020-01-31 06:49:42 CET.
| Flavor | Version | Tinstall | Tcheck | Ttotal | Status | Flags | 
|---|---|---|---|---|---|---|
| r-devel-linux-x86_64-debian-clang | 0.99-20200115 | 17.52 | 286.62 | 304.14 | OK | |
| r-devel-linux-x86_64-debian-gcc | 0.99-20200115 | 15.97 | 212.56 | 228.53 | OK | |
| r-devel-linux-x86_64-fedora-clang | 0.99-20200115 | 356.22 | NOTE | |||
| r-devel-linux-x86_64-fedora-gcc | 0.99-20200115 | 352.20 | OK | |||
| r-devel-windows-ix86+x86_64 | 0.99-20200115 | 29.00 | 411.00 | 440.00 | NOTE | |
| r-devel-windows-ix86+x86_64-gcc8 | 0.99-20200115 | 46.00 | 424.00 | 470.00 | NOTE | |
| r-patched-linux-x86_64 | 0.99-20200115 | OK | ||||
| r-patched-solaris-x86 | 0.99-20200115 | 393.60 | ERROR | |||
| r-release-linux-x86_64 | 0.99-20200115 | 14.99 | 251.59 | 266.58 | OK | |
| r-release-windows-ix86+x86_64 | 0.99-20200115 | 40.00 | 404.00 | 444.00 | NOTE | |
| r-release-osx-x86_64 | 0.99-20200115 | ERROR | ||||
| r-oldrel-windows-ix86+x86_64 | 0.99-20180627 | 35.00 | 236.00 | 271.00 | WARN | |
| r-oldrel-osx-x86_64 | 0.99-20200115 | ERROR | 
Version: 0.99-20200115
Check: installed package size
Result: NOTE
      installed size is  5.2Mb
      sub-directories of 1Mb or more:
        doc   3.8Mb
Flavors: r-devel-linux-x86_64-fedora-clang, r-devel-windows-ix86+x86_64, r-devel-windows-ix86+x86_64-gcc8, r-patched-solaris-x86, r-release-windows-ix86+x86_64, r-release-osx-x86_64
Version: 0.99-20200115
Check: examples
Result: ERROR
    Running examples in ‘hyperSpec-Ex.R’ failed
    The error most likely occurred in:
    
    > ### Name: hy.unittest
    > ### Title: hyperSpec unit tests
    > ### Aliases: hy.unittest
    > ### Keywords: programming utilities
    > 
    > ### ** Examples
    > 
    > 
    > hy.unittest ()
    all_wl: .......
    wc: wc: illegal option -- help
    usage: wc [-c | -m | -C] [-lw] [file ...]
    Warning in system("wc --help", intern = TRUE) :
      running command 'wc --help' had status 2 and error message 'Illegal seek'
    Error: Reason: wc not available
    Execution halted
Flavor: r-patched-solaris-x86
Version: 0.99-20200115
Check: examples
Result: ERROR
    Running examples in ‘hyperSpec-Ex.R’ failed
    The error most likely occurred in:
    
    > ### Name: hy.unittest
    > ### Title: hyperSpec unit tests
    > ### Aliases: hy.unittest
    > ### Keywords: programming utilities
    > 
    > ### ** Examples
    > 
    > 
    > hy.unittest ()
    all_wl: .......
    wc: wc: illegal option -- -
    usage: wc [-clmw] [file ...]
    Warning in system("wc --help", intern = TRUE) :
      running command 'wc --help' had status 1
    Error: Reason: wc not available
    Execution halted
Flavor: r-release-osx-x86_64
Version: 0.99-20180627
Check: installed package size
Result: NOTE
      installed size is  5.1Mb
      sub-directories of 1Mb or more:
        doc   3.8Mb
Flavor: r-oldrel-windows-ix86+x86_64
Version: 0.99-20180627
Check: re-building of vignette outputs
Result: WARN
    Error in re-building vignettes:
      ...
    Loading required package: lattice
    Loading required package: grid
    Loading required package: ggplot2
    Package hyperSpec, version 0.99-20180627
    
    To get started, try
       vignette ("hyperspec")
       package?hyperSpec 
       vignette (package = "hyperSpec")
    
    If you use this package please cite it appropriately.
       citation("hyperSpec")
    will give you the correct reference.
    
    The project homepage is http://hyperspec.r-forge.r-project.org
    
    
    start: 300 support points
    Iteration 1: 146 support points
    Iteration 2: 85 support points
    Iteration 3: 44 support points
    Iteration 4: 26 support points
    Iteration 5: 12 support points
    Iteration 6: 7 support points
    Iteration 7: 2 support points
    Warning in max(x@wavelength) :
      no non-missing arguments to max; returning -Inf
    Warning in min(x@wavelength) :
      no non-missing arguments to min; returning Inf
    Warning in max(x@wavelength) :
      no non-missing arguments to max; returning -Inf
    Warning in min(x@wavelength) :
      no non-missing arguments to min; returning Inf
    Iteration 8: 0 support points
    spectrum      1:     2 support points, noise = 0.0,   8 iterations
    Fitting with npts.min = 15
    
    start: 300 support points
    spectrum      1:    20 support points, noise = 0.0,   5 iterations
    Fitting with npts.min = 15
    
    start: 300 support points
    spectrum      1:    26 support points, noise = 0.0,   5 iterations
    Fitting with npts.min = 15
    
    start: 300 support points
    spectrum      1:    25 support points, noise = 0.0,   5 iterations
    Fitting with npts.min = 5
    
    start: 100 support points
    spectrum      1:    96 support points, noise = 4.0,   3 iterations
    Fitting with npts.min = 15
    
    start: 300 support points
    Iteration 1: 153 support points
    Iteration 2: 93 support points
    Iteration 3: 54 support points
    Iteration 4: 38 support points
    Iteration 5: 32 support points
    Iteration 6: 29 support points
    Iteration 7: 29 support points
    spectrum      1:    29 support points, noise = 15.0,   7 iterations
    Warning in system(paste(shQuote(texi2dvi), if (quiet) "--quiet" else "",  :
      running command '"D:\compiler\texmf\miktex\bin\texify.exe" --quiet --pdf "baseline.tex" --max-iterations=20 -I "D:/RCompile/recent/R-3.5.3/share/texmf/tex/latex" -I "D:/RCompile/recent/R-3.5.3/share/texmf/bibtex/bst"' had status 1
    Error: running 'texi2dvi' on 'baseline.tex' failed
    
    LaTeX errors:
    baseline.bbl:9: Package inputenc Error: Keyboard character used is undefined
    (inputenc)                in inputencoding `utf8'.
    
    See the inputenc package documentation for explanation.
    Type  H <return>  for immediate help
    baseline.bbl:9: Package inputenc Error: Keyboard character used is undefined
    (inputenc)                in inputencoding `utf8'.
    
    See the inputenc package documentation for explanation.
    Type  H <return>  for immediate help
    Execution halted
Flavor: r-oldrel-windows-ix86+x86_64
Version: 0.99-20200115
Check: whether package can be installed
Result: ERROR
    Installation failed.
Flavor: r-oldrel-osx-x86_64