Last updated on 2020-02-02 07:58:50 CET.
| Flavor | Version | Tinstall | Tcheck | Ttotal | Status | Flags | 
|---|---|---|---|---|---|---|
| r-devel-linux-x86_64-debian-clang | 2.0 | 3.16 | 43.08 | 46.24 | NOTE | |
| r-devel-linux-x86_64-debian-gcc | 2.0 | 2.51 | 34.11 | 36.62 | NOTE | |
| r-devel-linux-x86_64-fedora-clang | 2.0 | 55.96 | NOTE | |||
| r-devel-linux-x86_64-fedora-gcc | 2.0 | 55.18 | NOTE | |||
| r-devel-windows-ix86+x86_64 | 2.0 | 6.00 | 79.00 | 85.00 | NOTE | |
| r-devel-windows-ix86+x86_64-gcc8 | 2.0 | 9.00 | 86.00 | 95.00 | NOTE | |
| r-patched-linux-x86_64 | 2.0 | 2.27 | 39.64 | 41.91 | NOTE | |
| r-patched-solaris-x86 | 2.0 | 86.60 | NOTE | |||
| r-release-linux-x86_64 | 2.0 | 2.33 | 39.82 | 42.15 | NOTE | |
| r-release-windows-ix86+x86_64 | 2.0 | 7.00 | 84.00 | 91.00 | NOTE | |
| r-release-osx-x86_64 | 2.0 | NOTE | ||||
| r-oldrel-windows-ix86+x86_64 | 2.0 | 3.00 | 42.00 | 45.00 | NOTE | |
| r-oldrel-osx-x86_64 | 2.0 | NOTE | 
Version: 2.0
Check: DESCRIPTION meta-information
Result: NOTE
    Malformed Description field: should contain one or more complete sentences.
    Deprecated license: CC BY-NC-ND 3.0 US
Flavors: r-devel-linux-x86_64-debian-clang, r-devel-linux-x86_64-debian-gcc, r-devel-linux-x86_64-fedora-clang, r-devel-linux-x86_64-fedora-gcc, r-patched-linux-x86_64, r-patched-solaris-x86, r-release-linux-x86_64, r-release-osx-x86_64, r-oldrel-osx-x86_64
Version: 2.0
Check: dependencies in R code
Result: NOTE
    Packages in Depends field not imported from:
      'nutshell.audioscrobbler' 'nutshell.bbdb'
      These packages need to be imported from (in the NAMESPACE file)
      for when this namespace is loaded but not attached.
Flavors: r-devel-linux-x86_64-debian-clang, r-devel-linux-x86_64-debian-gcc, r-devel-linux-x86_64-fedora-clang, r-devel-linux-x86_64-fedora-gcc, r-devel-windows-ix86+x86_64, r-devel-windows-ix86+x86_64-gcc8, r-patched-linux-x86_64, r-patched-solaris-x86, r-release-linux-x86_64, r-release-windows-ix86+x86_64, r-release-osx-x86_64, r-oldrel-windows-ix86+x86_64, r-oldrel-osx-x86_64
Version: 2.0
Check: installed package size
Result: NOTE
      installed size is  8.8Mb
      sub-directories of 1Mb or more:
        data   8.7Mb
Flavors: r-devel-linux-x86_64-fedora-clang, r-devel-windows-ix86+x86_64, r-devel-windows-ix86+x86_64-gcc8, r-patched-solaris-x86, r-release-windows-ix86+x86_64, r-release-osx-x86_64, r-oldrel-windows-ix86+x86_64, r-oldrel-osx-x86_64
Version: 2.0
Check: DESCRIPTION meta-information
Result: NOTE
    Malformed Description field: should contain one or more complete sentences.
Flavors: r-devel-windows-ix86+x86_64, r-devel-windows-ix86+x86_64-gcc8, r-release-windows-ix86+x86_64, r-oldrel-windows-ix86+x86_64