Last updated on 2020-03-03 16:51:48 CET.
| Flavor | Version | Tinstall | Tcheck | Ttotal | Status | Flags | 
|---|---|---|---|---|---|---|
| r-devel-linux-x86_64-debian-clang | 0.3.15 | 68.38 | 47.52 | 115.90 | OK | |
| r-devel-linux-x86_64-debian-gcc | 0.3.15 | 49.54 | 38.06 | 87.60 | OK | |
| r-devel-linux-x86_64-fedora-clang | 0.3.15 | 145.20 | NOTE | |||
| r-devel-linux-x86_64-fedora-gcc | 0.3.15 | 147.88 | NOTE | |||
| r-devel-windows-ix86+x86_64 | 0.3.15 | 191.00 | 151.00 | 342.00 | OK | |
| r-devel-windows-ix86+x86_64-gcc8 | 0.3.15 | 150.00 | 98.00 | 248.00 | OK | |
| r-patched-linux-x86_64 | 0.3.15 | 55.36 | 46.13 | 101.49 | OK | |
| r-patched-solaris-x86 | 0.3.15 | 204.70 | OK | |||
| r-release-linux-x86_64 | 0.3.15 | 52.86 | 46.67 | 99.53 | OK | |
| r-release-windows-ix86+x86_64 | 0.3.15 | 181.00 | 184.00 | 365.00 | OK | |
| r-release-osx-x86_64 | 0.3.15 | OK | ||||
| r-oldrel-windows-ix86+x86_64 | 0.3.15 | 173.00 | 140.00 | 313.00 | OK | |
| r-oldrel-osx-x86_64 | 0.3.15 | OK | 
Version: 0.3.15
Check: installed package size
Result: NOTE
      installed size is  5.1Mb
      sub-directories of 1Mb or more:
        libs   4.2Mb
Flavor: r-devel-linux-x86_64-fedora-clang
Version: 0.3.15
Check: compiled code
Result: NOTE
    File ‘rtfbs/libs/rtfbs.so’:
      Found no call to: ‘R_useDynamicSymbols’
    
    It is good practice to register native routines and to disable symbol
    search.
    
    See ‘Writing portable packages’ in the ‘Writing R Extensions’ manual.
Flavors: r-devel-linux-x86_64-fedora-clang, r-devel-linux-x86_64-fedora-gcc