Last updated on 2020-04-09 10:49:54 CEST.
| Flavor | Version | Tinstall | Tcheck | Ttotal | Status | Flags | 
|---|---|---|---|---|---|---|
| r-devel-linux-x86_64-debian-clang | 0.1.1 | 80.89 | 246.09 | 326.98 | OK | |
| r-devel-linux-x86_64-debian-gcc | 0.1.1 | 53.81 | 158.70 | 212.51 | OK | |
| r-devel-linux-x86_64-fedora-clang | 0.1.1 | 153.78 | WARN | |||
| r-devel-linux-x86_64-fedora-gcc | 0.1.1 | 379.55 | OK | |||
| r-devel-windows-ix86+x86_64 | 0.1.1 | 128.00 | 99.00 | 227.00 | WARN | |
| r-devel-windows-ix86+x86_64-gcc8 | 0.1.1 | 153.00 | 76.00 | 229.00 | WARN | |
| r-patched-linux-x86_64 | 0.1.1 | 64.92 | 218.85 | 283.77 | OK | |
| r-patched-osx-x86_64 | 0.1.1 | WARN | ||||
| r-patched-solaris-x86 | 0.1.1 | 156.10 | WARN | |||
| r-release-linux-x86_64 | 0.1.1 | 63.10 | 203.17 | 266.27 | OK | |
| r-release-windows-ix86+x86_64 | 0.1.1 | 150.00 | 97.00 | 247.00 | WARN | |
| r-release-osx-x86_64 | 0.1.1 | OK | ||||
| r-oldrel-windows-ix86+x86_64 | 0.1.1 | 196.00 | 90.00 | 286.00 | WARN | |
| r-oldrel-osx-x86_64 | 0.1.1 | OK | 
Version: 0.1.1
Check: re-building of vignette outputs
Result: WARN
    Error(s) in re-building vignettes:
    --- re-building ‘R-versus-CPP.Rmd’ using rmarkdown
    Quitting from lines 63-72 (R-versus-CPP.Rmd) 
    Error: processing vignette 'R-versus-CPP.Rmd' failed with diagnostics:
    Package 'RcppArmadillo' referenced from LinkingTo directive is not available.
    --- failed re-building ‘R-versus-CPP.Rmd’
    
    SUMMARY: processing the following file failed:
      ‘R-versus-CPP.Rmd’
    
    Error: Vignette re-building failed.
    Execution halted
Flavors: r-devel-linux-x86_64-fedora-clang, r-devel-windows-ix86+x86_64, r-devel-windows-ix86+x86_64-gcc8, r-release-windows-ix86+x86_64
Version: 0.1.1
Check: re-building of vignette outputs
Result: WARN
    Error(s) in re-building vignettes:
      ...
    --- re-building ‘R-versus-CPP.Rmd’ using rmarkdown
    ld: warning: text-based stub file /System/Library/Frameworks//CoreFoundation.framework/CoreFoundation.tbd and library file /System/Library/Frameworks//CoreFoundation.framework/CoreFoundation are out of sync. Falling back to library file for linking.
    ld: warning: text-based stub file /System/Library/Frameworks//CoreFoundation.framework/CoreFoundation.tbd and library file /System/Library/Frameworks//CoreFoundation.framework/CoreFoundation are out of sync. Falling back to library file for linking.
    ld: warning: text-based stub file /System/Library/Frameworks//CoreFoundation.framework/CoreFoundation.tbd and library file /System/Library/Frameworks//CoreFoundation.framework/CoreFoundation are out of sync. Falling back to library file for linking.
    ld: warning: text-based stub file /System/Library/Frameworks//CoreFoundation.framework/CoreFoundation.tbd and library file /System/Library/Frameworks//CoreFoundation.framework/CoreFoundation are out of sync. Falling back to library file for linking.
    ld: warning: text-based stub file /System/Library/Frameworks//CoreFoundation.framework/CoreFoundation.tbd and library file /System/Library/Frameworks//CoreFoundation.framework/CoreFoundation are out of sync. Falling back to library file for linking.
    dyld: lazy symbol binding failed: Symbol not found: ____chkstk_darwin
      Referenced from: /usr/local/bin/pandoc (which was built for Mac OS X 10.15)
      Expected in: /usr/lib/libSystem.B.dylib
    
    dyld: Symbol not found: ____chkstk_darwin
      Referenced from: /usr/local/bin/pandoc (which was built for Mac OS X 10.15)
      Expected in: /usr/lib/libSystem.B.dylib
    
    Error: processing vignette 'R-versus-CPP.Rmd' failed with diagnostics:
    pandoc document conversion failed with error 6
    --- failed re-building ‘R-versus-CPP.Rmd’
    
    SUMMARY: processing the following file failed:
      ‘R-versus-CPP.Rmd’
    
    Error: Vignette re-building failed.
    Execution halted
Flavor: r-patched-osx-x86_64
Version: 0.1.1
Check: re-building of vignette outputs
Result: WARN
    Error(s) in re-building vignettes:
      ...
    --- re-building ‘R-versus-CPP.Rmd’ using rmarkdown
    Warning in engine$weave(file, quiet = quiet, encoding = enc) :
      Pandoc (>= 1.12.3) and/or pandoc-citeproc not available. Falling back to R Markdown v1.
    Quitting from lines 63-72 (R-versus-CPP.Rmd) 
    Error: processing vignette 'R-versus-CPP.Rmd' failed with diagnostics:
    Package 'RcppArmadillo' referenced from LinkingTo directive is not available.
    --- failed re-building ‘R-versus-CPP.Rmd’
    
    SUMMARY: processing the following file failed:
      ‘R-versus-CPP.Rmd’
    
    Error: Vignette re-building failed.
    Execution halted
Flavor: r-patched-solaris-x86
Version: 0.1.1
Check: re-building of vignette outputs
Result: WARN
    Error in re-building vignettes:
      ...
    Quitting from lines 63-72 (R-versus-CPP.Rmd) 
    Error: processing vignette 'R-versus-CPP.Rmd' failed with diagnostics:
    Package 'RcppArmadillo' referenced from LinkingTo directive is not available.
    Execution halted
Flavor: r-oldrel-windows-ix86+x86_64