Last updated on 2020-04-09 09:48:08 CEST.
| Flavor | Version | Tinstall | Tcheck | Ttotal | Status | Flags | 
|---|---|---|---|---|---|---|
| r-devel-linux-x86_64-debian-clang | 0.2.0 | 4.31 | 79.79 | 84.10 | ERROR | |
| r-devel-linux-x86_64-debian-gcc | 0.2.0 | 2.86 | 59.09 | 61.95 | ERROR | |
| r-devel-linux-x86_64-fedora-clang | 0.2.0 | 98.88 | ERROR | |||
| r-devel-linux-x86_64-fedora-gcc | 0.2.0 | 97.69 | ERROR | |||
| r-devel-windows-ix86+x86_64 | 0.2.0 | 8.00 | 96.00 | 104.00 | ERROR | |
| r-devel-windows-ix86+x86_64-gcc8 | 0.2.0 | 17.00 | 100.00 | 117.00 | ERROR | |
| r-patched-linux-x86_64 | 0.2.0 | 3.97 | 77.63 | 81.60 | ERROR | |
| r-patched-osx-x86_64 | 0.2.0 | ERROR | ||||
| r-patched-solaris-x86 | 0.2.0 | 130.00 | ERROR | |||
| r-release-linux-x86_64 | 0.2.0 | 3.13 | 70.25 | 73.38 | OK | |
| r-release-windows-ix86+x86_64 | 0.2.0 | 7.00 | 97.00 | 104.00 | OK | |
| r-release-osx-x86_64 | 0.2.0 | OK | ||||
| r-oldrel-windows-ix86+x86_64 | 0.2.0 | 7.00 | 124.00 | 131.00 | OK | |
| r-oldrel-osx-x86_64 | 0.2.0 | OK | 
Version: 0.2.0
Check: tests
Result: ERROR
      Running 'testthat.R' [8s/9s]
    Running the tests in 'tests/testthat.R' failed.
    Complete output:
      > Sys.setenv("R_TESTS" = "")
      > 
      > library(testthat)
      > library(econullnetr)
      > 
      > test_check("econullnetr")
      -- 1. Failure: Consistent outputs (@test_generate_edgelist.R#24)  --------------
      generate_edgelist(s.1, signif.level = 0.9) has changed from known value recorded in 'el1_090'.
      Component "Consumer": Modes: character, numeric
      Component "Consumer": Attributes: < target is NULL, current is list >
      Component "Consumer": target is character, current is factor
      
      -- 2. Failure: Consistent outputs (@test_generate_edgelist.R#26)  --------------
      generate_edgelist(s.1, signif.level = 0.95) has changed from known value recorded in 'el1_095'.
      Component "Consumer": Modes: character, numeric
      Component "Consumer": Attributes: < target is NULL, current is list >
      Component "Consumer": target is character, current is factor
      
      -- 3. Failure: Consistent outputs (@test_generate_edgelist.R#28)  --------------
      generate_edgelist(s.1, signif.level = 0.99) has changed from known value recorded in 'el1_099'.
      Component "Consumer": Modes: character, numeric
      Component "Consumer": Attributes: < target is NULL, current is list >
      Component "Consumer": target is character, current is factor
      
      -- 4. Failure: Consistent outputs (@test_generate_edgelist.R#30)  --------------
      generate_edgelist(...) has changed from known value recorded in 'el2_095'.
      Component "Consumer": Modes: character, numeric
      Component "Consumer": Attributes: < target is NULL, current is list >
      Component "Consumer": target is character, current is factor
      
      -- 5. Failure: Consistent outputs (@test_generate_edgelist.R#33)  --------------
      generate_edgelist(s.1, signif.level = 0.95, export.null = TRUE) has changed from known value recorded in 'el3_95'.
      Component "Consumer": Modes: character, numeric
      Component "Consumer": Attributes: < target is NULL, current is list >
      Component "Consumer": target is character, current is factor
      
      == testthat results  ===========================================================
      [ OK: 32 | SKIPPED: 10 | WARNINGS: 0 | FAILED: 5 ]
      1. Failure: Consistent outputs (@test_generate_edgelist.R#24) 
      2. Failure: Consistent outputs (@test_generate_edgelist.R#26) 
      3. Failure: Consistent outputs (@test_generate_edgelist.R#28) 
      4. Failure: Consistent outputs (@test_generate_edgelist.R#30) 
      5. Failure: Consistent outputs (@test_generate_edgelist.R#33) 
      
      Error: testthat unit tests failed
      Execution halted
Flavor: r-devel-linux-x86_64-debian-clang
Version: 0.2.0
Check: tests
Result: ERROR
      Running ‘testthat.R’ [5s/9s]
    Running the tests in ‘tests/testthat.R’ failed.
    Complete output:
      > Sys.setenv("R_TESTS" = "")
      > 
      > library(testthat)
      > library(econullnetr)
      > 
      > test_check("econullnetr")
      ── 1. Failure: Consistent outputs (@test_generate_edgelist.R#24)  ──────────────
      generate_edgelist(s.1, signif.level = 0.9) has changed from known value recorded in 'el1_090'.
      Component "Consumer": Modes: character, numeric
      Component "Consumer": Attributes: < target is NULL, current is list >
      Component "Consumer": target is character, current is factor
      
      ── 2. Failure: Consistent outputs (@test_generate_edgelist.R#26)  ──────────────
      generate_edgelist(s.1, signif.level = 0.95) has changed from known value recorded in 'el1_095'.
      Component "Consumer": Modes: character, numeric
      Component "Consumer": Attributes: < target is NULL, current is list >
      Component "Consumer": target is character, current is factor
      
      ── 3. Failure: Consistent outputs (@test_generate_edgelist.R#28)  ──────────────
      generate_edgelist(s.1, signif.level = 0.99) has changed from known value recorded in 'el1_099'.
      Component "Consumer": Modes: character, numeric
      Component "Consumer": Attributes: < target is NULL, current is list >
      Component "Consumer": target is character, current is factor
      
      ── 4. Failure: Consistent outputs (@test_generate_edgelist.R#30)  ──────────────
      generate_edgelist(...) has changed from known value recorded in 'el2_095'.
      Component "Consumer": Modes: character, numeric
      Component "Consumer": Attributes: < target is NULL, current is list >
      Component "Consumer": target is character, current is factor
      
      ── 5. Failure: Consistent outputs (@test_generate_edgelist.R#33)  ──────────────
      generate_edgelist(s.1, signif.level = 0.95, export.null = TRUE) has changed from known value recorded in 'el3_95'.
      Component "Consumer": Modes: character, numeric
      Component "Consumer": Attributes: < target is NULL, current is list >
      Component "Consumer": target is character, current is factor
      
      ══ testthat results  ═══════════════════════════════════════════════════════════
      [ OK: 32 | SKIPPED: 10 | WARNINGS: 0 | FAILED: 5 ]
      1. Failure: Consistent outputs (@test_generate_edgelist.R#24) 
      2. Failure: Consistent outputs (@test_generate_edgelist.R#26) 
      3. Failure: Consistent outputs (@test_generate_edgelist.R#28) 
      4. Failure: Consistent outputs (@test_generate_edgelist.R#30) 
      5. Failure: Consistent outputs (@test_generate_edgelist.R#33) 
      
      Error: testthat unit tests failed
      Execution halted
Flavor: r-devel-linux-x86_64-debian-gcc
Version: 0.2.0
Check: tests
Result: ERROR
      Running ‘testthat.R’ [9s/11s]
    Running the tests in ‘tests/testthat.R’ failed.
    Complete output:
      > Sys.setenv("R_TESTS" = "")
      > 
      > library(testthat)
      > library(econullnetr)
      > 
      > test_check("econullnetr")
      ── 1. Failure: Consistent outputs (@test_generate_edgelist.R#24)  ──────────────
      generate_edgelist(s.1, signif.level = 0.9) has changed from known value recorded in 'el1_090'.
      Component "Consumer": Modes: character, numeric
      Component "Consumer": Attributes: < target is NULL, current is list >
      Component "Consumer": target is character, current is factor
      
      ── 2. Failure: Consistent outputs (@test_generate_edgelist.R#26)  ──────────────
      generate_edgelist(s.1, signif.level = 0.95) has changed from known value recorded in 'el1_095'.
      Component "Consumer": Modes: character, numeric
      Component "Consumer": Attributes: < target is NULL, current is list >
      Component "Consumer": target is character, current is factor
      
      ── 3. Failure: Consistent outputs (@test_generate_edgelist.R#28)  ──────────────
      generate_edgelist(s.1, signif.level = 0.99) has changed from known value recorded in 'el1_099'.
      Component "Consumer": Modes: character, numeric
      Component "Consumer": Attributes: < target is NULL, current is list >
      Component "Consumer": target is character, current is factor
      
      ── 4. Failure: Consistent outputs (@test_generate_edgelist.R#30)  ──────────────
      generate_edgelist(...) has changed from known value recorded in 'el2_095'.
      Component "Consumer": Modes: character, numeric
      Component "Consumer": Attributes: < target is NULL, current is list >
      Component "Consumer": target is character, current is factor
      
      ── 5. Failure: Consistent outputs (@test_generate_edgelist.R#33)  ──────────────
      generate_edgelist(s.1, signif.level = 0.95, export.null = TRUE) has changed from known value recorded in 'el3_95'.
      Component "Consumer": Modes: character, numeric
      Component "Consumer": Attributes: < target is NULL, current is list >
      Component "Consumer": target is character, current is factor
      
      ══ testthat results  ═══════════════════════════════════════════════════════════
      [ OK: 32 | SKIPPED: 10 | WARNINGS: 0 | FAILED: 5 ]
      1. Failure: Consistent outputs (@test_generate_edgelist.R#24) 
      2. Failure: Consistent outputs (@test_generate_edgelist.R#26) 
      3. Failure: Consistent outputs (@test_generate_edgelist.R#28) 
      4. Failure: Consistent outputs (@test_generate_edgelist.R#30) 
      5. Failure: Consistent outputs (@test_generate_edgelist.R#33) 
      
      Error: testthat unit tests failed
      Execution halted
Flavor: r-devel-linux-x86_64-fedora-clang
Version: 0.2.0
Check: tests
Result: ERROR
      Running ‘testthat.R’ [9s/10s]
    Running the tests in ‘tests/testthat.R’ failed.
    Complete output:
      > Sys.setenv("R_TESTS" = "")
      > 
      > library(testthat)
      > library(econullnetr)
      > 
      > test_check("econullnetr")
      ── 1. Failure: Consistent outputs (@test_generate_edgelist.R#24)  ──────────────
      generate_edgelist(s.1, signif.level = 0.9) has changed from known value recorded in 'el1_090'.
      Component "Consumer": Modes: character, numeric
      Component "Consumer": Attributes: < target is NULL, current is list >
      Component "Consumer": target is character, current is factor
      
      ── 2. Failure: Consistent outputs (@test_generate_edgelist.R#26)  ──────────────
      generate_edgelist(s.1, signif.level = 0.95) has changed from known value recorded in 'el1_095'.
      Component "Consumer": Modes: character, numeric
      Component "Consumer": Attributes: < target is NULL, current is list >
      Component "Consumer": target is character, current is factor
      
      ── 3. Failure: Consistent outputs (@test_generate_edgelist.R#28)  ──────────────
      generate_edgelist(s.1, signif.level = 0.99) has changed from known value recorded in 'el1_099'.
      Component "Consumer": Modes: character, numeric
      Component "Consumer": Attributes: < target is NULL, current is list >
      Component "Consumer": target is character, current is factor
      
      ── 4. Failure: Consistent outputs (@test_generate_edgelist.R#30)  ──────────────
      generate_edgelist(...) has changed from known value recorded in 'el2_095'.
      Component "Consumer": Modes: character, numeric
      Component "Consumer": Attributes: < target is NULL, current is list >
      Component "Consumer": target is character, current is factor
      
      ── 5. Failure: Consistent outputs (@test_generate_edgelist.R#33)  ──────────────
      generate_edgelist(s.1, signif.level = 0.95, export.null = TRUE) has changed from known value recorded in 'el3_95'.
      Component "Consumer": Modes: character, numeric
      Component "Consumer": Attributes: < target is NULL, current is list >
      Component "Consumer": target is character, current is factor
      
      ══ testthat results  ═══════════════════════════════════════════════════════════
      [ OK: 32 | SKIPPED: 10 | WARNINGS: 0 | FAILED: 5 ]
      1. Failure: Consistent outputs (@test_generate_edgelist.R#24) 
      2. Failure: Consistent outputs (@test_generate_edgelist.R#26) 
      3. Failure: Consistent outputs (@test_generate_edgelist.R#28) 
      4. Failure: Consistent outputs (@test_generate_edgelist.R#30) 
      5. Failure: Consistent outputs (@test_generate_edgelist.R#33) 
      
      Error: testthat unit tests failed
      Execution halted
Flavor: r-devel-linux-x86_64-fedora-gcc
Version: 0.2.0
Check: tests
Result: ERROR
      Running 'testthat.R' [8s]
    Running the tests in 'tests/testthat.R' failed.
    Complete output:
      > Sys.setenv("R_TESTS" = "")
      > 
      > library(testthat)
      > library(econullnetr)
      > 
      > test_check("econullnetr")
      -- 1. Failure: Consistent outputs (@test_generate_edgelist.R#24)  --------------
      generate_edgelist(s.1, signif.level = 0.9) has changed from known value recorded in 'el1_090'.
      Component "Consumer": Modes: character, numeric
      Component "Consumer": Attributes: < target is NULL, current is list >
      Component "Consumer": target is character, current is factor
      
      -- 2. Failure: Consistent outputs (@test_generate_edgelist.R#26)  --------------
      generate_edgelist(s.1, signif.level = 0.95) has changed from known value recorded in 'el1_095'.
      Component "Consumer": Modes: character, numeric
      Component "Consumer": Attributes: < target is NULL, current is list >
      Component "Consumer": target is character, current is factor
      
      -- 3. Failure: Consistent outputs (@test_generate_edgelist.R#28)  --------------
      generate_edgelist(s.1, signif.level = 0.99) has changed from known value recorded in 'el1_099'.
      Component "Consumer": Modes: character, numeric
      Component "Consumer": Attributes: < target is NULL, current is list >
      Component "Consumer": target is character, current is factor
      
      -- 4. Failure: Consistent outputs (@test_generate_edgelist.R#30)  --------------
      generate_edgelist(...) has changed from known value recorded in 'el2_095'.
      Component "Consumer": Modes: character, numeric
      Component "Consumer": Attributes: < target is NULL, current is list >
      Component "Consumer": target is character, current is factor
      
      -- 5. Failure: Consistent outputs (@test_generate_edgelist.R#33)  --------------
      generate_edgelist(s.1, signif.level = 0.95, export.null = TRUE) has changed from known value recorded in 'el3_95'.
      Component "Consumer": Modes: character, numeric
      Component "Consumer": Attributes: < target is NULL, current is list >
      Component "Consumer": target is character, current is factor
      
      == testthat results  ===========================================================
      [ OK: 32 | SKIPPED: 10 | WARNINGS: 0 | FAILED: 5 ]
      1. Failure: Consistent outputs (@test_generate_edgelist.R#24) 
      2. Failure: Consistent outputs (@test_generate_edgelist.R#26) 
      3. Failure: Consistent outputs (@test_generate_edgelist.R#28) 
      4. Failure: Consistent outputs (@test_generate_edgelist.R#30) 
      5. Failure: Consistent outputs (@test_generate_edgelist.R#33) 
      
      Error: testthat unit tests failed
      Execution halted
Flavor: r-devel-windows-ix86+x86_64
Version: 0.2.0
Check: tests
Result: ERROR
      Running 'testthat.R' [7s]
    Running the tests in 'tests/testthat.R' failed.
    Complete output:
      > Sys.setenv("R_TESTS" = "")
      > 
      > library(testthat)
      > library(econullnetr)
      > 
      > test_check("econullnetr")
      -- 1. Failure: Consistent outputs (@test_generate_edgelist.R#24)  --------------
      generate_edgelist(s.1, signif.level = 0.9) has changed from known value recorded in 'el1_090'.
      Component "Consumer": Modes: character, numeric
      Component "Consumer": Attributes: < target is NULL, current is list >
      Component "Consumer": target is character, current is factor
      
      -- 2. Failure: Consistent outputs (@test_generate_edgelist.R#26)  --------------
      generate_edgelist(s.1, signif.level = 0.95) has changed from known value recorded in 'el1_095'.
      Component "Consumer": Modes: character, numeric
      Component "Consumer": Attributes: < target is NULL, current is list >
      Component "Consumer": target is character, current is factor
      
      -- 3. Failure: Consistent outputs (@test_generate_edgelist.R#28)  --------------
      generate_edgelist(s.1, signif.level = 0.99) has changed from known value recorded in 'el1_099'.
      Component "Consumer": Modes: character, numeric
      Component "Consumer": Attributes: < target is NULL, current is list >
      Component "Consumer": target is character, current is factor
      
      -- 4. Failure: Consistent outputs (@test_generate_edgelist.R#30)  --------------
      generate_edgelist(...) has changed from known value recorded in 'el2_095'.
      Component "Consumer": Modes: character, numeric
      Component "Consumer": Attributes: < target is NULL, current is list >
      Component "Consumer": target is character, current is factor
      
      -- 5. Failure: Consistent outputs (@test_generate_edgelist.R#33)  --------------
      generate_edgelist(s.1, signif.level = 0.95, export.null = TRUE) has changed from known value recorded in 'el3_95'.
      Component "Consumer": Modes: character, numeric
      Component "Consumer": Attributes: < target is NULL, current is list >
      Component "Consumer": target is character, current is factor
      
      == testthat results  ===========================================================
      [ OK: 32 | SKIPPED: 10 | WARNINGS: 0 | FAILED: 5 ]
      1. Failure: Consistent outputs (@test_generate_edgelist.R#24) 
      2. Failure: Consistent outputs (@test_generate_edgelist.R#26) 
      3. Failure: Consistent outputs (@test_generate_edgelist.R#28) 
      4. Failure: Consistent outputs (@test_generate_edgelist.R#30) 
      5. Failure: Consistent outputs (@test_generate_edgelist.R#33) 
      
      Error: testthat unit tests failed
      Execution halted
Flavor: r-devel-windows-ix86+x86_64-gcc8
Version: 0.2.0
Check: tests
Result: ERROR
      Running ‘testthat.R’ [8s/8s]
    Running the tests in ‘tests/testthat.R’ failed.
    Complete output:
      > Sys.setenv("R_TESTS" = "")
      > 
      > library(testthat)
      > library(econullnetr)
      > 
      > test_check("econullnetr")
      ── 1. Failure: Consistent outputs (@test_generate_edgelist.R#24)  ──────────────
      generate_edgelist(s.1, signif.level = 0.9) has changed from known value recorded in 'el1_090'.
      Component "Consumer": Modes: character, numeric
      Component "Consumer": Attributes: < target is NULL, current is list >
      Component "Consumer": target is character, current is factor
      
      ── 2. Failure: Consistent outputs (@test_generate_edgelist.R#26)  ──────────────
      generate_edgelist(s.1, signif.level = 0.95) has changed from known value recorded in 'el1_095'.
      Component "Consumer": Modes: character, numeric
      Component "Consumer": Attributes: < target is NULL, current is list >
      Component "Consumer": target is character, current is factor
      
      ── 3. Failure: Consistent outputs (@test_generate_edgelist.R#28)  ──────────────
      generate_edgelist(s.1, signif.level = 0.99) has changed from known value recorded in 'el1_099'.
      Component "Consumer": Modes: character, numeric
      Component "Consumer": Attributes: < target is NULL, current is list >
      Component "Consumer": target is character, current is factor
      
      ── 4. Failure: Consistent outputs (@test_generate_edgelist.R#30)  ──────────────
      generate_edgelist(...) has changed from known value recorded in 'el2_095'.
      Component "Consumer": Modes: character, numeric
      Component "Consumer": Attributes: < target is NULL, current is list >
      Component "Consumer": target is character, current is factor
      
      ── 5. Failure: Consistent outputs (@test_generate_edgelist.R#33)  ──────────────
      generate_edgelist(s.1, signif.level = 0.95, export.null = TRUE) has changed from known value recorded in 'el3_95'.
      Component "Consumer": Modes: character, numeric
      Component "Consumer": Attributes: < target is NULL, current is list >
      Component "Consumer": target is character, current is factor
      
      ══ testthat results  ═══════════════════════════════════════════════════════════
      [ OK: 32 | SKIPPED: 10 | WARNINGS: 0 | FAILED: 5 ]
      1. Failure: Consistent outputs (@test_generate_edgelist.R#24) 
      2. Failure: Consistent outputs (@test_generate_edgelist.R#26) 
      3. Failure: Consistent outputs (@test_generate_edgelist.R#28) 
      4. Failure: Consistent outputs (@test_generate_edgelist.R#30) 
      5. Failure: Consistent outputs (@test_generate_edgelist.R#33) 
      
      Error: testthat unit tests failed
      Execution halted
Flavor: r-patched-linux-x86_64
Version: 0.2.0
Check: tests
Result: ERROR
      Running ‘testthat.R’ [4s/6s]
    Running the tests in ‘tests/testthat.R’ failed.
    Last 13 lines of output:
      generate_edgelist(s.1, signif.level = 0.95, export.null = TRUE) has changed from known value recorded in 'el3_95'.
      Component "Consumer": Modes: character, numeric
      Component "Consumer": Attributes: < target is NULL, current is list >
      Component "Consumer": target is character, current is factor
      
      ══ testthat results  ═══════════════════════════════════════════════════════════
      [ OK: 32 | SKIPPED: 10 | WARNINGS: 0 | FAILED: 5 ]
      1. Failure: Consistent outputs (@test_generate_edgelist.R#24) 
      2. Failure: Consistent outputs (@test_generate_edgelist.R#26) 
      3. Failure: Consistent outputs (@test_generate_edgelist.R#28) 
      4. Failure: Consistent outputs (@test_generate_edgelist.R#30) 
      5. Failure: Consistent outputs (@test_generate_edgelist.R#33) 
      
      Error: testthat unit tests failed
      Execution halted
Flavor: r-patched-osx-x86_64
Version: 0.2.0
Check: re-building of vignette outputs
Result: WARN
    Error(s) in re-building vignettes:
      ...
    --- re-building ‘econullnetr-intro.Rmd’ using rmarkdown
    Warning in bipartite::plotweb(obs.web, method = "normal", empty = FALSE,  :
      interaction width is influenced by abundance vector and possibly not proportional to link weight
    dyld: lazy symbol binding failed: Symbol not found: ____chkstk_darwin
      Referenced from: /usr/local/bin/pandoc (which was built for Mac OS X 10.15)
      Expected in: /usr/lib/libSystem.B.dylib
    
    dyld: Symbol not found: ____chkstk_darwin
      Referenced from: /usr/local/bin/pandoc (which was built for Mac OS X 10.15)
      Expected in: /usr/lib/libSystem.B.dylib
    
    Error: processing vignette 'econullnetr-intro.Rmd' failed with diagnostics:
    pandoc document conversion failed with error 6
    --- failed re-building ‘econullnetr-intro.Rmd’
    
    SUMMARY: processing the following file failed:
      ‘econullnetr-intro.Rmd’
    
    Error: Vignette re-building failed.
    Execution halted
Flavor: r-patched-osx-x86_64
Version: 0.2.0
Check: tests
Result: ERROR
      Running ‘testthat.R’ [12s/14s]
    Running the tests in ‘tests/testthat.R’ failed.
    Complete output:
      > Sys.setenv("R_TESTS" = "")
      > 
      > library(testthat)
      > library(econullnetr)
      > 
      > test_check("econullnetr")
      ── 1. Failure: Consistent outputs (@test_generate_edgelist.R#24)  ──────────────
      generate_edgelist(s.1, signif.level = 0.9) has changed from known value recorded in 'el1_090'.
      Component "Consumer": Modes: character, numeric
      Component "Consumer": Attributes: < target is NULL, current is list >
      Component "Consumer": target is character, current is factor
      
      ── 2. Failure: Consistent outputs (@test_generate_edgelist.R#26)  ──────────────
      generate_edgelist(s.1, signif.level = 0.95) has changed from known value recorded in 'el1_095'.
      Component "Consumer": Modes: character, numeric
      Component "Consumer": Attributes: < target is NULL, current is list >
      Component "Consumer": target is character, current is factor
      
      ── 3. Failure: Consistent outputs (@test_generate_edgelist.R#28)  ──────────────
      generate_edgelist(s.1, signif.level = 0.99) has changed from known value recorded in 'el1_099'.
      Component "Consumer": Modes: character, numeric
      Component "Consumer": Attributes: < target is NULL, current is list >
      Component "Consumer": target is character, current is factor
      
      ── 4. Failure: Consistent outputs (@test_generate_edgelist.R#30)  ──────────────
      generate_edgelist(...) has changed from known value recorded in 'el2_095'.
      Component "Consumer": Modes: character, numeric
      Component "Consumer": Attributes: < target is NULL, current is list >
      Component "Consumer": target is character, current is factor
      
      ── 5. Failure: Consistent outputs (@test_generate_edgelist.R#33)  ──────────────
      generate_edgelist(s.1, signif.level = 0.95, export.null = TRUE) has changed from known value recorded in 'el3_95'.
      Component "Consumer": Modes: character, numeric
      Component "Consumer": Attributes: < target is NULL, current is list >
      Component "Consumer": target is character, current is factor
      
      ══ testthat results  ═══════════════════════════════════════════════════════════
      [ OK: 32 | SKIPPED: 10 | WARNINGS: 0 | FAILED: 5 ]
      1. Failure: Consistent outputs (@test_generate_edgelist.R#24) 
      2. Failure: Consistent outputs (@test_generate_edgelist.R#26) 
      3. Failure: Consistent outputs (@test_generate_edgelist.R#28) 
      4. Failure: Consistent outputs (@test_generate_edgelist.R#30) 
      5. Failure: Consistent outputs (@test_generate_edgelist.R#33) 
      
      Error: testthat unit tests failed
      Execution halted
Flavor: r-patched-solaris-x86