Last updated on 2020-06-15 08:53:16 CEST.
| Flavor | Version | Tinstall | Tcheck | Ttotal | Status | Flags | 
|---|---|---|---|---|---|---|
| r-devel-linux-x86_64-debian-clang | 4.7.1 | 11.25 | 133.62 | 144.87 | ERROR | |
| r-devel-linux-x86_64-debian-gcc | 4.7.1 | 9.56 | 99.83 | 109.39 | ERROR | |
| r-devel-linux-x86_64-fedora-clang | 4.7.1 | 175.93 | ERROR | |||
| r-devel-linux-x86_64-fedora-gcc | 4.7.1 | 174.32 | ERROR | |||
| r-devel-windows-ix86+x86_64 | 4.7.1 | 34.00 | 167.00 | 201.00 | ERROR | |
| r-patched-linux-x86_64 | 4.7.1 | 11.86 | 129.79 | 141.65 | ERROR | |
| r-patched-solaris-x86 | 4.7.1 | 210.20 | ERROR | |||
| r-release-linux-x86_64 | 4.7.1 | 12.83 | 129.62 | 142.45 | ERROR | |
| r-release-osx-x86_64 | 4.7.1 | OK | ||||
| r-release-windows-ix86+x86_64 | 4.7.1 | 32.00 | 146.00 | 178.00 | ERROR | |
| r-oldrel-osx-x86_64 | 4.7.1 | OK | ||||
| r-oldrel-windows-ix86+x86_64 | 4.7.1 | 28.00 | 147.00 | 175.00 | ERROR | 
Version: 4.7.1
Check: tests
Result: ERROR
      Running 'testthat.R' [29s/30s]
    Running the tests in 'tests/testthat.R' failed.
    Complete output:
      > library(testthat)
      > library(huxtable)
      > 
      > 
      > we_are_in_R_CMD_check <- TRUE
      > test_check("huxtable")
      -- 1. Failure: Quick output functions create files (@test-quick-output.R#33)  --
      `quick_pptx(m, dfr, ht, file = tf, open = FALSE)` produced warnings.
      
      [WARNING] This document format requires a nonempty <title> element.
        Defaulting to 'markdown-example685a16bc79b6.utf8' as the title.
        To specify a title, use 'title' in metadata or --metadata title="...".
      [WARNING] This document format requires a nonempty <title> element.
        Defaulting to 'markdown-example685a79b5da.utf8' as the title.
        To specify a title, use 'title' in metadata or --metadata title="...".
      [WARNING] This document format requires a nonempty <title> element.
        Defaulting to 'markdown-example685a47715acb.utf8' as the title.
        To specify a title, use 'title' in metadata or --metadata title="...".
      == testthat results  ===========================================================
      [ OK: 898 | SKIPPED: 65 | WARNINGS: 1 | FAILED: 1 ]
      1. Failure: Quick output functions create files (@test-quick-output.R#33) 
      
      Error: testthat unit tests failed
      Execution halted
Flavor: r-devel-linux-x86_64-debian-clang
Version: 4.7.1
Check: tests
Result: ERROR
      Running ‘testthat.R’ [22s/33s]
    Running the tests in ‘tests/testthat.R’ failed.
    Complete output:
      > library(testthat)
      > library(huxtable)
      > 
      > 
      > we_are_in_R_CMD_check <- TRUE
      > test_check("huxtable")
      ── 1. Failure: Quick output functions create files (@test-quick-output.R#33)  ──
      `quick_pptx(m, dfr, ht, file = tf, open = FALSE)` produced warnings.
      
      [WARNING] This document format requires a nonempty <title> element.
        Defaulting to 'markdown-example4e4ac2661c5.utf8' as the title.
        To specify a title, use 'title' in metadata or --metadata title="...".
      [WARNING] This document format requires a nonempty <title> element.
        Defaulting to 'markdown-example4e4a7481dd6d.utf8' as the title.
        To specify a title, use 'title' in metadata or --metadata title="...".
      [WARNING] This document format requires a nonempty <title> element.
        Defaulting to 'markdown-example4e4ad1fed35.utf8' as the title.
        To specify a title, use 'title' in metadata or --metadata title="...".
      ══ testthat results  ═══════════════════════════════════════════════════════════
      [ OK: 898 | SKIPPED: 65 | WARNINGS: 1 | FAILED: 1 ]
      1. Failure: Quick output functions create files (@test-quick-output.R#33) 
      
      Error: testthat unit tests failed
      Execution halted
Flavor: r-devel-linux-x86_64-debian-gcc
Version: 4.7.1
Check: tests
Result: ERROR
      Running ‘testthat.R’ [30s/34s]
    Running the tests in ‘tests/testthat.R’ failed.
    Complete output:
      > library(testthat)
      > library(huxtable)
      > 
      > 
      > we_are_in_R_CMD_check <- TRUE
      > test_check("huxtable")
      ── 1. Failure: Quick output functions create files (@test-quick-output.R#33)  ──
      `quick_pptx(m, dfr, ht, file = tf, open = FALSE)` produced warnings.
      
      [WARNING] This document format requires a nonempty <title> element.
        Defaulting to 'markdown-example701db2ac9536.utf8' as the title.
        To specify a title, use 'title' in metadata or --metadata title="...".
      [WARNING] This document format requires a nonempty <title> element.
        Defaulting to 'markdown-example701db60e20151.utf8' as the title.
        To specify a title, use 'title' in metadata or --metadata title="...".
      [WARNING] This document format requires a nonempty <title> element.
        Defaulting to 'markdown-example701db37b459e9.utf8' as the title.
        To specify a title, use 'title' in metadata or --metadata title="...".
      ══ testthat results  ═══════════════════════════════════════════════════════════
      [ OK: 898 | SKIPPED: 65 | WARNINGS: 1 | FAILED: 1 ]
      1. Failure: Quick output functions create files (@test-quick-output.R#33) 
      
      Error: testthat unit tests failed
      Execution halted
Flavor: r-devel-linux-x86_64-fedora-clang
Version: 4.7.1
Check: tests
Result: ERROR
      Running ‘testthat.R’ [39s/47s]
    Running the tests in ‘tests/testthat.R’ failed.
    Complete output:
      > library(testthat)
      > library(huxtable)
      > 
      > 
      > we_are_in_R_CMD_check <- TRUE
      > test_check("huxtable")
      ── 1. Failure: Quick output functions create files (@test-quick-output.R#33)  ──
      `quick_pptx(m, dfr, ht, file = tf, open = FALSE)` produced warnings.
      
      [WARNING] This document format requires a nonempty <title> element.
        Defaulting to 'markdown-example31b78261cf9c1a.utf8' as the title.
        To specify a title, use 'title' in metadata or --metadata title="...".
      [WARNING] This document format requires a nonempty <title> element.
        Defaulting to 'markdown-example31b78227f2c3d8.utf8' as the title.
        To specify a title, use 'title' in metadata or --metadata title="...".
      [WARNING] This document format requires a nonempty <title> element.
        Defaulting to 'markdown-example31b782394efe46.utf8' as the title.
        To specify a title, use 'title' in metadata or --metadata title="...".
      ══ testthat results  ═══════════════════════════════════════════════════════════
      [ OK: 898 | SKIPPED: 65 | WARNINGS: 1 | FAILED: 1 ]
      1. Failure: Quick output functions create files (@test-quick-output.R#33) 
      
      Error: testthat unit tests failed
      Execution halted
Flavor: r-devel-linux-x86_64-fedora-gcc
Version: 4.7.1
Check: tests
Result: ERROR
      Running 'testthat.R' [29s]
    Running the tests in 'tests/testthat.R' failed.
    Complete output:
      > library(testthat)
      > library(huxtable)
      > 
      > 
      > we_are_in_R_CMD_check <- TRUE
      > test_check("huxtable")
      -- 1. Failure: Quick output functions create files (@test-quick-output.R#33)  --
      `quick_pptx(m, dfr, ht, file = tf, open = FALSE)` produced warnings.
      
      == testthat results  ===========================================================
      [ OK: 897 | SKIPPED: 66 | WARNINGS: 1 | FAILED: 1 ]
      1. Failure: Quick output functions create files (@test-quick-output.R#33) 
      
      Error: testthat unit tests failed
      Execution halted
Flavor: r-devel-windows-ix86+x86_64
Version: 4.7.1
Check: tests
Result: ERROR
      Running ‘testthat.R’ [27s/29s]
    Running the tests in ‘tests/testthat.R’ failed.
    Complete output:
      > library(testthat)
      > library(huxtable)
      > 
      > 
      > we_are_in_R_CMD_check <- TRUE
      > test_check("huxtable")
      ── 1. Failure: Quick output functions create files (@test-quick-output.R#33)  ──
      `quick_pptx(m, dfr, ht, file = tf, open = FALSE)` produced warnings.
      
      [WARNING] This document format requires a nonempty <title> element.
        Defaulting to 'markdown-example6df32a68ae8f.utf8' as the title.
        To specify a title, use 'title' in metadata or --metadata title="...".
      [WARNING] This document format requires a nonempty <title> element.
        Defaulting to 'markdown-example6df34fb1fb.utf8' as the title.
        To specify a title, use 'title' in metadata or --metadata title="...".
      [WARNING] This document format requires a nonempty <title> element.
        Defaulting to 'markdown-example6df37aac7314.utf8' as the title.
        To specify a title, use 'title' in metadata or --metadata title="...".
      ══ testthat results  ═══════════════════════════════════════════════════════════
      [ OK: 898 | SKIPPED: 65 | WARNINGS: 1 | FAILED: 1 ]
      1. Failure: Quick output functions create files (@test-quick-output.R#33) 
      
      Error: testthat unit tests failed
      Execution halted
Flavor: r-patched-linux-x86_64
Version: 4.7.1
Check: tests
Result: ERROR
      Running ‘testthat.R’ [34s/45s]
    Running the tests in ‘tests/testthat.R’ failed.
    Complete output:
      > library(testthat)
      > library(huxtable)
      > 
      > 
      > we_are_in_R_CMD_check <- TRUE
      > test_check("huxtable")
      ── 1. Failure: Quick output functions create files (@test-quick-output.R#33)  ──
      `quick_pptx(m, dfr, ht, file = tf, open = FALSE)` produced warnings.
      
      ══ testthat results  ═══════════════════════════════════════════════════════════
      [ OK: 890 | SKIPPED: 60 | WARNINGS: 1 | FAILED: 1 ]
      1. Failure: Quick output functions create files (@test-quick-output.R#33) 
      
      Error: testthat unit tests failed
      Execution halted
Flavor: r-patched-solaris-x86
Version: 4.7.1
Check: tests
Result: ERROR
      Running ‘testthat.R’ [27s/30s]
    Running the tests in ‘tests/testthat.R’ failed.
    Complete output:
      > library(testthat)
      > library(huxtable)
      > 
      > 
      > we_are_in_R_CMD_check <- TRUE
      > test_check("huxtable")
      ── 1. Failure: Quick output functions create files (@test-quick-output.R#33)  ──
      `quick_pptx(m, dfr, ht, file = tf, open = FALSE)` produced warnings.
      
      [WARNING] This document format requires a nonempty <title> element.
        Defaulting to 'markdown-example18bd2b2a6e16.utf8' as the title.
        To specify a title, use 'title' in metadata or --metadata title="...".
      [WARNING] This document format requires a nonempty <title> element.
        Defaulting to 'markdown-example18bd4a8eb1b2.utf8' as the title.
        To specify a title, use 'title' in metadata or --metadata title="...".
      [WARNING] This document format requires a nonempty <title> element.
        Defaulting to 'markdown-example18bd6a1ea985.utf8' as the title.
        To specify a title, use 'title' in metadata or --metadata title="...".
      ══ testthat results  ═══════════════════════════════════════════════════════════
      [ OK: 898 | SKIPPED: 65 | WARNINGS: 1 | FAILED: 1 ]
      1. Failure: Quick output functions create files (@test-quick-output.R#33) 
      
      Error: testthat unit tests failed
      Execution halted
Flavor: r-release-linux-x86_64
Version: 4.7.1
Check: tests
Result: ERROR
      Running 'testthat.R' [22s]
    Running the tests in 'tests/testthat.R' failed.
    Complete output:
      > library(testthat)
      > library(huxtable)
      > 
      > 
      > we_are_in_R_CMD_check <- TRUE
      > test_check("huxtable")
      -- 1. Failure: Quick output functions create files (@test-quick-output.R#33)  --
      `quick_pptx(m, dfr, ht, file = tf, open = FALSE)` produced warnings.
      
      == testthat results  ===========================================================
      [ OK: 897 | SKIPPED: 66 | WARNINGS: 1 | FAILED: 1 ]
      1. Failure: Quick output functions create files (@test-quick-output.R#33) 
      
      Error: testthat unit tests failed
      Execution halted
Flavor: r-release-windows-ix86+x86_64
Version: 4.7.1
Check: tests
Result: ERROR
      Running 'testthat.R' [34s]
    Running the tests in 'tests/testthat.R' failed.
    Complete output:
      > library(testthat)
      > library(huxtable)
      > 
      > 
      > we_are_in_R_CMD_check <- TRUE
      > test_check("huxtable")
      -- 1. Failure: Quick output functions create files (@test-quick-output.R#33)  --
      `quick_pptx(m, dfr, ht, file = tf, open = FALSE)` produced warnings.
      
      == testthat results  ===========================================================
      [ OK: 897 | SKIPPED: 66 | WARNINGS: 1 | FAILED: 1 ]
      1. Failure: Quick output functions create files (@test-quick-output.R#33) 
      
      Error: testthat unit tests failed
      Execution halted
Flavor: r-oldrel-windows-ix86+x86_64