Last updated on 2020-08-07 10:49:44 CEST.
| Flavor | Version | Tinstall | Tcheck | Ttotal | Status | Flags | 
|---|---|---|---|---|---|---|
| r-devel-linux-x86_64-debian-clang | 1.1-4 | 2.88 | 26.75 | 29.63 | OK | |
| r-devel-linux-x86_64-debian-gcc | 1.1-4 | 2.48 | 21.02 | 23.50 | OK | |
| r-devel-linux-x86_64-fedora-clang | 1.1-4 | 44.04 | OK | |||
| r-devel-linux-x86_64-fedora-gcc | 1.1-4 | 35.04 | OK | |||
| r-devel-windows-ix86+x86_64 | 1.1-4 | 11.00 | 39.00 | 50.00 | OK | |
| r-patched-linux-x86_64 | 1.1-4 | 2.91 | 26.49 | 29.40 | OK | |
| r-patched-solaris-x86 | 1.1-4 | 55.10 | ERROR | |||
| r-release-linux-x86_64 | 1.1-4 | 2.93 | 27.23 | 30.16 | OK | |
| r-release-macos-x86_64 | 1.1-4 | OK | ||||
| r-release-windows-ix86+x86_64 | 1.1-4 | 7.00 | 37.00 | 44.00 | OK | |
| r-oldrel-macos-x86_64 | 1.1-4 | OK | ||||
| r-oldrel-windows-ix86+x86_64 | 1.1-4 | 6.00 | 38.00 | 44.00 | OK | 
Version: 1.1-4
Check: examples
Result: ERROR
    Running examples in ‘icesVocab-Ex.R’ failed
    The error most likely occurred in:
    
    > ### Name: findAphia
    > ### Title: Find Aphia Code
    > ### Aliases: findAphia
    > 
    > ### ** Examples
    > 
    > findAphia("cod")
    Error in download.file(url, destfile = tmp, quiet = TRUE, method = "wget") : 
      'wget' call had nonzero exit status
    Calls: findAphia -> getCodeList -> readVocab -> download.file
    Execution halted
Flavor: r-patched-solaris-x86