Last updated on 2020-08-09 06:47:03 CEST.
| Flavor | Version | Tinstall | Tcheck | Ttotal | Status | Flags | 
|---|---|---|---|---|---|---|
| r-devel-linux-x86_64-debian-clang | 2.4.905 | 107.22 | 262.53 | 369.75 | ERROR | --no-vignettes | 
| r-devel-linux-x86_64-debian-gcc | 2.4.905 | 84.88 | 193.96 | 278.84 | ERROR | --no-vignettes | 
| r-devel-linux-x86_64-fedora-clang | 2.4.905 | 555.63 | ERROR | |||
| r-devel-linux-x86_64-fedora-gcc | 2.4.905 | 397.45 | ERROR | |||
| r-devel-windows-ix86+x86_64 | 2.4.905 | 240.00 | 614.00 | 854.00 | ERROR | |
| r-patched-linux-x86_64 | 2.4.905 | 70.06 | 252.66 | 322.72 | ERROR | --no-vignettes | 
| r-patched-solaris-x86 | 2.4.905 | 572.50 | ERROR | --no-vignettes | ||
| r-release-linux-x86_64 | 2.4.905 | 80.54 | 252.61 | 333.15 | ERROR | --no-vignettes | 
| r-release-macos-x86_64 | 2.4.905 | NOTE | ||||
| r-release-windows-ix86+x86_64 | 2.4.905 | 288.00 | 621.00 | 909.00 | ERROR | |
| r-oldrel-macos-x86_64 | 2.4.905 | NOTE | ||||
| r-oldrel-windows-ix86+x86_64 | 2.4.905 | 195.00 | 444.00 | 639.00 | ERROR | 
Version: 2.4.905
Flags: --no-vignettes
Check: tests
Result: ERROR
      Running 'testthat.R' [22s/24s]
    Running the tests in 'tests/testthat.R' failed.
    Complete output:
      > library(testthat)
      > library(strataG)
      > 
      > test_check("strataG")
      -- 1. Error: statFst equals fstat (@test-popStructStats.R#5)  ------------------
      'fstat' is not an exported object from 'namespace:hierfstat'
      Backtrace:
       1. base::unname(...)
       2. hierfstat::fstat
       3. base::getExportedValue(pkg, name)
      
      == testthat results  ===========================================================
      [ OK: 111 | SKIPPED: 0 | WARNINGS: 5 | FAILED: 1 ]
      1. Error: statFst equals fstat (@test-popStructStats.R#5) 
      
      Error: testthat unit tests failed
      Execution halted
Flavor: r-devel-linux-x86_64-debian-clang
Version: 2.4.905
Flags: --no-vignettes
Check: tests
Result: ERROR
      Running ‘testthat.R’ [15s/23s]
    Running the tests in ‘tests/testthat.R’ failed.
    Complete output:
      > library(testthat)
      > library(strataG)
      > 
      > test_check("strataG")
      ── 1. Error: statFst equals fstat (@test-popStructStats.R#5)  ──────────────────
      'fstat' is not an exported object from 'namespace:hierfstat'
      Backtrace:
       1. base::unname(...)
       2. hierfstat::fstat
       3. base::getExportedValue(pkg, name)
      
      ══ testthat results  ═══════════════════════════════════════════════════════════
      [ OK: 111 | SKIPPED: 0 | WARNINGS: 5 | FAILED: 1 ]
      1. Error: statFst equals fstat (@test-popStructStats.R#5) 
      
      Error: testthat unit tests failed
      Execution halted
Flavor: r-devel-linux-x86_64-debian-gcc
Version: 2.4.905
Check: package dependencies
Result: NOTE
    Imports includes 24 non-default packages.
    Importing from so many packages makes the package vulnerable to any of
    them becoming unavailable.  Move as many as possible to Suggests and
    use conditionally.
Flavor: r-devel-linux-x86_64-fedora-clang
Version: 2.4.905
Check: installed package size
Result: NOTE
      installed size is  6.3Mb
      sub-directories of 1Mb or more:
        libs   3.6Mb
Flavors: r-devel-linux-x86_64-fedora-clang, r-devel-windows-ix86+x86_64, r-release-macos-x86_64, r-release-windows-ix86+x86_64
Version: 2.4.905
Check: dependencies in R code
Result: NOTE
    Namespaces in Imports field not imported from:
      ‘DT’ ‘Hmisc’ ‘RColorBrewer’ ‘Rcpp’ ‘readr’
      All declared Imports should be used.
Flavors: r-devel-linux-x86_64-fedora-clang, r-devel-linux-x86_64-fedora-gcc, r-release-macos-x86_64, r-oldrel-macos-x86_64
Version: 2.4.905
Check: tests
Result: ERROR
      Running ‘testthat.R’ [25s/31s]
    Running the tests in ‘tests/testthat.R’ failed.
    Complete output:
      > library(testthat)
      > library(strataG)
      > 
      > test_check("strataG")
      ── 1. Error: statFst equals fstat (@test-popStructStats.R#5)  ──────────────────
      'fstat' is not an exported object from 'namespace:hierfstat'
      Backtrace:
       1. base::unname(...)
       2. hierfstat::fstat
       3. base::getExportedValue(pkg, name)
      
      ══ testthat results  ═══════════════════════════════════════════════════════════
      [ OK: 111 | SKIPPED: 0 | WARNINGS: 5 | FAILED: 1 ]
      1. Error: statFst equals fstat (@test-popStructStats.R#5) 
      
      Error: testthat unit tests failed
      Execution halted
Flavor: r-devel-linux-x86_64-fedora-clang
Version: 2.4.905
Check: tests
Result: ERROR
      Running ‘testthat.R’ [12s/12s]
    Running the tests in ‘tests/testthat.R’ failed.
    Complete output:
      > library(testthat)
      > library(strataG)
      > 
      > test_check("strataG")
      ── 1. Error: statFst equals fstat (@test-popStructStats.R#5)  ──────────────────
      'fstat' is not an exported object from 'namespace:hierfstat'
      Backtrace:
       1. base::unname(...)
       2. hierfstat::fstat
       3. base::getExportedValue(pkg, name)
      
      ══ testthat results  ═══════════════════════════════════════════════════════════
      [ OK: 111 | SKIPPED: 0 | WARNINGS: 5 | FAILED: 1 ]
      1. Error: statFst equals fstat (@test-popStructStats.R#5) 
      
      Error: testthat unit tests failed
      Execution halted
Flavor: r-devel-linux-x86_64-fedora-gcc
Version: 2.4.905
Check: running tests for arch ‘i386’
Result: ERROR
      Running 'testthat.R' [25s]
    Running the tests in 'tests/testthat.R' failed.
    Complete output:
      > library(testthat)
      > library(strataG)
      > 
      > test_check("strataG")
      -- 1. Error: statFst equals fstat (@test-popStructStats.R#5)  ------------------
      'fstat' is not an exported object from 'namespace:hierfstat'
      Backtrace:
       1. base::unname(...)
       2. hierfstat::fstat
       3. base::getExportedValue(pkg, name)
      
      == testthat results  ===========================================================
      [ OK: 111 | SKIPPED: 0 | WARNINGS: 5 | FAILED: 1 ]
      1. Error: statFst equals fstat (@test-popStructStats.R#5) 
      
      Error: testthat unit tests failed
      Execution halted
Flavor: r-devel-windows-ix86+x86_64
Version: 2.4.905
Check: running tests for arch ‘x64’
Result: ERROR
      Running 'testthat.R' [26s]
    Running the tests in 'tests/testthat.R' failed.
    Complete output:
      > library(testthat)
      > library(strataG)
      > 
      > test_check("strataG")
      -- 1. Error: statFst equals fstat (@test-popStructStats.R#5)  ------------------
      'fstat' is not an exported object from 'namespace:hierfstat'
      Backtrace:
       1. base::unname(...)
       2. hierfstat::fstat
       3. base::getExportedValue(pkg, name)
      
      == testthat results  ===========================================================
      [ OK: 111 | SKIPPED: 0 | WARNINGS: 5 | FAILED: 1 ]
      1. Error: statFst equals fstat (@test-popStructStats.R#5) 
      
      Error: testthat unit tests failed
      Execution halted
Flavors: r-devel-windows-ix86+x86_64, r-release-windows-ix86+x86_64
Version: 2.4.905
Flags: --no-vignettes
Check: tests
Result: ERROR
      Running ‘testthat.R’ [21s/24s]
    Running the tests in ‘tests/testthat.R’ failed.
    Complete output:
      > library(testthat)
      > library(strataG)
      > 
      > test_check("strataG")
      ── 1. Error: statFst equals fstat (@test-popStructStats.R#5)  ──────────────────
      'fstat' is not an exported object from 'namespace:hierfstat'
      Backtrace:
       1. base::unname(...)
       2. hierfstat::fstat
       3. base::getExportedValue(pkg, name)
      
      ══ testthat results  ═══════════════════════════════════════════════════════════
      [ OK: 111 | SKIPPED: 0 | WARNINGS: 5 | FAILED: 1 ]
      1. Error: statFst equals fstat (@test-popStructStats.R#5) 
      
      Error: testthat unit tests failed
      Execution halted
Flavor: r-patched-linux-x86_64
Version: 2.4.905
Flags: --no-vignettes
Check: dependencies in R code
Result: NOTE
    Namespaces in Imports field not imported from:
      ‘DT’ ‘Hmisc’ ‘RColorBrewer’ ‘Rcpp’ ‘readr’
      All declared Imports should be used.
Flavor: r-patched-solaris-x86
Version: 2.4.905
Flags: --no-vignettes
Check: tests
Result: ERROR
      Running ‘testthat.R’ [31s/40s]
    Running the tests in ‘tests/testthat.R’ failed.
    Complete output:
      > library(testthat)
      > library(strataG)
      > 
      > test_check("strataG")
      ── 1. Error: statFst equals fstat (@test-popStructStats.R#5)  ──────────────────
      'fstat' is not an exported object from 'namespace:hierfstat'
      Backtrace:
       1. base::unname(...)
       2. hierfstat::fstat
       3. base::getExportedValue(pkg, name)
      
      ══ testthat results  ═══════════════════════════════════════════════════════════
      [ OK: 111 | SKIPPED: 0 | WARNINGS: 5 | FAILED: 1 ]
      1. Error: statFst equals fstat (@test-popStructStats.R#5) 
      
      Error: testthat unit tests failed
      Execution halted
Flavor: r-patched-solaris-x86
Version: 2.4.905
Flags: --no-vignettes
Check: tests
Result: ERROR
      Running ‘testthat.R’ [22s/24s]
    Running the tests in ‘tests/testthat.R’ failed.
    Complete output:
      > library(testthat)
      > library(strataG)
      > 
      > test_check("strataG")
      ── 1. Error: statFst equals fstat (@test-popStructStats.R#5)  ──────────────────
      'fstat' is not an exported object from 'namespace:hierfstat'
      Backtrace:
       1. base::unname(...)
       2. hierfstat::fstat
       3. base::getExportedValue(pkg, name)
      
      ══ testthat results  ═══════════════════════════════════════════════════════════
      [ OK: 111 | SKIPPED: 0 | WARNINGS: 5 | FAILED: 1 ]
      1. Error: statFst equals fstat (@test-popStructStats.R#5) 
      
      Error: testthat unit tests failed
      Execution halted
Flavor: r-release-linux-x86_64
Version: 2.4.905
Check: running tests for arch ‘i386’
Result: ERROR
      Running 'testthat.R' [23s]
    Running the tests in 'tests/testthat.R' failed.
    Complete output:
      > library(testthat)
      > library(strataG)
      > 
      > test_check("strataG")
      -- 1. Error: statFst equals fstat (@test-popStructStats.R#5)  ------------------
      'fstat' is not an exported object from 'namespace:hierfstat'
      Backtrace:
       1. base::unname(...)
       2. hierfstat::fstat
       3. base::getExportedValue(pkg, name)
      
      == testthat results  ===========================================================
      [ OK: 111 | SKIPPED: 0 | WARNINGS: 5 | FAILED: 1 ]
      1. Error: statFst equals fstat (@test-popStructStats.R#5) 
      
      Error: testthat unit tests failed
      Execution halted
Flavor: r-release-windows-ix86+x86_64
Version: 2.4.905
Check: running tests for arch ‘i386’
Result: ERROR
      Running 'testthat.R' [17s]
    Running the tests in 'tests/testthat.R' failed.
    Complete output:
      > library(testthat)
      > library(strataG)
      > 
      > test_check("strataG")
      -- 1. Error: statFst equals fstat (@test-popStructStats.R#5)  ------------------
      'fstat' is not an exported object from 'namespace:hierfstat'
      Backtrace:
       1. base::unname(...)
       2. hierfstat::fstat
       3. base::getExportedValue(pkg, name)
      
      == testthat results  ===========================================================
      [ OK: 111 | SKIPPED: 0 | WARNINGS: 5 | FAILED: 1 ]
      1. Error: statFst equals fstat (@test-popStructStats.R#5) 
      
      Error: testthat unit tests failed
      Execution halted
Flavor: r-oldrel-windows-ix86+x86_64
Version: 2.4.905
Check: running tests for arch ‘x64’
Result: ERROR
      Running 'testthat.R' [17s]
    Running the tests in 'tests/testthat.R' failed.
    Complete output:
      > library(testthat)
      > library(strataG)
      > 
      > test_check("strataG")
      -- 1. Error: statFst equals fstat (@test-popStructStats.R#5)  ------------------
      'fstat' is not an exported object from 'namespace:hierfstat'
      Backtrace:
       1. base::unname(...)
       2. hierfstat::fstat
       3. base::getExportedValue(pkg, name)
      
      == testthat results  ===========================================================
      [ OK: 111 | SKIPPED: 0 | WARNINGS: 5 | FAILED: 1 ]
      1. Error: statFst equals fstat (@test-popStructStats.R#5) 
      
      Error: testthat unit tests failed
      Execution halted
Flavor: r-oldrel-windows-ix86+x86_64