Last updated on 2020-08-14 05:49:32 CEST.
| Flavor | Version | Tinstall | Tcheck | Ttotal | Status | Flags | 
|---|---|---|---|---|---|---|
| r-devel-linux-x86_64-debian-clang | 0.2.3.1 | 3.33 | 30.31 | 33.64 | ERROR | |
| r-devel-linux-x86_64-debian-gcc | 0.2.3.1 | 2.95 | 24.00 | 26.95 | ERROR | |
| r-devel-linux-x86_64-fedora-clang | 0.2.3.1 | 48.79 | ERROR | |||
| r-devel-linux-x86_64-fedora-gcc | 0.2.3.1 | 40.10 | ERROR | |||
| r-devel-windows-ix86+x86_64 | 0.2.3.1 | 14.00 | 67.00 | 81.00 | ERROR | |
| r-patched-linux-x86_64 | 0.2.3.1 | 3.37 | 30.05 | 33.42 | ERROR | |
| r-patched-solaris-x86 | 0.2.3.1 | 66.20 | ERROR | |||
| r-release-linux-x86_64 | 0.2.3.1 | 3.28 | 30.13 | 33.41 | ERROR | |
| r-release-macos-x86_64 | 0.2.3.1 | NOTE | ||||
| r-release-windows-ix86+x86_64 | 0.2.3.1 | 11.00 | 78.00 | 89.00 | ERROR | |
| r-oldrel-macos-x86_64 | 0.2.3.1 | NOTE | ||||
| r-oldrel-windows-ix86+x86_64 | 0.2.3.1 | 6.00 | 67.00 | 73.00 | ERROR | 
Version: 0.2.3.1
Check: tests
Result: ERROR
      Running 'testthat.R' [4s/13s]
    Running the tests in 'tests/testthat.R' failed.
    Complete output:
      > library(testthat)
      > library(HURDAT)
      > 
      > test_check("HURDAT")
      -- 1. Error: Test AL (@test-hurdat.R#34)  --------------------------------------
      invalid regular expression '([:alpha:]{2}[:digit:]{6}),\s+([[:upper:][:digit:]-]+)\s*,\s+([:digit:]+),'
      Backtrace:
       1. HURDAT::get_hurdat("AL")
       2. HURDAT:::parse_hurdat(txt)
       4. tidyr:::extract.data.frame(...)
       5. tidyr:::str_extract(value, into = into, regex = regex, convert = convert)
       6. tidyr:::str_match_first(x, regex)
       7. base::regexpr(regex, string, perl = TRUE)
      
      -- 2. Error: Test EP HURDAT (@test-hurdat.R#77)  -------------------------------
      invalid regular expression '([:alpha:]{2}[:digit:]{6}),\s+([[:upper:][:digit:]-]+)\s*,\s+([:digit:]+),'
      Backtrace:
       1. HURDAT::get_hurdat("EP")
       2. HURDAT:::parse_hurdat(txt)
       4. tidyr:::extract.data.frame(...)
       5. tidyr:::str_extract(value, into = into, regex = regex, convert = convert)
       6. tidyr:::str_match_first(x, regex)
       7. base::regexpr(regex, string, perl = TRUE)
      
      -- 3. Error: tests_no_errors (@test-hurdat.R#142)  -----------------------------
      invalid regular expression '([:alpha:]{2}[:digit:]{6}),\s+([[:upper:][:digit:]-]+)\s*,\s+([:digit:]+),'
      Backtrace:
       1. HURDAT:::parse_hurdat(txt)
       3. tidyr:::extract.data.frame(...)
       4. tidyr:::str_extract(value, into = into, regex = regex, convert = convert)
       5. tidyr:::str_match_first(x, regex)
       6. base::regexpr(regex, string, perl = TRUE)
      
      == testthat results  ===========================================================
      [ OK: 3 | SKIPPED: 0 | WARNINGS: 3 | FAILED: 3 ]
      1. Error: Test AL (@test-hurdat.R#34) 
      2. Error: Test EP HURDAT (@test-hurdat.R#77) 
      3. Error: tests_no_errors (@test-hurdat.R#142) 
      
      Error: testthat unit tests failed
      Execution halted
Flavor: r-devel-linux-x86_64-debian-clang
Version: 0.2.3.1
Check: tests
Result: ERROR
      Running ‘testthat.R’ [3s/12s]
    Running the tests in ‘tests/testthat.R’ failed.
    Complete output:
      > library(testthat)
      > library(HURDAT)
      > 
      > test_check("HURDAT")
      ── 1. Error: Test AL (@test-hurdat.R#34)  ──────────────────────────────────────
      invalid regular expression '([:alpha:]{2}[:digit:]{6}),\s+([[:upper:][:digit:]-]+)\s*,\s+([:digit:]+),'
      Backtrace:
       1. HURDAT::get_hurdat("AL")
       2. HURDAT:::parse_hurdat(txt)
       4. tidyr:::extract.data.frame(...)
       5. tidyr:::str_extract(value, into = into, regex = regex, convert = convert)
       6. tidyr:::str_match_first(x, regex)
       7. base::regexpr(regex, string, perl = TRUE)
      
      ── 2. Error: Test EP HURDAT (@test-hurdat.R#77)  ───────────────────────────────
      invalid regular expression '([:alpha:]{2}[:digit:]{6}),\s+([[:upper:][:digit:]-]+)\s*,\s+([:digit:]+),'
      Backtrace:
       1. HURDAT::get_hurdat("EP")
       2. HURDAT:::parse_hurdat(txt)
       4. tidyr:::extract.data.frame(...)
       5. tidyr:::str_extract(value, into = into, regex = regex, convert = convert)
       6. tidyr:::str_match_first(x, regex)
       7. base::regexpr(regex, string, perl = TRUE)
      
      ── 3. Error: tests_no_errors (@test-hurdat.R#142)  ─────────────────────────────
      invalid regular expression '([:alpha:]{2}[:digit:]{6}),\s+([[:upper:][:digit:]-]+)\s*,\s+([:digit:]+),'
      Backtrace:
       1. HURDAT:::parse_hurdat(txt)
       3. tidyr:::extract.data.frame(...)
       4. tidyr:::str_extract(value, into = into, regex = regex, convert = convert)
       5. tidyr:::str_match_first(x, regex)
       6. base::regexpr(regex, string, perl = TRUE)
      
      ══ testthat results  ═══════════════════════════════════════════════════════════
      [ OK: 3 | SKIPPED: 0 | WARNINGS: 3 | FAILED: 3 ]
      1. Error: Test AL (@test-hurdat.R#34) 
      2. Error: Test EP HURDAT (@test-hurdat.R#77) 
      3. Error: tests_no_errors (@test-hurdat.R#142) 
      
      Error: testthat unit tests failed
      Execution halted
Flavor: r-devel-linux-x86_64-debian-gcc
Version: 0.2.3.1
Check: dependencies in R code
Result: NOTE
    Namespaces in Imports field not imported from:
      ‘rvest’ ‘xml2’
      All declared Imports should be used.
Flavors: r-devel-linux-x86_64-fedora-clang, r-devel-linux-x86_64-fedora-gcc, r-patched-solaris-x86, r-release-macos-x86_64, r-oldrel-macos-x86_64
Version: 0.2.3.1
Check: tests
Result: ERROR
      Running ‘testthat.R’ [5s/11s]
    Running the tests in ‘tests/testthat.R’ failed.
    Complete output:
      > library(testthat)
      > library(HURDAT)
      > 
      > test_check("HURDAT")
      ── 1. Error: Test AL (@test-hurdat.R#34)  ──────────────────────────────────────
      invalid regular expression '([:alpha:]{2}[:digit:]{6}),\s+([[:upper:][:digit:]-]+)\s*,\s+([:digit:]+),'
      Backtrace:
       1. HURDAT::get_hurdat("AL")
       2. HURDAT:::parse_hurdat(txt)
       4. tidyr:::extract.data.frame(...)
       5. tidyr:::str_extract(value, into = into, regex = regex, convert = convert)
       6. tidyr:::str_match_first(x, regex)
       7. base::regexpr(regex, string, perl = TRUE)
      
      ── 2. Error: Test EP HURDAT (@test-hurdat.R#77)  ───────────────────────────────
      invalid regular expression '([:alpha:]{2}[:digit:]{6}),\s+([[:upper:][:digit:]-]+)\s*,\s+([:digit:]+),'
      Backtrace:
       1. HURDAT::get_hurdat("EP")
       2. HURDAT:::parse_hurdat(txt)
       4. tidyr:::extract.data.frame(...)
       5. tidyr:::str_extract(value, into = into, regex = regex, convert = convert)
       6. tidyr:::str_match_first(x, regex)
       7. base::regexpr(regex, string, perl = TRUE)
      
      ── 3. Error: tests_no_errors (@test-hurdat.R#142)  ─────────────────────────────
      invalid regular expression '([:alpha:]{2}[:digit:]{6}),\s+([[:upper:][:digit:]-]+)\s*,\s+([:digit:]+),'
      Backtrace:
       1. HURDAT:::parse_hurdat(txt)
       3. tidyr:::extract.data.frame(...)
       4. tidyr:::str_extract(value, into = into, regex = regex, convert = convert)
       5. tidyr:::str_match_first(x, regex)
       6. base::regexpr(regex, string, perl = TRUE)
      
      ══ testthat results  ═══════════════════════════════════════════════════════════
      [ OK: 3 | SKIPPED: 0 | WARNINGS: 3 | FAILED: 3 ]
      1. Error: Test AL (@test-hurdat.R#34) 
      2. Error: Test EP HURDAT (@test-hurdat.R#77) 
      3. Error: tests_no_errors (@test-hurdat.R#142) 
      
      Error: testthat unit tests failed
      Execution halted
Flavors: r-devel-linux-x86_64-fedora-clang, r-devel-linux-x86_64-fedora-gcc
Version: 0.2.3.1
Check: tests
Result: ERROR
      Running 'testthat.R' [12s]
    Running the tests in 'tests/testthat.R' failed.
    Complete output:
      > library(testthat)
      > library(HURDAT)
      > 
      > test_check("HURDAT")
      -- 1. Error: Test AL (@test-hurdat.R#34)  --------------------------------------
      invalid regular expression '([:alpha:]{2}[:digit:]{6}),\s+([[:upper:][:digit:]-]+)\s*,\s+([:digit:]+),'
      Backtrace:
       1. HURDAT::get_hurdat("AL")
       2. HURDAT:::parse_hurdat(txt)
       4. tidyr:::extract.data.frame(...)
       5. tidyr:::str_extract(value, into = into, regex = regex, convert = convert)
       6. tidyr:::str_match_first(x, regex)
       7. base::regexpr(regex, string, perl = TRUE)
      
      -- 2. Error: Test EP HURDAT (@test-hurdat.R#77)  -------------------------------
      invalid regular expression '([:alpha:]{2}[:digit:]{6}),\s+([[:upper:][:digit:]-]+)\s*,\s+([:digit:]+),'
      Backtrace:
       1. HURDAT::get_hurdat("EP")
       2. HURDAT:::parse_hurdat(txt)
       4. tidyr:::extract.data.frame(...)
       5. tidyr:::str_extract(value, into = into, regex = regex, convert = convert)
       6. tidyr:::str_match_first(x, regex)
       7. base::regexpr(regex, string, perl = TRUE)
      
      -- 3. Error: tests_no_errors (@test-hurdat.R#142)  -----------------------------
      invalid regular expression '([:alpha:]{2}[:digit:]{6}),\s+([[:upper:][:digit:]-]+)\s*,\s+([:digit:]+),'
      Backtrace:
       1. HURDAT:::parse_hurdat(txt)
       3. tidyr:::extract.data.frame(...)
       4. tidyr:::str_extract(value, into = into, regex = regex, convert = convert)
       5. tidyr:::str_match_first(x, regex)
       6. base::regexpr(regex, string, perl = TRUE)
      
      == testthat results  ===========================================================
      [ OK: 3 | SKIPPED: 0 | WARNINGS: 3 | FAILED: 3 ]
      1. Error: Test AL (@test-hurdat.R#34) 
      2. Error: Test EP HURDAT (@test-hurdat.R#77) 
      3. Error: tests_no_errors (@test-hurdat.R#142) 
      
      Error: testthat unit tests failed
      Execution halted
Flavors: r-devel-windows-ix86+x86_64, r-release-windows-ix86+x86_64
Version: 0.2.3.1
Check: tests
Result: ERROR
      Running ‘testthat.R’ [4s/13s]
    Running the tests in ‘tests/testthat.R’ failed.
    Complete output:
      > library(testthat)
      > library(HURDAT)
      > 
      > test_check("HURDAT")
      ── 1. Error: Test AL (@test-hurdat.R#34)  ──────────────────────────────────────
      invalid regular expression '([:alpha:]{2}[:digit:]{6}),\s+([[:upper:][:digit:]-]+)\s*,\s+([:digit:]+),'
      Backtrace:
       1. HURDAT::get_hurdat("AL")
       2. HURDAT:::parse_hurdat(txt)
       4. tidyr:::extract.data.frame(...)
       5. tidyr:::str_extract(value, into = into, regex = regex, convert = convert)
       6. tidyr:::str_match_first(x, regex)
       7. base::regexpr(regex, string, perl = TRUE)
      
      ── 2. Error: Test EP HURDAT (@test-hurdat.R#77)  ───────────────────────────────
      invalid regular expression '([:alpha:]{2}[:digit:]{6}),\s+([[:upper:][:digit:]-]+)\s*,\s+([:digit:]+),'
      Backtrace:
       1. HURDAT::get_hurdat("EP")
       2. HURDAT:::parse_hurdat(txt)
       4. tidyr:::extract.data.frame(...)
       5. tidyr:::str_extract(value, into = into, regex = regex, convert = convert)
       6. tidyr:::str_match_first(x, regex)
       7. base::regexpr(regex, string, perl = TRUE)
      
      ── 3. Error: tests_no_errors (@test-hurdat.R#142)  ─────────────────────────────
      invalid regular expression '([:alpha:]{2}[:digit:]{6}),\s+([[:upper:][:digit:]-]+)\s*,\s+([:digit:]+),'
      Backtrace:
       1. HURDAT:::parse_hurdat(txt)
       3. tidyr:::extract.data.frame(...)
       4. tidyr:::str_extract(value, into = into, regex = regex, convert = convert)
       5. tidyr:::str_match_first(x, regex)
       6. base::regexpr(regex, string, perl = TRUE)
      
      ══ testthat results  ═══════════════════════════════════════════════════════════
      [ OK: 3 | SKIPPED: 0 | WARNINGS: 3 | FAILED: 3 ]
      1. Error: Test AL (@test-hurdat.R#34) 
      2. Error: Test EP HURDAT (@test-hurdat.R#77) 
      3. Error: tests_no_errors (@test-hurdat.R#142) 
      
      Error: testthat unit tests failed
      Execution halted
Flavors: r-patched-linux-x86_64, r-release-linux-x86_64
Version: 0.2.3.1
Check: tests
Result: ERROR
      Running ‘testthat.R’ [7s/65s]
    Running the tests in ‘tests/testthat.R’ failed.
    Complete output:
      > library(testthat)
      > library(HURDAT)
      > 
      > test_check("HURDAT")
      ── 1. Error: Test AL (@test-hurdat.R#34)  ──────────────────────────────────────
      invalid regular expression '([:alpha:]{2}[:digit:]{6}),\s+([[:upper:][:digit:]-]+)\s*,\s+([:digit:]+),'
      Backtrace:
       1. HURDAT::get_hurdat("AL")
       2. HURDAT:::parse_hurdat(txt)
       4. tidyr:::extract.data.frame(...)
       5. tidyr:::str_extract(value, into = into, regex = regex, convert = convert)
       6. tidyr:::str_match_first(x, regex)
       7. base::regexpr(regex, string, perl = TRUE)
      
      ── 2. Error: Test EP HURDAT (@test-hurdat.R#77)  ───────────────────────────────
      invalid regular expression '([:alpha:]{2}[:digit:]{6}),\s+([[:upper:][:digit:]-]+)\s*,\s+([:digit:]+),'
      Backtrace:
       1. HURDAT::get_hurdat("EP")
       2. HURDAT:::parse_hurdat(txt)
       4. tidyr:::extract.data.frame(...)
       5. tidyr:::str_extract(value, into = into, regex = regex, convert = convert)
       6. tidyr:::str_match_first(x, regex)
       7. base::regexpr(regex, string, perl = TRUE)
      
      ── 3. Error: tests_no_errors (@test-hurdat.R#142)  ─────────────────────────────
      invalid regular expression '([:alpha:]{2}[:digit:]{6}),\s+([[:upper:][:digit:]-]+)\s*,\s+([:digit:]+),'
      Backtrace:
       1. HURDAT:::parse_hurdat(txt)
       3. tidyr:::extract.data.frame(...)
       4. tidyr:::str_extract(value, into = into, regex = regex, convert = convert)
       5. tidyr:::str_match_first(x, regex)
       6. base::regexpr(regex, string, perl = TRUE)
      
      ══ testthat results  ═══════════════════════════════════════════════════════════
      [ OK: 3 | SKIPPED: 0 | WARNINGS: 3 | FAILED: 3 ]
      1. Error: Test AL (@test-hurdat.R#34) 
      2. Error: Test EP HURDAT (@test-hurdat.R#77) 
      3. Error: tests_no_errors (@test-hurdat.R#142) 
      
      Error: testthat unit tests failed
      Execution halted
Flavor: r-patched-solaris-x86
Version: 0.2.3.1
Check: tests
Result: ERROR
      Running 'testthat.R' [11s]
    Running the tests in 'tests/testthat.R' failed.
    Complete output:
      > library(testthat)
      > library(HURDAT)
      > 
      > test_check("HURDAT")
      -- 1. Error: Test AL (@test-hurdat.R#34)  --------------------------------------
      invalid regular expression '([:alpha:]{2}[:digit:]{6}),\s+([[:upper:][:digit:]-]+)\s*,\s+([:digit:]+),'
      Backtrace:
       1. HURDAT::get_hurdat("AL")
       2. HURDAT:::parse_hurdat(txt)
       4. tidyr:::extract.data.frame(...)
       5. tidyr:::str_extract(value, into = into, regex = regex, convert = convert)
       6. tidyr:::str_match_first(x, regex)
       7. base::regexpr(regex, string, perl = TRUE)
      
      -- 2. Error: Test EP HURDAT (@test-hurdat.R#77)  -------------------------------
      invalid regular expression '([:alpha:]{2}[:digit:]{6}),\s+([[:upper:][:digit:]-]+)\s*,\s+([:digit:]+),'
      Backtrace:
       1. HURDAT::get_hurdat("EP")
       2. HURDAT:::parse_hurdat(txt)
       4. tidyr:::extract.data.frame(...)
       5. tidyr:::str_extract(value, into = into, regex = regex, convert = convert)
       6. tidyr:::str_match_first(x, regex)
       7. base::regexpr(regex, string, perl = TRUE)
      
      -- 3. Error: tests_no_errors (@test-hurdat.R#142)  -----------------------------
      invalid regular expression '([:alpha:]{2}[:digit:]{6}),\s+([[:upper:][:digit:]-]+)\s*,\s+([:digit:]+),'
      Backtrace:
       1. HURDAT:::parse_hurdat(txt)
       3. tidyr:::extract.data.frame(...)
       4. tidyr:::str_extract(value, into = into, regex = regex, convert = convert)
       5. tidyr:::str_match_first(x, regex)
       6. base::regexpr(regex, string, perl = TRUE)
      
      == testthat results  ===========================================================
      [ OK: 3 | SKIPPED: 0 | WARNINGS: 3 | FAILED: 3 ]
      1. Error: Test AL (@test-hurdat.R#34) 
      2. Error: Test EP HURDAT (@test-hurdat.R#77) 
      3. Error: tests_no_errors (@test-hurdat.R#142) 
      
      Error: testthat unit tests failed
      Execution halted
Flavor: r-oldrel-windows-ix86+x86_64