Last updated on 2020-10-03 04:47:07 CEST.
| Flavor | Version | Tinstall | Tcheck | Ttotal | Status | Flags | 
|---|---|---|---|---|---|---|
| r-devel-linux-x86_64-debian-clang | 0.1-1 | 5.65 | 76.15 | 81.80 | OK | |
| r-devel-linux-x86_64-debian-gcc | 0.1-1 | 4.70 | 56.22 | 60.92 | OK | |
| r-devel-linux-x86_64-fedora-clang | 0.1-1 | 106.79 | NOTE | |||
| r-devel-linux-x86_64-fedora-gcc | 0.1-1 | 100.40 | OK | |||
| r-devel-windows-ix86+x86_64 | 0.1-1 | 16.00 | 108.00 | 124.00 | NOTE | |
| r-patched-linux-x86_64 | 0.1-1 | 5.86 | 70.26 | 76.12 | OK | |
| r-release-linux-x86_64 | 0.1-1 | 5.87 | 69.68 | 75.55 | OK | |
| r-release-macos-x86_64 | 0.1-1 | NOTE | ||||
| r-release-windows-ix86+x86_64 | 0.1-1 | 13.00 | 126.00 | 139.00 | NOTE | |
| r-oldrel-macos-x86_64 | 0.1-1 | NOTE | ||||
| r-oldrel-windows-ix86+x86_64 | 0.1-1 | 13.00 | 5.00 | 18.00 | ERROR | 
Version: 0.1-1
Check: installed package size
Result: NOTE
      installed size is  7.4Mb
      sub-directories of 1Mb or more:
        extdata   6.1Mb
Flavors: r-devel-linux-x86_64-fedora-clang, r-devel-windows-ix86+x86_64, r-release-macos-x86_64, r-release-windows-ix86+x86_64, r-oldrel-macos-x86_64
Version: 0.1-1
Check: package dependencies
Result: ERROR
    Package required and available but unsuitable version: 'rJava'
    
    See section 'The DESCRIPTION file' in the 'Writing R Extensions'
    manual.
Flavor: r-oldrel-windows-ix86+x86_64