Last updated on 2020-11-25 06:46:42 CET.
| Flavor | Version | Tinstall | Tcheck | Ttotal | Status | Flags | 
|---|---|---|---|---|---|---|
| r-devel-linux-x86_64-debian-clang | 0.7.1 | 8.03 | 158.33 | 166.36 | OK | |
| r-devel-linux-x86_64-debian-gcc | 0.7.1 | 7.13 | 118.14 | 125.27 | OK | |
| r-devel-linux-x86_64-fedora-clang | 0.7.1 | 201.72 | OK | |||
| r-devel-linux-x86_64-fedora-gcc | 0.7.1 | 190.70 | OK | |||
| r-devel-windows-ix86+x86_64 | 0.7.1 | 17.00 | 213.00 | 230.00 | OK | |
| r-patched-linux-x86_64 | 0.7.1 | 8.75 | 153.04 | 161.79 | OK | |
| r-patched-solaris-x86 | 0.7.1 | 263.40 | NOTE | |||
| r-release-linux-x86_64 | 0.7.1 | 6.59 | 153.95 | 160.54 | OK | |
| r-release-macos-x86_64 | 0.7.1 | OK | ||||
| r-release-windows-ix86+x86_64 | 0.7.1 | 20.00 | 208.00 | 228.00 | OK | |
| r-oldrel-macos-x86_64 | 0.7.1 | OK | ||||
| r-oldrel-windows-ix86+x86_64 | 0.7.1 | 11.00 | 158.00 | 169.00 | OK | 
Version: 0.7.1
Check: installed package size
Result: NOTE
      installed size is  5.4Mb
      sub-directories of 1Mb or more:
        doc    3.2Mb
        help   1.7Mb
Flavor: r-patched-solaris-x86