Last updated on 2018-02-21 09:50:25 CET.
| Flavor | Version | Tinstall | Tcheck | Ttotal | Status | Flags | 
|---|---|---|---|---|---|---|
| r-devel-linux-x86_64-debian-clang | 1.2 | 2.26 | 39.24 | 41.50 | OK | |
| r-devel-linux-x86_64-debian-gcc | 1.2 | 1.50 | 31.86 | 33.36 | OK | |
| r-devel-linux-x86_64-fedora-clang | 1.2 | 37.34 | WARN | |||
| r-devel-linux-x86_64-fedora-gcc | 1.2 | 36.06 | WARN | |||
| r-devel-windows-ix86+x86_64 | 1.2 | 5.00 | 55.00 | 60.00 | OK | |
| r-patched-linux-x86_64 | 1.2 | 1.59 | 44.58 | 46.17 | OK | |
| r-patched-solaris-x86 | 1.2 | 67.50 | OK | |||
| r-release-linux-x86_64 | 1.2 | 1.81 | 43.23 | 45.04 | OK | |
| r-release-windows-ix86+x86_64 | 1.2 | 4.00 | 84.00 | 88.00 | OK | |
| r-release-osx-x86_64 | 1.2 | NOTE | ||||
| r-oldrel-windows-ix86+x86_64 | 1.2 | 6.00 | 50.00 | 56.00 | WARN | |
| r-oldrel-osx-x86_64 | 1.1.0 | WARN | 
Version: 1.2
Check: package dependencies
Result: NOTE
    Package suggested but not available for checking: ‘BiocStyle’
Flavors: r-devel-linux-x86_64-fedora-clang, r-devel-linux-x86_64-fedora-gcc, r-release-osx-x86_64
Version: 1.2
Check: re-building of vignette outputs
Result: WARN
    Error in re-building vignettes:
      ...
    Error: processing vignette 'FM1_UsingFilematrices.Rmd' failed with diagnostics:
    there is no package called ‘BiocStyle’
    Execution halted
Flavors: r-devel-linux-x86_64-fedora-clang, r-devel-linux-x86_64-fedora-gcc
Version: 1.2
Check: re-building of vignette outputs
Result: WARN
    Error in re-building vignettes:
      ...
    Loading required namespace: RSQLite
    Error: processing vignette 'FM1_UsingFilematrices.Rmd' failed with diagnostics:
    path for html_dependency not found: 
    Execution halted
Flavor: r-oldrel-windows-ix86+x86_64
Version: 1.1.0
Check: re-building of vignette outputs
Result: WARN
    Error in re-building vignettes:
      ...
    Warning in (if (grepl("\\.[Rr]md$", file)) knit2html else if (grepl("\\.[Rr]rst$",  :
      It seems you should call rmarkdown::render() instead of knitr::knit2html() because Best_Prectices.Rmd appears to be an R Markdown v2 document.
    Quitting from lines 2-23 (Best_Prectices.Rmd) 
    Error: processing vignette 'Best_Prectices.Rmd' failed with diagnostics:
    could not find function "doc_date"
    Execution halted
Flavor: r-oldrel-osx-x86_64