Last updated on 2018-02-21 09:50:46 CET.
| Flavor | Version | Tinstall | Tcheck | Ttotal | Status | Flags | 
|---|---|---|---|---|---|---|
| r-devel-linux-x86_64-debian-clang | 1.2 | 2.15 | 32.00 | 34.15 | OK | |
| r-devel-linux-x86_64-debian-gcc | 1.2 | 1.59 | 24.72 | 26.31 | OK | |
| r-devel-linux-x86_64-fedora-clang | 1.2 | 31.41 | WARN | |||
| r-devel-linux-x86_64-fedora-gcc | 1.2 | 28.44 | WARN | |||
| r-devel-windows-ix86+x86_64 | 1.2 | 6.00 | 57.00 | 63.00 | OK | |
| r-patched-linux-x86_64 | 1.2 | 1.29 | 36.23 | 37.52 | OK | |
| r-patched-solaris-x86 | 1.2 | 98.80 | OK | |||
| r-release-linux-x86_64 | 1.2 | 1.10 | 35.85 | 36.95 | OK | |
| r-release-windows-ix86+x86_64 | 1.2 | 11.00 | 78.00 | 89.00 | OK | |
| r-release-osx-x86_64 | 1.2 | NOTE | ||||
| r-oldrel-windows-ix86+x86_64 | 1.2 | 11.00 | 85.00 | 96.00 | WARN | 
Version: 1.2
Check: package dependencies
Result: NOTE
    Package suggested but not available for checking: ‘BiocStyle’
Flavors: r-devel-linux-x86_64-fedora-clang, r-devel-linux-x86_64-fedora-gcc, r-release-osx-x86_64
Version: 1.2
Check: re-building of vignette outputs
Result: WARN
    Error in re-building vignettes:
      ...
    Error: processing vignette 'intro.Rmd' failed with diagnostics:
    there is no package called ‘BiocStyle’
    Execution halted
Flavors: r-devel-linux-x86_64-fedora-clang, r-devel-linux-x86_64-fedora-gcc
Version: 1.2
Check: re-building of vignette outputs
Result: WARN
    Error in re-building vignettes:
      ...
    Error: processing vignette 'intro.Rmd' failed with diagnostics:
    path for html_dependency not found: 
    Execution halted
Flavor: r-oldrel-windows-ix86+x86_64