Last updated on 2018-05-03 10:51:08 CEST.
| Flavor | Version | Tinstall | Tcheck | Ttotal | Status | Flags | 
|---|---|---|---|---|---|---|
| r-devel-linux-x86_64-debian-clang | 0.8-11 | 6.66 | 35.32 | 41.98 | WARN | |
| r-devel-linux-x86_64-debian-gcc | 0.8-11 | 5.17 | 29.71 | 34.88 | WARN | |
| r-devel-linux-x86_64-fedora-clang | 0.8-11 | 54.36 | WARN | |||
| r-devel-linux-x86_64-fedora-gcc | 0.8-11 | 51.14 | WARN | |||
| r-devel-windows-ix86+x86_64 | 0.8-11 | 25.00 | 58.00 | 83.00 | WARN | |
| r-patched-linux-x86_64 | 0.8-11 | 5.73 | 36.67 | 42.40 | WARN | |
| r-patched-solaris-x86 | 0.8-11 | 71.90 | WARN | |||
| r-release-linux-x86_64 | 0.8-11 | 7.29 | 36.49 | 43.78 | WARN | |
| r-release-windows-ix86+x86_64 | 0.8-11 | 25.00 | 58.00 | 83.00 | WARN | |
| r-release-osx-x86_64 | 0.8-11 | WARN | ||||
| r-oldrel-windows-ix86+x86_64 | 0.8-11 | 13.00 | 56.00 | 69.00 | OK | |
| r-oldrel-osx-x86_64 | 0.8-11 | OK | 
Version: 0.8-11
Check: whether package can be installed
Result: WARN
    Found the following significant warnings:
      Note: break used in wrong context: no loop is visible 
    See ‘/home/hornik/tmp/R.check/r-devel-clang/Work/PKGS/PSM.Rcheck/00install.out’ for details.
    Information on the location(s) of code generating the ‘Note’s can be
    obtained by re-running with environment variable R_KEEP_PKG_SOURCE set
    to ‘yes’.
Flavor: r-devel-linux-x86_64-debian-clang
Version: 0.8-11
Check: whether package can be installed
Result: WARN
    Found the following significant warnings:
      Note: break used in wrong context: no loop is visible 
    See ‘/home/hornik/tmp/R.check/r-devel-gcc/Work/PKGS/PSM.Rcheck/00install.out’ for details.
    Information on the location(s) of code generating the ‘Note’s can be
    obtained by re-running with environment variable R_KEEP_PKG_SOURCE set
    to ‘yes’.
Flavor: r-devel-linux-x86_64-debian-gcc
Version: 0.8-11
Check: whether package can be installed
Result: WARN
    Found the following significant warnings:
      Note: break used in wrong context: no loop is visible 
    See ‘/data/gannet/ripley/R/packages/tests-clang/PSM.Rcheck/00install.out’ for details.
    Information on the location(s) of code generating the ‘Note’s can be
    obtained by re-running with environment variable R_KEEP_PKG_SOURCE set
    to ‘yes’.
Flavor: r-devel-linux-x86_64-fedora-clang
Version: 0.8-11
Check: whether package can be installed
Result: WARN
    Found the following significant warnings:
      Note: break used in wrong context: no loop is visible 
    See ‘/data/gannet/ripley/R/packages/tests-devel/PSM.Rcheck/00install.out’ for details.
    Information on the location(s) of code generating the ‘Note’s can be
    obtained by re-running with environment variable R_KEEP_PKG_SOURCE set
    to ‘yes’.
Flavor: r-devel-linux-x86_64-fedora-gcc
Version: 0.8-11
Check: whether package can be installed
Result: WARN
    Found the following significant warnings:
      Note: break used in wrong context: no loop is visible 
    See 'd:/Rcompile/CRANpkg/local/3.5/PSM.Rcheck/00install.out' for details.
    Information on the location(s) of code generating the 'Note's can be
    obtained by re-running with environment variable R_KEEP_PKG_SOURCE set
    to 'yes'.
Flavors: r-devel-windows-ix86+x86_64, r-release-windows-ix86+x86_64
Version: 0.8-11
Check: whether package can be installed
Result: WARN
    Found the following significant warnings:
      Note: break used in wrong context: no loop is visible 
    See ‘/home/hornik/tmp/R.check/r-patched-gcc/Work/PKGS/PSM.Rcheck/00install.out’ for details.
    Information on the location(s) of code generating the ‘Note’s can be
    obtained by re-running with environment variable R_KEEP_PKG_SOURCE set
    to ‘yes’.
Flavor: r-patched-linux-x86_64
Version: 0.8-11
Check: whether package can be installed
Result: WARN
    Found the following significant warnings:
      Note: break used in wrong context: no loop is visible 
    See ‘/home/ripley/R/packages/tests32/PSM.Rcheck/00install.out’ for details.
    Information on the location(s) of code generating the ‘Note’s can be
    obtained by re-running with environment variable R_KEEP_PKG_SOURCE set
    to ‘yes’.
Flavor: r-patched-solaris-x86
Version: 0.8-11
Check: whether package can be installed
Result: WARN
    Found the following significant warnings:
      Note: break used in wrong context: no loop is visible 
    See ‘/home/hornik/tmp/R.check/r-release-gcc/Work/PKGS/PSM.Rcheck/00install.out’ for details.
    Information on the location(s) of code generating the ‘Note’s can be
    obtained by re-running with environment variable R_KEEP_PKG_SOURCE set
    to ‘yes’.
Flavor: r-release-linux-x86_64
Version: 0.8-11
Check: whether package can be installed
Result: WARN
    Found the following significant warnings:
      Note: break used in wrong context: no loop is visible 
    See ‘/Volumes/SSD-Data/Builds/R-dev-web/QA/Simon/packages/el-capitan-x86_64/results/3.5/PSM.Rcheck/00install.out’ for details.
    Information on the location(s) of code generating the ‘Note’s can be
    obtained by re-running with environment variable R_KEEP_PKG_SOURCE set
    to ‘yes’.
Flavor: r-release-osx-x86_64