Last updated on 2018-05-03 10:51:14 CEST.
| Flavor | Version | Tinstall | Tcheck | Ttotal | Status | Flags | 
|---|---|---|---|---|---|---|
| r-devel-linux-x86_64-debian-clang | 1.1 | 0.98 | 15.45 | 16.43 | WARN | |
| r-devel-linux-x86_64-debian-gcc | 1.1 | 0.70 | 13.84 | 14.54 | WARN | |
| r-devel-linux-x86_64-fedora-clang | 1.1 | 21.88 | WARN | |||
| r-devel-linux-x86_64-fedora-gcc | 1.1 | 20.34 | WARN | |||
| r-devel-windows-ix86+x86_64 | 1.1 | 4.00 | 28.00 | 32.00 | WARN | |
| r-patched-linux-x86_64 | 1.1 | 0.85 | 16.57 | 17.42 | WARN | |
| r-patched-solaris-x86 | 1.1 | 32.90 | WARN | |||
| r-release-linux-x86_64 | 1.1 | 0.58 | 16.29 | 16.87 | WARN | |
| r-release-windows-ix86+x86_64 | 1.1 | 4.00 | 28.00 | 32.00 | WARN | |
| r-release-osx-x86_64 | 1.1 | WARN | ||||
| r-oldrel-windows-ix86+x86_64 | 1.1 | 2.00 | 29.00 | 31.00 | NOTE | |
| r-oldrel-osx-x86_64 | 1.1 | NOTE | 
Version: 1.1
Check: whether package can be installed
Result: WARN
    Found the following significant warnings:
      Note: break used in wrong context: no loop is visible 
    See ‘/home/hornik/tmp/R.check/r-devel-clang/Work/PKGS/SAENET.Rcheck/00install.out’ for details.
    Information on the location(s) of code generating the ‘Note’s can be
    obtained by re-running with environment variable R_KEEP_PKG_SOURCE set
    to ‘yes’.
Flavor: r-devel-linux-x86_64-debian-clang
Version: 1.1
Check: R code for possible problems
Result: NOTE
    SAENET.nnet: no visible global function definition for ‘as.formula’
    SAENET.nnet: no visible global function definition for ‘rnorm’
    SAENET.train: no visible global function definition for ‘predict’
    Undefined global functions or variables:
      as.formula predict rnorm
    Consider adding
      importFrom("stats", "as.formula", "predict", "rnorm")
    to your NAMESPACE file.
Flavors: r-devel-linux-x86_64-debian-clang, r-devel-linux-x86_64-debian-gcc, r-devel-linux-x86_64-fedora-clang, r-devel-linux-x86_64-fedora-gcc, r-devel-windows-ix86+x86_64, r-patched-linux-x86_64, r-patched-solaris-x86, r-release-linux-x86_64, r-release-windows-ix86+x86_64, r-release-osx-x86_64, r-oldrel-windows-ix86+x86_64, r-oldrel-osx-x86_64
Version: 1.1
Check: whether package can be installed
Result: WARN
    Found the following significant warnings:
      Note: break used in wrong context: no loop is visible 
    See ‘/home/hornik/tmp/R.check/r-devel-gcc/Work/PKGS/SAENET.Rcheck/00install.out’ for details.
    Information on the location(s) of code generating the ‘Note’s can be
    obtained by re-running with environment variable R_KEEP_PKG_SOURCE set
    to ‘yes’.
Flavor: r-devel-linux-x86_64-debian-gcc
Version: 1.1
Check: whether package can be installed
Result: WARN
    Found the following significant warnings:
      Note: break used in wrong context: no loop is visible 
    See ‘/data/gannet/ripley/R/packages/tests-clang/SAENET.Rcheck/00install.out’ for details.
    Information on the location(s) of code generating the ‘Note’s can be
    obtained by re-running with environment variable R_KEEP_PKG_SOURCE set
    to ‘yes’.
Flavor: r-devel-linux-x86_64-fedora-clang
Version: 1.1
Check: whether package can be installed
Result: WARN
    Found the following significant warnings:
      Note: break used in wrong context: no loop is visible 
    See ‘/data/gannet/ripley/R/packages/tests-devel/SAENET.Rcheck/00install.out’ for details.
    Information on the location(s) of code generating the ‘Note’s can be
    obtained by re-running with environment variable R_KEEP_PKG_SOURCE set
    to ‘yes’.
Flavor: r-devel-linux-x86_64-fedora-gcc
Version: 1.1
Check: whether package can be installed
Result: WARN
    Found the following significant warnings:
      Note: break used in wrong context: no loop is visible 
    See 'd:/Rcompile/CRANpkg/local/3.5/SAENET.Rcheck/00install.out' for details.
    Information on the location(s) of code generating the 'Note's can be
    obtained by re-running with environment variable R_KEEP_PKG_SOURCE set
    to 'yes'.
Flavors: r-devel-windows-ix86+x86_64, r-release-windows-ix86+x86_64
Version: 1.1
Check: whether package can be installed
Result: WARN
    Found the following significant warnings:
      Note: break used in wrong context: no loop is visible 
    See ‘/home/hornik/tmp/R.check/r-patched-gcc/Work/PKGS/SAENET.Rcheck/00install.out’ for details.
    Information on the location(s) of code generating the ‘Note’s can be
    obtained by re-running with environment variable R_KEEP_PKG_SOURCE set
    to ‘yes’.
Flavor: r-patched-linux-x86_64
Version: 1.1
Check: whether package can be installed
Result: WARN
    Found the following significant warnings:
      Note: break used in wrong context: no loop is visible 
    See ‘/home/ripley/R/packages/tests32/SAENET.Rcheck/00install.out’ for details.
    Information on the location(s) of code generating the ‘Note’s can be
    obtained by re-running with environment variable R_KEEP_PKG_SOURCE set
    to ‘yes’.
Flavor: r-patched-solaris-x86
Version: 1.1
Check: whether package can be installed
Result: WARN
    Found the following significant warnings:
      Note: break used in wrong context: no loop is visible 
    See ‘/home/hornik/tmp/R.check/r-release-gcc/Work/PKGS/SAENET.Rcheck/00install.out’ for details.
    Information on the location(s) of code generating the ‘Note’s can be
    obtained by re-running with environment variable R_KEEP_PKG_SOURCE set
    to ‘yes’.
Flavor: r-release-linux-x86_64
Version: 1.1
Check: whether package can be installed
Result: WARN
    Found the following significant warnings:
      Note: break used in wrong context: no loop is visible 
    See ‘/Volumes/SSD-Data/Builds/R-dev-web/QA/Simon/packages/el-capitan-x86_64/results/3.5/SAENET.Rcheck/00install.out’ for details.
    Information on the location(s) of code generating the ‘Note’s can be
    obtained by re-running with environment variable R_KEEP_PKG_SOURCE set
    to ‘yes’.
Flavor: r-release-osx-x86_64