Last updated on 2018-07-16 06:47:09 CEST.
| Flavor | Version | Tinstall | Tcheck | Ttotal | Status | Flags | 
|---|---|---|---|---|---|---|
| r-devel-linux-x86_64-debian-clang | 0.0.4 | 1.98 | 23.96 | 25.94 | OK | |
| r-devel-linux-x86_64-debian-gcc | 0.0.4 | 1.76 | 21.39 | 23.15 | OK | |
| r-devel-linux-x86_64-fedora-clang | 0.0.4 | 31.56 | NOTE | |||
| r-devel-linux-x86_64-fedora-gcc | 0.0.4 | 29.63 | OK | |||
| r-devel-windows-ix86+x86_64 | 0.0.4 | 6.00 | 33.00 | 39.00 | NOTE | |
| r-patched-linux-x86_64 | 0.0.4 | 1.54 | 23.51 | 25.05 | OK | |
| r-patched-solaris-x86 | 0.0.4 | 38.80 | NOTE | |||
| r-release-linux-x86_64 | 0.0.4 | 1.98 | 23.16 | 25.14 | OK | |
| r-release-windows-ix86+x86_64 | 0.0.4 | 4.00 | 31.00 | 35.00 | NOTE | |
| r-release-osx-x86_64 | 0.0.4 | NOTE | ||||
| r-oldrel-windows-ix86+x86_64 | 0.0.4 | 8.00 | 40.00 | 48.00 | NOTE | |
| r-oldrel-osx-x86_64 | 0.0.4 | NOTE | 
Version: 0.0.4
Check: installed package size
Result: NOTE
      installed size is  5.9Mb
      sub-directories of 1Mb or more:
        java   5.8Mb
Flavors: r-devel-linux-x86_64-fedora-clang, r-devel-windows-ix86+x86_64, r-patched-solaris-x86, r-release-windows-ix86+x86_64, r-release-osx-x86_64, r-oldrel-windows-ix86+x86_64, r-oldrel-osx-x86_64