Last updated on 2018-07-30 07:48:14 CEST.
| Flavor | Version | Tinstall | Tcheck | Ttotal | Status | Flags | 
|---|---|---|---|---|---|---|
| r-devel-linux-x86_64-debian-clang | 1.6.2 | 98.43 | 76.58 | 175.01 | OK | |
| r-devel-linux-x86_64-debian-gcc | 1.6.2 | 102.11 | 69.69 | 171.80 | OK | |
| r-devel-linux-x86_64-fedora-clang | 1.6.2 | 254.97 | NOTE | |||
| r-devel-linux-x86_64-fedora-gcc | 1.6.2 | 251.42 | NOTE | |||
| r-devel-windows-ix86+x86_64 | 1.6.2 | 241.00 | 190.00 | 431.00 | OK | |
| r-patched-linux-x86_64 | 1.6.2 | 113.79 | 87.19 | 200.98 | OK | |
| r-patched-solaris-x86 | 1.6.2 | 264.70 | NOTE | |||
| r-release-linux-x86_64 | 1.6.2 | 122.30 | 87.06 | 209.36 | OK | |
| r-release-windows-ix86+x86_64 | 1.6.2 | 238.00 | 162.00 | 400.00 | OK | |
| r-release-osx-x86_64 | 1.6.2 | NOTE | ||||
| r-oldrel-windows-ix86+x86_64 | 1.6.2 | 203.00 | 201.00 | 404.00 | OK | |
| r-oldrel-osx-x86_64 | 1.6.2 | NOTE | 
Version: 1.6.2
Check: installed package size
Result: NOTE
      installed size is 36.8Mb
      sub-directories of 1Mb or more:
        libs  35.5Mb
Flavors: r-devel-linux-x86_64-fedora-clang, r-release-osx-x86_64, r-oldrel-osx-x86_64
Version: 1.6.2
Check: dependencies in R code
Result: NOTE
    Namespace in Imports field not imported from: ‘scales’
      All declared Imports should be used.
Flavors: r-devel-linux-x86_64-fedora-clang, r-devel-linux-x86_64-fedora-gcc, r-patched-solaris-x86, r-release-osx-x86_64, r-oldrel-osx-x86_64