Last updated on 2018-10-25 08:48:40 CEST.
| Flavor | Version | Tinstall | Tcheck | Ttotal | Status | Flags | 
|---|---|---|---|---|---|---|
| r-devel-linux-x86_64-fedora-clang | 0.1.0 | 81.92 | OK | |||
| r-devel-linux-x86_64-fedora-gcc | 0.1.0 | 81.23 | OK | |||
| r-patched-solaris-x86 | 0.1.0 | 106.10 | WARN | 
clang-ASAN clang-UBSAN gcc-ASAN gcc-UBSAN
Version: 0.1.0
Check: re-building of vignette outputs
Result: WARN
    Error in re-building vignettes:
      ...
    Warning in engine$weave(file, quiet = quiet, encoding = enc) :
      Pandoc (>= 1.12.3) and/or pandoc-citeproc not available. Falling back to R Markdown v1.
    Quitting from lines 63-72 (R-versus-CPP.Rmd) 
    Error: processing vignette 'R-versus-CPP.Rmd' failed with diagnostics:
    argument is of length zero
    Execution halted
Flavor: r-patched-solaris-x86