Last updated on 2018-11-20 08:50:24 CET.
| Flavor | Version | Tinstall | Tcheck | Ttotal | Status | Flags | 
|---|---|---|---|---|---|---|
| r-devel-linux-x86_64-debian-clang | WARN | |||||
| r-devel-linux-x86_64-debian-gcc | 2.1 | 5.76 | 94.40 | 100.16 | WARN | |
| r-devel-linux-x86_64-fedora-clang | 2.1 | 151.55 | WARN | |||
| r-devel-linux-x86_64-fedora-gcc | 2.1 | 151.34 | WARN | |||
| r-devel-windows-ix86+x86_64 | 2.1 | 28.00 | 200.00 | 228.00 | OK | |
| r-patched-linux-x86_64 | 2.1 | 7.85 | 113.94 | 121.79 | WARN | |
| r-patched-solaris-x86 | 2.1 | 226.80 | WARN | |||
| r-release-linux-x86_64 | 2.1 | 9.05 | 114.54 | 123.59 | WARN | |
| r-release-windows-ix86+x86_64 | 2.1 | 17.00 | 211.00 | 228.00 | OK | |
| r-release-osx-x86_64 | 2.1 | OK | ||||
| r-oldrel-windows-ix86+x86_64 | 2.1 | 16.00 | 135.00 | 151.00 | OK | |
| r-oldrel-osx-x86_64 | 2.1 | OK | 
Version: 2.1
Check: re-building of vignette outputs
Result: WARN
    Error in re-building vignettes:
      ...
    Loading required package: dendextend
    
    ---------------------
    Welcome to dendextend version 1.9.0
    Type citation('dendextend') for how to cite the package.
    
    Type browseVignettes(package = 'dendextend') for the package vignette.
    The github page is: https://github.com/talgalili/dendextend/
    
    Suggestions and bug-reports can be submitted at: https://github.com/talgalili/dendextend/issues
    Or contact: <tal.galili@gmail.com>
    
    	To suppress this message use:  suppressPackageStartupMessages(library(dendextend))
    ---------------------
    
    
    Attaching package: ‘dendextend’
    
    The following object is masked from ‘package:stats’:
    
        cutree
    
    Loading required package: devtools
    Error in texi2dvi(file = file, pdf = TRUE, clean = clean, quiet = quiet,  : 
      Running ‘texi2dvi’ on ‘CluMix.tex’ failed.
    LaTeX errors:
    ! Package inputenc Error: Unicode character ─ (U+2500)
    (inputenc)                not set up for use with LaTeX.
    
    See the inputenc package documentation for explanation.
    Type  H <return>  for immediate help.
    ! Package inputenc Error: Unicode character ─ (U+2500)
    (inputenc)                not set up for use with LaTeX.
    
    See the inputenc package documentation for explanation.
    Type  H <return>  for immediate help.
    ! Package inputenc Error: Unicode character ─ (U+2500)
    (inputenc)                not set up for use with LaTeX.
    
    See the inputenc package documentation for explanation.
    Type  H <return>  for immediate help.
    ! Package inputenc Error: Unicode character ─ (U+2500)
    (inputenc)                not set up for use with LaTeX.
    
    See the inputenc package documentation for explanation.
    Type  H <return>  for immediate help.
    ! Package inputenc Error: Unicode character ─ (U+2500)
    (inputenc)                not se
    Calls: buildVignettes -> texi2pdf -> texi2dvi
    Execution halted
Flavors: r-devel-linux-x86_64-debian-clang, r-devel-linux-x86_64-debian-gcc, r-patched-linux-x86_64, r-release-linux-x86_64
Version: 2.1
Check: re-building of vignette outputs
Result: WARN
    Error in re-building vignettes:
      ...
    Loading required package: dendextend
    
    ---------------------
    Welcome to dendextend version 1.9.0
    Type citation('dendextend') for how to cite the package.
    
    Type browseVignettes(package = 'dendextend') for the package vignette.
    The github page is: https://github.com/talgalili/dendextend/
    
    Suggestions and bug-reports can be submitted at: https://github.com/talgalili/dendextend/issues
    Or contact: <tal.galili@gmail.com>
    
    	To suppress this message use:  suppressPackageStartupMessages(library(dendextend))
    ---------------------
    
    
    Attaching package: ‘dendextend’
    
    The following object is masked from ‘package:stats’:
    
        cutree
    
    Loading required package: devtools
    Error in texi2dvi(file = file, pdf = TRUE, clean = clean, quiet = quiet,  : 
      Running 'texi2dvi' on 'CluMix.tex' failed.
    LaTeX errors:
    ! Package inputenc Error: Unicode character ─ (U+2500)
    (inputenc)                not set up for use with LaTeX.
    
    See the inputenc package documentation for explanation.
    Type  H <return>  for immediate help.
    ! Package inputenc Error: Unicode character ─ (U+2500)
    (inputenc)                not set up for use with LaTeX.
    
    See the inputenc package documentation for explanation.
    Type  H <return>  for immediate help.
    ! Package inputenc Error: Unicode character ─ (U+2500)
    (inputenc)                not set up for use with LaTeX.
    
    See the inputenc package documentation for explanation.
    Type  H <return>  for immediate help.
    ! Package inputenc Error: Unicode character ─ (U+2500)
    (inputenc)                not set up for use with LaTeX.
    
    See the inputenc package documentation for explanation.
    Type  H <return>  for immediate help.
    ! Package inputenc Error: Unicode character ─ (U+2500)
    (inputenc)                not set up for
    Calls: buildVignettes -> texi2pdf -> texi2dvi
    Execution halted
Flavors: r-devel-linux-x86_64-fedora-clang, r-devel-linux-x86_64-fedora-gcc, r-patched-solaris-x86