Last updated on 2019-01-11 06:47:15 CET.
| Flavor | Version | Tinstall | Tcheck | Ttotal | Status | Flags | 
|---|---|---|---|---|---|---|
| r-devel-linux-x86_64-debian-clang | 0.1.1 | 66.63 | 24.43 | 91.06 | NOTE | |
| r-devel-linux-x86_64-debian-gcc | 0.1.1 | 56.37 | 19.58 | 75.95 | NOTE | |
| r-devel-linux-x86_64-fedora-clang | 0.1.1 | 85.79 | NOTE | |||
| r-devel-linux-x86_64-fedora-gcc | 0.1.1 | 79.48 | NOTE | |||
| r-patched-linux-x86_64 | 0.1.1 | 67.35 | 22.56 | 89.91 | NOTE | |
| r-patched-solaris-x86 | 0.1.1 | 111.10 | ERROR | |||
| r-release-linux-x86_64 | 0.1.1 | 68.22 | 22.30 | 90.52 | NOTE | |
| r-release-osx-x86_64 | 0.1.1 | ERROR | ||||
| r-oldrel-osx-x86_64 | 0.1.1 | ERROR | 
Version: 0.1.1
Check: pragmas in C/C++ headers and code
Result: NOTE
    File which contains pragma(s) suppressing diagnostics:
      ‘src/third_party/zstd-1.2.0/lib/dictBuilder/divsufsort.c’
Flavors: r-devel-linux-x86_64-debian-clang, r-devel-linux-x86_64-debian-gcc, r-devel-linux-x86_64-fedora-clang, r-devel-linux-x86_64-fedora-gcc, r-patched-linux-x86_64, r-release-linux-x86_64
Version: 0.1.1
Check: whether package can be installed
Result: ERROR
    Installation failed.
Flavors: r-patched-solaris-x86, r-release-osx-x86_64, r-oldrel-osx-x86_64