Last updated on 2019-01-23 06:48:05 CET.
| Flavor | Version | Tinstall | Tcheck | Ttotal | Status | Flags |
|---|---|---|---|---|---|---|
| r-devel-linux-x86_64-debian-clang | 0.1.0 | 5.38 | 76.03 | 81.41 | OK | |
| r-devel-linux-x86_64-debian-gcc | 0.1.0 | 1.63 | 1.63 | ERROR | ||
| r-devel-linux-x86_64-fedora-clang | 0.1.0 | 2.15 | ERROR | |||
| r-devel-linux-x86_64-fedora-gcc | 0.1.0 | 2.01 | ERROR | |||
| r-devel-windows-ix86+x86_64 | 0.1.0 | 17.00 | 98.00 | 115.00 | OK | |
| r-patched-linux-x86_64 | 0.1.0 | 2.18 | 2.18 | ERROR | ||
| r-patched-solaris-x86 | 0.1.0 | 3.70 | ERROR | |||
| r-release-linux-x86_64 | 0.1.0 | 4.68 | 70.70 | 75.38 | OK | |
| r-release-windows-ix86+x86_64 | 0.1.0 | 8.00 | 97.00 | 105.00 | OK | |
| r-release-osx-x86_64 | 0.1.0 | OK | ||||
| r-oldrel-windows-ix86+x86_64 | 0.1.0 | 11.00 | 140.00 | 151.00 | OK | |
| r-oldrel-osx-x86_64 | 0.1.0 | OK |
Version: 0.1.0
Check: package dependencies
Result: ERROR
Package required but not available: ‘OutbreakTools’
See section ‘The DESCRIPTION file’ in the ‘Writing R Extensions’
manual.
Flavors: r-devel-linux-x86_64-debian-gcc, r-devel-linux-x86_64-fedora-clang, r-devel-linux-x86_64-fedora-gcc, r-patched-linux-x86_64, r-patched-solaris-x86