Last updated on 2019-01-26 15:47:27 CET.
| Flavor | Version | Tinstall | Tcheck | Ttotal | Status | Flags | 
|---|---|---|---|---|---|---|
| r-devel-linux-x86_64-debian-clang | 1.1.0 | 9.73 | 93.81 | 103.54 | NOTE | |
| r-devel-linux-x86_64-debian-gcc | 1.1.0 | 8.59 | 72.15 | 80.74 | NOTE | |
| r-devel-linux-x86_64-fedora-clang | 1.1.0 | 120.74 | NOTE | |||
| r-devel-linux-x86_64-fedora-gcc | 1.1.0 | 113.40 | NOTE | |||
| r-devel-windows-ix86+x86_64 | 1.1.0 | 23.00 | 139.00 | 162.00 | NOTE | |
| r-patched-linux-x86_64 | 1.1.0 | 9.33 | 84.86 | 94.19 | NOTE | |
| r-patched-solaris-x86 | 1.1.0 | 179.10 | NOTE | |||
| r-release-linux-x86_64 | 1.1.0 | 7.36 | 84.55 | 91.91 | NOTE | |
| r-release-windows-ix86+x86_64 | 1.1.0 | 36.00 | 135.00 | 171.00 | NOTE | |
| r-release-osx-x86_64 | 1.1.0 | NOTE | ||||
| r-oldrel-windows-ix86+x86_64 | 1.1.0 | 29.00 | 191.00 | 220.00 | WARN | |
| r-oldrel-osx-x86_64 | 1.1.0 | NOTE | 
Version: 1.1.0
Check: DESCRIPTION meta-information
Result: NOTE
    Malformed Title field: should not end in a period.
Flavors: r-devel-linux-x86_64-debian-clang, r-devel-linux-x86_64-debian-gcc, r-devel-linux-x86_64-fedora-clang, r-devel-linux-x86_64-fedora-gcc, r-devel-windows-ix86+x86_64, r-patched-linux-x86_64, r-patched-solaris-x86, r-release-linux-x86_64, r-release-windows-ix86+x86_64, r-release-osx-x86_64, r-oldrel-windows-ix86+x86_64, r-oldrel-osx-x86_64
Version: 1.1.0
Check: dependencies in R code
Result: NOTE
    Package in Depends field not imported from: ‘parallel’
      These packages need to be imported from (in the NAMESPACE file)
      for when this namespace is loaded but not attached.
Flavors: r-devel-linux-x86_64-debian-clang, r-devel-linux-x86_64-debian-gcc, r-devel-linux-x86_64-fedora-clang, r-devel-linux-x86_64-fedora-gcc, r-devel-windows-ix86+x86_64, r-patched-linux-x86_64, r-patched-solaris-x86, r-release-linux-x86_64, r-release-windows-ix86+x86_64, r-release-osx-x86_64, r-oldrel-windows-ix86+x86_64, r-oldrel-osx-x86_64
Version: 1.1.0
Check: S3 generic/method consistency
Result: NOTE
    Found the following apparent S3 methods exported but not registered:
      roc.area
    See section ‘Registering S3 methods’ in the ‘Writing R Extensions’
    manual.
Flavors: r-devel-linux-x86_64-debian-clang, r-devel-linux-x86_64-debian-gcc, r-devel-linux-x86_64-fedora-clang, r-devel-linux-x86_64-fedora-gcc, r-patched-linux-x86_64, r-patched-solaris-x86, r-release-linux-x86_64
Version: 1.1.0
Check: R code for possible problems
Result: NOTE
    Daim: no visible global function definition for ‘terms’
    Daim: no visible global function definition for ‘get_all_vars’
    Daim: no visible global function definition for ‘mclapply’
    Daim: no visible global function definition for ‘clusterSetRNGStream’
    Daim: no visible global function definition for ‘clusterEvalQ’
    Daim: no visible global function definition for ‘clusterApplyLB’
    deLong.test: no visible global function definition for ‘cov’
    deLong.test: no visible global function definition for ‘pnorm’
    deLong.test: no visible global function definition for ‘pchisq’
    deLong.test: no visible global function definition for ‘qnorm’
    performDaim.data.frame : <anonymous>: no visible global function
      definition for ‘complete.cases’
    performDaim.matrix : <anonymous>: no visible global function definition
      for ‘complete.cases’
    plot.Daim: no visible global function definition for ‘plot’
    plot.Daim: no visible global function definition for ‘grid’
    plot.Daim: no visible global function definition for ‘lines’
    plot.Daim: no visible global function definition for ‘rgb’
    plot.Daim: no visible global function definition for ‘points’
    plot.Daim.list: no visible global function definition for ‘rgb’
    plot.Daim.list: no visible global function definition for ‘plot’
    plot.Daim.list: no visible global function definition for ‘grid’
    plot.Daim.list: no visible global function definition for ‘lines’
    plot.Daim.list: no visible global function definition for ‘points’
    plot.Daim.vector: no visible global function definition for ‘plot’
    plot.Daim.vector: no visible global function definition for ‘points’
    plot.Daim.vector: no visible global function definition for ‘grid’
    plot.Daim.vector: no visible global function definition for ‘lines’
    plot.Daim.vector: no visible global function definition for ‘legend’
    print.Daim: no visible global function definition for ‘formula’
    print.summary.Daim: no visible global function definition for ‘formula’
    print.summary.survDaim: no visible global function definition for
      ‘formula’
    roc.area.Daim: no visible global function definition for ‘rgb’
    roc.area.Daim: no visible global function definition for ‘plot’
    roc.area.Daim: no visible global function definition for ‘polygon’
    roc.area.Daim: no visible global function definition for ‘lines’
    roc.area.Daim: no visible global function definition for ‘points’
    roc.area.Daim.list: no visible global function definition for ‘rgb’
    roc.area.Daim.list: no visible global function definition for ‘plot’
    roc.area.Daim.list: no visible global function definition for ‘grid’
    roc.area.Daim.list: no visible global function definition for ‘polygon’
    roc.area.Daim.list: no visible global function definition for ‘lines’
    roc.area.Daim.list: no visible global function definition for ‘points’
    roc.area.Daim.vector: no visible global function definition for ‘rgb’
    roc.area.Daim.vector: no visible global function definition for ‘plot’
    roc.area.Daim.vector: no visible global function definition for ‘grid’
    roc.area.Daim.vector: no visible global function definition for
      ‘polygon’
    roc.area.Daim.vector: no visible global function definition for ‘lines’
    roc.area.Daim.vector: no visible global function definition for
      ‘points’
    summary.survDaim : <anonymous>: no visible global function definition
      for ‘quantile’
    Undefined global functions or variables:
      clusterApplyLB clusterEvalQ clusterSetRNGStream complete.cases cov
      formula get_all_vars grid legend lines mclapply pchisq plot pnorm
      points polygon qnorm quantile rgb terms
    Consider adding
      importFrom("grDevices", "rgb")
      importFrom("graphics", "grid", "legend", "lines", "plot", "points",
                 "polygon")
      importFrom("stats", "complete.cases", "cov", "formula", "get_all_vars",
                 "pchisq", "pnorm", "qnorm", "quantile", "terms")
    to your NAMESPACE file.
Flavors: r-devel-linux-x86_64-debian-clang, r-devel-linux-x86_64-debian-gcc, r-devel-linux-x86_64-fedora-clang, r-devel-linux-x86_64-fedora-gcc, r-devel-windows-ix86+x86_64, r-patched-linux-x86_64, r-patched-solaris-x86, r-release-linux-x86_64, r-release-windows-ix86+x86_64, r-release-osx-x86_64, r-oldrel-windows-ix86+x86_64, r-oldrel-osx-x86_64
Version: 1.1.0
Check: compiled code
Result: NOTE
    File ‘Daim/libs/Daim.so’:
      Found no calls to: ‘R_registerRoutines’, ‘R_useDynamicSymbols’
    
    It is good practice to register native routines and to disable symbol
    search.
    
    See ‘Writing portable packages’ in the ‘Writing R Extensions’ manual.
Flavors: r-devel-linux-x86_64-fedora-clang, r-devel-linux-x86_64-fedora-gcc
Version: 1.1.0
Check: whether package can be installed
Result: WARN
    Found the following significant warnings:
      Warning: S3 methods '[.fun_list', '[.grouped_df', 'all.equal.tbl_df', 'anti_join.data.frame', 'anti_join.tbl_df', 'arrange.data.frame', 'arrange.default', 'arrange.grouped_df', 'arrange.tbl_df', 'arrange_.data.frame', 'arrange_.tbl_df', 'as.data.frame.grouped_df', 'as.data.frame.rowwise_df', 'as.data.frame.tbl_cube', 'as.table.tbl_cube', 'as.tbl.data.frame', 'as.tbl.tbl', 'as.tbl_cube.array', 'as.tbl_cube.data.frame', 'as.tbl_cube.matrix', 'as.tbl_cube.table', 'as_tibble.grouped_df', 'as_tibble.tbl_cube', 'auto_copy.tbl_cube', 'auto_copy.tbl_df', 'cbind.grouped_df', 'collapse.data.frame', 'collect.data.frame', 'common_by.NULL', 'common_by.character', 'common_by.default', 'common_by.list', 'compute.data.frame', 'copy_to.DBIConnection', 'copy_to.src_local', 'default_missing.data.frame', 'default_missing.default', 'dim.tbl_cube', 'distinct.data.frame', 'distinct.default', 'distinct.grouped_df', 'distinct.tbl_df', 'distinct_.data.frame', 'distinct_.grouped_df', 'distinct_.tbl_df', 'do.NULL', 'do.da [... truncated]
Flavor: r-oldrel-windows-ix86+x86_64