Last updated on 2019-02-19 10:57:05 CET.
| Flavor | Version | Tinstall | Tcheck | Ttotal | Status | Flags | 
|---|---|---|---|---|---|---|
| r-devel-linux-x86_64-debian-clang | 0.1.4 | 3.48 | 40.10 | 43.58 | ERROR | |
| r-devel-linux-x86_64-debian-gcc | 0.1.4 | 2.94 | 31.32 | 34.26 | ERROR | |
| r-devel-linux-x86_64-fedora-clang | 0.1.4 | 52.60 | ERROR | |||
| r-devel-linux-x86_64-fedora-gcc | 0.1.4 | 48.62 | ERROR | |||
| r-devel-windows-ix86+x86_64 | 0.1.4 | 11.00 | 94.00 | 105.00 | ERROR | |
| r-patched-linux-x86_64 | 0.1.4 | 3.38 | 36.84 | 40.22 | ERROR | |
| r-patched-solaris-x86 | 0.1.4 | 80.30 | ERROR | |||
| r-release-linux-x86_64 | 0.1.4 | 3.53 | 36.65 | 40.18 | ERROR | |
| r-release-windows-ix86+x86_64 | 0.1.4 | 9.00 | 94.00 | 103.00 | ERROR | |
| r-release-osx-x86_64 | 0.1.4 | OK | ||||
| r-oldrel-windows-ix86+x86_64 | 0.1.4 | 7.00 | 55.00 | 62.00 | ERROR | |
| r-oldrel-osx-x86_64 | 0.1.4 | OK | 
Version: 0.1.4
Check: tests
Result: ERROR
      Running ‘testthat.R’ [2s/2s]
    Running the tests in ‘tests/testthat.R’ failed.
    Complete output:
      > library(testthat)
      > library(ubeR)
      > 
      > test_check("ubeR")
      ── 1. Failure: raise error on fail to geocode (@test_utils.R#4)  ───────────────
      `geocode("Kryptonopolis")` threw an error with unexpected message.
      Expected match: "Unable to find location 'Kryptonopolis'."
      Actual message: "Google now requires an API key.\n       See ?register_google for details."
      
      ══ testthat results  ═══════════════════════════════════════════════════════════
      OK: 8 SKIPPED: 0 FAILED: 1
      1. Failure: raise error on fail to geocode (@test_utils.R#4) 
      
      Error: testthat unit tests failed
      Execution halted
Flavor: r-devel-linux-x86_64-debian-clang
Version: 0.1.4
Check: tests
Result: ERROR
      Running ‘testthat.R’ [1s/2s]
    Running the tests in ‘tests/testthat.R’ failed.
    Complete output:
      > library(testthat)
      > library(ubeR)
      > 
      > test_check("ubeR")
      ── 1. Failure: raise error on fail to geocode (@test_utils.R#4)  ───────────────
      `geocode("Kryptonopolis")` threw an error with unexpected message.
      Expected match: "Unable to find location 'Kryptonopolis'."
      Actual message: "Google now requires an API key.\n       See ?register_google for details."
      
      ══ testthat results  ═══════════════════════════════════════════════════════════
      OK: 8 SKIPPED: 0 FAILED: 1
      1. Failure: raise error on fail to geocode (@test_utils.R#4) 
      
      Error: testthat unit tests failed
      Execution halted
Flavors: r-devel-linux-x86_64-debian-gcc, r-patched-linux-x86_64, r-release-linux-x86_64
Version: 0.1.4
Check: tests
Result: ERROR
      Running ‘testthat.R’
    Running the tests in ‘tests/testthat.R’ failed.
    Complete output:
      > library(testthat)
      > library(ubeR)
      > 
      > test_check("ubeR")
      ── 1. Failure: raise error on fail to geocode (@test_utils.R#4)  ───────────────
      `geocode("Kryptonopolis")` threw an error with unexpected message.
      Expected match: "Unable to find location 'Kryptonopolis'."
      Actual message: "Google now requires an API key.\n       See ?register_google for details."
      
      ══ testthat results  ═══════════════════════════════════════════════════════════
      OK: 8 SKIPPED: 0 FAILED: 1
      1. Failure: raise error on fail to geocode (@test_utils.R#4) 
      
      Error: testthat unit tests failed
      Execution halted
Flavors: r-devel-linux-x86_64-fedora-clang, r-devel-linux-x86_64-fedora-gcc, r-patched-solaris-x86
Version: 0.1.4
Check: tests
Result: ERROR
      Running 'testthat.R' [3s]
    Running the tests in 'tests/testthat.R' failed.
    Complete output:
      > library(testthat)
      > library(ubeR)
      > 
      > test_check("ubeR")
      -- 1. Failure: raise error on fail to geocode (@test_utils.R#4)  ---------------
      `geocode("Kryptonopolis")` threw an error with unexpected message.
      Expected match: "Unable to find location 'Kryptonopolis'."
      Actual message: "Google now requires an API key.\n       See ?register_google for details."
      
      == testthat results  ===========================================================
      OK: 8 SKIPPED: 0 FAILED: 1
      1. Failure: raise error on fail to geocode (@test_utils.R#4) 
      
      Error: testthat unit tests failed
      Execution halted
Flavor: r-devel-windows-ix86+x86_64
Version: 0.1.4
Check: tests
Result: ERROR
      Running 'testthat.R' [4s]
    Running the tests in 'tests/testthat.R' failed.
    Complete output:
      > library(testthat)
      > library(ubeR)
      > 
      > test_check("ubeR")
      -- 1. Failure: raise error on fail to geocode (@test_utils.R#4)  ---------------
      `geocode("Kryptonopolis")` threw an error with unexpected message.
      Expected match: "Unable to find location 'Kryptonopolis'."
      Actual message: "Google now requires an API key.\n       See ?register_google for details."
      
      == testthat results  ===========================================================
      OK: 8 SKIPPED: 0 FAILED: 1
      1. Failure: raise error on fail to geocode (@test_utils.R#4) 
      
      Error: testthat unit tests failed
      Execution halted
Flavor: r-release-windows-ix86+x86_64
Version: 0.1.4
Check: tests
Result: ERROR
      Running 'testthat.R' [2s]
    Running the tests in 'tests/testthat.R' failed.
    Complete output:
      > library(testthat)
      > library(ubeR)
      > 
      > test_check("ubeR")
      -- 1. Failure: raise error on fail to geocode (@test_utils.R#4)  ---------------
      `geocode("Kryptonopolis")` threw an error with unexpected message.
      Expected match: "Unable to find location 'Kryptonopolis'."
      Actual message: "Google now requires an API key.\n       See ?register_google for details."
      
      == testthat results  ===========================================================
      OK: 8 SKIPPED: 0 FAILED: 1
      1. Failure: raise error on fail to geocode (@test_utils.R#4) 
      
      Error: testthat unit tests failed
      Execution halted
Flavor: r-oldrel-windows-ix86+x86_64