Last updated on 2019-02-28 14:48:21 CET.
| Flavor | Version | Tinstall | Tcheck | Ttotal | Status | Flags | 
|---|---|---|---|---|---|---|
| r-devel-linux-x86_64-debian-clang | 0.0.15 | 6.18 | 80.95 | 87.13 | WARN | |
| r-devel-linux-x86_64-debian-gcc | 0.0.15 | 6.39 | 62.90 | 69.29 | WARN | |
| r-devel-linux-x86_64-fedora-clang | 0.0.15 | 110.19 | WARN | |||
| r-devel-linux-x86_64-fedora-gcc | 0.0.15 | 100.28 | WARN | |||
| r-devel-windows-ix86+x86_64 | 0.0.15 | 10.00 | 102.00 | 112.00 | WARN | |
| r-patched-linux-x86_64 | 0.0.15 | OK | ||||
| r-patched-solaris-x86 | 0.0.15 | 149.50 | OK | |||
| r-release-linux-x86_64 | 0.0.15 | 6.13 | 67.33 | 73.46 | OK | |
| r-release-windows-ix86+x86_64 | 0.0.15 | 17.00 | 86.00 | 103.00 | OK | |
| r-release-osx-x86_64 | 0.0.15 | OK | ||||
| r-oldrel-windows-ix86+x86_64 | 0.0.15 | 13.00 | 106.00 | 119.00 | OK | |
| r-oldrel-osx-x86_64 | 0.0.15 | OK | 
Version: 0.0.15
Check: contents of ‘data’ directory
Result: WARN
    Output for data("dravid", package = "cricketr"):
      Warning message:
      In scan(file = file, what = what, sep = sep, quote = quote, dec = dec,  :
        EOF within quoted string
Flavors: r-devel-linux-x86_64-debian-clang, r-devel-linux-x86_64-debian-gcc, r-devel-linux-x86_64-fedora-clang, r-devel-linux-x86_64-fedora-gcc, r-devel-windows-ix86+x86_64