Last updated on 2019-03-28 19:49:30 CET.
| Flavor | Version | Tinstall | Tcheck | Ttotal | Status | Flags | 
|---|---|---|---|---|---|---|
| r-devel-linux-x86_64-debian-clang | 0.1.1 | 1.54 | 17.77 | 19.31 | ERROR | |
| r-devel-linux-x86_64-debian-gcc | 0.1.1 | 1.30 | 14.48 | 15.78 | ERROR | |
| r-devel-linux-x86_64-fedora-clang | 0.1.1 | 24.04 | OK | |||
| r-devel-linux-x86_64-fedora-gcc | 0.1.1 | 22.92 | OK | |||
| r-devel-windows-ix86+x86_64 | 0.1.1 | 4.00 | 30.00 | 34.00 | OK | |
| r-patched-linux-x86_64 | 0.1.1 | 0.99 | 16.68 | 17.67 | ERROR | |
| r-patched-solaris-x86 | 0.1.1 | 31.00 | OK | |||
| r-release-linux-x86_64 | 0.1.1 | 1.07 | 16.64 | 17.71 | ERROR | 
Version: 0.1.1
Check: examples
Result: ERROR
    Running examples in 'SemNetDictionaries-Ex.R' failed
    The error most likely occurred in:
    
    > base::assign(".ptime", proc.time(), pos = "CheckExEnv")
    > ### Name: dictionaries
    > ### Title: List Names of Dictionaries in 'SemNetDictionaries'
    > ### Aliases: dictionaries
    > 
    > ### ** Examples
    > 
    > dictionaries()
    Error in gsub(".dictionary.*", "", dict.names) : 
      object 'dict.names' not found
    Calls: dictionaries -> gsub
    Execution halted
Flavors: r-devel-linux-x86_64-debian-clang, r-devel-linux-x86_64-debian-gcc, r-patched-linux-x86_64, r-release-linux-x86_64