Last updated on 2019-04-22 07:47:00 CEST.
| Flavor | Version | Tinstall | Tcheck | Ttotal | Status | Flags | 
|---|---|---|---|---|---|---|
| r-devel-linux-x86_64-debian-clang | 0.8.1 | 4.26 | 204.39 | 208.65 | ERROR | |
| r-devel-linux-x86_64-debian-gcc | 0.8.1 | 3.03 | 142.80 | 145.83 | ERROR | |
| r-devel-linux-x86_64-fedora-clang | 0.8.1 | 229.58 | ERROR | |||
| r-devel-linux-x86_64-fedora-gcc | 0.8.1 | 222.90 | ERROR | |||
| r-devel-windows-ix86+x86_64 | 0.8.1 | 15.00 | 196.00 | 211.00 | ERROR | |
| r-patched-linux-x86_64 | 0.8.1 | 3.99 | 200.88 | 204.87 | ERROR | |
| r-patched-solaris-x86 | 0.8.1 | 291.20 | ERROR | |||
| r-release-linux-x86_64 | 0.8.1 | 2.71 | 191.70 | 194.41 | ERROR | |
| r-release-windows-ix86+x86_64 | 0.8.1 | 6.00 | 208.00 | 214.00 | OK | |
| r-release-osx-x86_64 | 0.8.1 | OK | ||||
| r-oldrel-windows-ix86+x86_64 | 0.8.1 | 5.00 | 289.00 | 294.00 | OK | |
| r-oldrel-osx-x86_64 | 0.8.1 | OK | 
Version: 0.8.1
Check: tests
Result: ERROR
      Running 'testthat.R' [9s/10s]
    Running the tests in 'tests/testthat.R' failed.
    Complete output:
      > library(testthat)
      > library(rnn)
      > 
      > test_check("rnn")
      -- 1. Failure: (unknown) (@test_rnn.R#66)  -------------------------------------
      sum(bin2int(B)) not equal to 888626.
      1/1 mismatches
      [1] 280452 - 888626 == -608174
      
      == testthat results  ===========================================================
      OK: 0 SKIPPED: 0 FAILED: 1
      1. Failure: (unknown) (@test_rnn.R#66) 
      
      Error: testthat unit tests failed
      Execution halted
Flavor: r-devel-linux-x86_64-debian-clang
Version: 0.8.1
Check: tests
Result: ERROR
      Running ‘testthat.R’ [7s/11s]
    Running the tests in ‘tests/testthat.R’ failed.
    Complete output:
      > library(testthat)
      > library(rnn)
      > 
      > test_check("rnn")
      ── 1. Failure: (unknown) (@test_rnn.R#66)  ─────────────────────────────────────
      sum(bin2int(B)) not equal to 888626.
      1/1 mismatches
      [1] 258488 - 888626 == -630138
      
      ══ testthat results  ═══════════════════════════════════════════════════════════
      OK: 0 SKIPPED: 0 FAILED: 1
      1. Failure: (unknown) (@test_rnn.R#66) 
      
      Error: testthat unit tests failed
      Execution halted
Flavor: r-devel-linux-x86_64-debian-gcc
Version: 0.8.1
Check: tests
Result: ERROR
      Running ‘testthat.R’ [10s/11s]
    Running the tests in ‘tests/testthat.R’ failed.
    Complete output:
      > library(testthat)
      > library(rnn)
      > 
      > test_check("rnn")
      ── 1. Failure: (unknown) (@test_rnn.R#66)  ─────────────────────────────────────
      sum(bin2int(B)) not equal to 888626.
      1/1 mismatches
      [1] 374720 - 888626 == -513906
      
      ══ testthat results  ═══════════════════════════════════════════════════════════
      OK: 0 SKIPPED: 0 FAILED: 1
      1. Failure: (unknown) (@test_rnn.R#66) 
      
      Error: testthat unit tests failed
      Execution halted
Flavors: r-devel-linux-x86_64-fedora-clang, r-devel-linux-x86_64-fedora-gcc
Version: 0.8.1
Check: tests
Result: ERROR
      Running 'testthat.R' [12s]
    Running the tests in 'tests/testthat.R' failed.
    Complete output:
      > library(testthat)
      > library(rnn)
      > 
      > test_check("rnn")
      -- 1. Failure: (unknown) (@test_rnn.R#66)  -------------------------------------
      sum(bin2int(B)) not equal to 888626.
      1/1 mismatches
      [1] 209284 - 888626 == -679342
      
      == testthat results  ===========================================================
      OK: 0 SKIPPED: 0 FAILED: 1
      1. Failure: (unknown) (@test_rnn.R#66) 
      
      Error: testthat unit tests failed
      Execution halted
Flavor: r-devel-windows-ix86+x86_64
Version: 0.8.1
Check: tests
Result: ERROR
      Running ‘testthat.R’ [9s/9s]
    Running the tests in ‘tests/testthat.R’ failed.
    Complete output:
      > library(testthat)
      > library(rnn)
      > 
      > test_check("rnn")
      ── 1. Failure: (unknown) (@test_rnn.R#66)  ─────────────────────────────────────
      sum(bin2int(B)) not equal to 888626.
      1/1 mismatches
      [1] 280452 - 888626 == -608174
      
      ══ testthat results  ═══════════════════════════════════════════════════════════
      OK: 0 SKIPPED: 0 FAILED: 1
      1. Failure: (unknown) (@test_rnn.R#66) 
      
      Error: testthat unit tests failed
      Execution halted
Flavor: r-patched-linux-x86_64
Version: 0.8.1
Check: tests
Result: ERROR
      Running ‘testthat.R’ [21s/24s]
    Running the tests in ‘tests/testthat.R’ failed.
    Complete output:
      > library(testthat)
      > library(rnn)
      > 
      > test_check("rnn")
      ── 1. Failure: (unknown) (@test_rnn.R#66)  ─────────────────────────────────────
      sum(bin2int(B)) not equal to 888626.
      1/1 mismatches
      [1] 266748 - 888626 == -621878
      
      ══ testthat results  ═══════════════════════════════════════════════════════════
      OK: 0 SKIPPED: 0 FAILED: 1
      1. Failure: (unknown) (@test_rnn.R#66) 
      
      Error: testthat unit tests failed
      Execution halted
Flavor: r-patched-solaris-x86
Version: 0.8.1
Check: tests
Result: ERROR
      Running ‘testthat.R’ [8s/9s]
    Running the tests in ‘tests/testthat.R’ failed.
    Complete output:
      > library(testthat)
      > library(rnn)
      > 
      > test_check("rnn")
      ── 1. Failure: (unknown) (@test_rnn.R#66)  ─────────────────────────────────────
      sum(bin2int(B)) not equal to 888626.
      1/1 mismatches
      [1] 995608 - 888626 == 106982
      
      ══ testthat results  ═══════════════════════════════════════════════════════════
      OK: 0 SKIPPED: 0 FAILED: 1
      1. Failure: (unknown) (@test_rnn.R#66) 
      
      Error: testthat unit tests failed
      Execution halted
Flavor: r-release-linux-x86_64