Last updated on 2019-05-29 12:49:52 CEST.
| Flavor | Version | Tinstall | Tcheck | Ttotal | Status | Flags | 
|---|---|---|---|---|---|---|
| r-devel-linux-x86_64-debian-clang | 0.6 | 86.22 | 60.70 | 146.92 | OK | |
| r-devel-linux-x86_64-debian-gcc | 0.6 | 67.40 | 49.25 | 116.65 | OK | |
| r-devel-linux-x86_64-fedora-clang | 0.6 | 221.11 | OK | |||
| r-devel-linux-x86_64-fedora-gcc | 0.6 | 210.40 | OK | |||
| r-devel-windows-ix86+x86_64 | 0.6 | 242.00 | 151.00 | 393.00 | OK | |
| r-patched-solaris-x86 | 0.6 | 215.90 | OK | |||
| r-release-linux-x86_64 | 0.6 | 85.24 | 61.36 | 146.60 | OK | |
| r-release-windows-ix86+x86_64 | 0.6 | 205.00 | 141.00 | 346.00 | OK | |
| r-release-osx-x86_64 | 0.6 | NOTE | ||||
| r-oldrel-osx-x86_64 | 0.6 | OK | 
Version: 0.6
Check: installed package size
Result: NOTE
      installed size is  5.2Mb
      sub-directories of 1Mb or more:
        libs   5.1Mb
Flavor: r-release-osx-x86_64