Last updated on 2019-06-01 12:46:21 CEST.
| Flavor | Version | Tinstall | Tcheck | Ttotal | Status | Flags | 
|---|---|---|---|---|---|---|
| r-devel-linux-x86_64-debian-clang | 0.0-4 | 6.52 | 16.83 | 23.35 | NOTE | |
| r-devel-linux-x86_64-debian-gcc | 0.0-4 | 5.48 | 13.94 | 19.42 | NOTE | |
| r-devel-linux-x86_64-fedora-clang | 0.0-4 | 29.67 | NOTE | |||
| r-devel-linux-x86_64-fedora-gcc | 0.0-4 | 28.64 | NOTE | |||
| r-devel-windows-ix86+x86_64 | 0.0-4 | 43.00 | 47.00 | 90.00 | OK | |
| r-patched-linux-x86_64 | 0.0-4 | 6.22 | 17.02 | 23.24 | NOTE | |
| r-patched-solaris-x86 | 0.0-4 | 65.40 | OK | |||
| r-release-linux-x86_64 | 0.0-4 | 6.43 | 17.29 | 23.72 | NOTE | |
| r-release-windows-ix86+x86_64 | 0.0-4 | 29.00 | 44.00 | 73.00 | OK | |
| r-release-osx-x86_64 | 0.0-4 | OK | ||||
| r-oldrel-windows-ix86+x86_64 | 0.0-4 | 28.00 | 31.00 | 59.00 | OK | |
| r-oldrel-osx-x86_64 | 0.0-4 | OK | 
Version: 0.0-4
Check: top-level files
Result: NOTE
    Non-standard file/directory found at top level:
      'examples'
Flavors: r-devel-linux-x86_64-debian-clang, r-devel-linux-x86_64-debian-gcc, r-devel-linux-x86_64-fedora-clang, r-devel-linux-x86_64-fedora-gcc, r-patched-linux-x86_64, r-release-linux-x86_64
Version: 0.0-4
Check: compiled code
Result: NOTE
    File ‘appell/libs/appell.so’:
      Found no calls to: ‘R_registerRoutines’, ‘R_useDynamicSymbols’
    
    It is good practice to register native routines and to disable symbol
    search.
    
    See ‘Writing portable packages’ in the ‘Writing R Extensions’ manual.
Flavors: r-devel-linux-x86_64-fedora-clang, r-devel-linux-x86_64-fedora-gcc