Last updated on 2019-08-04 10:46:17 CEST.
| Flavor | Version | Tinstall | Tcheck | Ttotal | Status | Flags | 
|---|---|---|---|---|---|---|
| r-devel-linux-x86_64-debian-clang | 1.1-7.4 | 127.86 | 234.36 | 362.22 | NOTE | |
| r-devel-linux-x86_64-debian-gcc | 1.1-7.4 | 126.62 | 181.73 | 308.35 | NOTE | |
| r-devel-linux-x86_64-fedora-clang | 1.1-7.4 | 479.84 | NOTE | |||
| r-devel-linux-x86_64-fedora-gcc | 1.1-7.4 | 479.12 | NOTE | |||
| r-devel-windows-ix86+x86_64 | 1.1-7.4 | 637.00 | 275.00 | 912.00 | WARN | |
| r-patched-linux-x86_64 | 1.1-7.4 | 133.82 | 238.12 | 371.94 | NOTE | |
| r-patched-solaris-x86 | 1.1-7.4 | 736.40 | NOTE | |||
| r-release-linux-x86_64 | 1.1-7.4 | 135.81 | 236.47 | 372.28 | NOTE | |
| r-release-windows-ix86+x86_64 | 1.1-7.4 | 393.00 | 410.00 | 803.00 | WARN | |
| r-release-osx-x86_64 | 1.1-7.4 | NOTE | ||||
| r-oldrel-windows-ix86+x86_64 | 1.1-7.4 | 384.00 | 295.00 | 679.00 | WARN | |
| r-oldrel-osx-x86_64 | 1.1-7.4 | NOTE | 
Version: 1.1-7.4
Check: compiled code
Result: NOTE
    File 'DPpackage/libs/DPpackage.so':
      Found '_gfortran_st_close', possibly from 'close' (Fortran)
        Objects: 'DPdensityreg.o', 'LDBDPdensity.o', 'LDDPdensity.o',
          'LDDPsurvival.o', 'LDPDdoublyintsba.o', 'LDTFPdensity.o',
          'LDTFPglmmpois.o', 'LDTFPsurvival.o', 'PSgamgam.o',
          'PSgamgauss.o', 'PSgamlogit.o', 'PSgampois.o', 'PSgamprob.o',
          'ToolsLDTFP.o'
      Found '_gfortran_st_open', possibly from 'open' (Fortran)
        Objects: 'DPdensityreg.o', 'LDBDPdensity.o', 'LDDPdensity.o',
          'LDDPsurvival.o', 'LDPDdoublyintsba.o', 'LDTFPdensity.o',
          'LDTFPglmmpois.o', 'LDTFPsurvival.o', 'PSgamgam.o',
          'PSgamgauss.o', 'PSgamlogit.o', 'PSgampois.o', 'PSgamprob.o',
          'ToolsLDTFP.o'
      Found '_gfortran_st_read', possibly from 'read' (Fortran)
        Objects: 'DPdensityreg.o', 'LDDPdensity.o', 'LDDPsurvival.o',
          'LDPDdoublyintsba.o', 'PSgamgam.o', 'PSgamgauss.o',
          'PSgamlogit.o', 'PSgampois.o', 'PSgamprob.o', 'ToolsLDTFP.o'
      Found '_gfortran_st_rewind', possibly from 'rewind' (Fortran)
        Objects: 'DPdensityreg.o', 'LDDPdensity.o', 'LDDPsurvival.o',
          'LDPDdoublyintsba.o', 'PSgamgam.o', 'PSgamgauss.o',
          'PSgamlogit.o', 'PSgampois.o', 'PSgamprob.o', 'ToolsLDTFP.o'
      Found '_gfortran_st_write', possibly from 'write' (Fortran), 'print'
        (Fortran)
        Objects: 'DPdensityreg.o', 'LDBDPdensity.o', 'LDDPdensity.o',
          'LDDPsurvival.o', 'LDPDdoublyintsba.o', 'LDTFPdensity.o',
          'LDTFPglmmpois.o', 'LDTFPsurvival.o', 'PSgamgam.o',
          'PSgamgauss.o', 'PSgamlogit.o', 'PSgampois.o', 'PSgamprob.o'
    
    Compiled code should not call entry points which might terminate R nor
    write to stdout/stderr instead of to the console, nor use Fortran I/O
    nor system RNGs.
    
    See 'Writing portable packages' in the 'Writing R Extensions' manual.
Flavors: r-devel-linux-x86_64-debian-clang, r-devel-linux-x86_64-debian-gcc, r-devel-linux-x86_64-fedora-clang, r-devel-linux-x86_64-fedora-gcc, r-patched-linux-x86_64, r-release-linux-x86_64
Version: 1.1-7.4
Check: installed package size
Result: NOTE
      installed size is  6.3Mb
      sub-directories of 1Mb or more:
        R      1.7Mb
        libs   3.7Mb
Flavors: r-devel-linux-x86_64-fedora-clang, r-devel-windows-ix86+x86_64, r-patched-solaris-x86, r-release-windows-ix86+x86_64, r-release-osx-x86_64, r-oldrel-windows-ix86+x86_64, r-oldrel-osx-x86_64
Version: 1.1-7.4
Check: compiled code
Result: WARN
    File 'DPpackage/libs/i386/DPpackage.dll':
      Found '_gfortran_st_close', possibly from 'close' (Fortran)
        Objects: 'DPdensityreg.o', 'LDBDPdensity.o', 'LDDPdensity.o',
          'LDDPsurvival.o', 'LDPDdoublyintsba.o', 'LDTFPdensity.o',
          'LDTFPglmmpois.o', 'LDTFPsurvival.o', 'PSgamgam.o',
          'PSgamgauss.o', 'PSgamlogit.o', 'PSgampois.o', 'PSgamprob.o',
          'ToolsLDTFP.o'
      Found '_gfortran_st_open', possibly from 'open' (Fortran)
        Objects: 'DPdensityreg.o', 'LDBDPdensity.o', 'LDDPdensity.o',
          'LDDPsurvival.o', 'LDPDdoublyintsba.o', 'LDTFPdensity.o',
          'LDTFPglmmpois.o', 'LDTFPsurvival.o', 'PSgamgam.o',
          'PSgamgauss.o', 'PSgamlogit.o', 'PSgampois.o', 'PSgamprob.o',
          'ToolsLDTFP.o'
    File 'DPpackage/libs/x64/DPpackage.dll':
      Found '_gfortran_st_close', possibly from 'close' (Fortran)
        Objects: 'DPdensityreg.o', 'LDBDPdensity.o', 'LDDPdensity.o',
          'LDDPsurvival.o', 'LDPDdoublyintsba.o', 'LDTFPdensity.o',
          'LDTFPglmmpois.o', 'LDTFPsurvival.o', 'PSgamgam.o',
          'PSgamgauss.o', 'PSgamlogit.o', 'PSgampois.o', 'PSgamprob.o',
          'ToolsLDTFP.o'
      Found '_gfortran_st_open', possibly from 'open' (Fortran)
        Objects: 'DPdensityreg.o', 'LDBDPdensity.o', 'LDDPdensity.o',
          'LDDPsurvival.o', 'LDPDdoublyintsba.o', 'LDTFPdensity.o',
          'LDTFPglmmpois.o', 'LDTFPsurvival.o', 'PSgamgam.o',
          'PSgamgauss.o', 'PSgamlogit.o', 'PSgampois.o', 'PSgamprob.o',
          'ToolsLDTFP.o'
    
    Compiled code should not call entry points which might terminate R nor
    write to stdout/stderr instead of to the console, nor use Fortran I/O
    nor system RNGs.
    
    See 'Writing portable packages' in the 'Writing R Extensions' manual.
Flavors: r-devel-windows-ix86+x86_64, r-release-windows-ix86+x86_64, r-oldrel-windows-ix86+x86_64
Version: 1.1-7.4
Check: compiled code
Result: NOTE
    File ‘DPpackage/libs/DPpackage.so’:
      Found ‘__f90_close’, possibly from ‘close’ (Fortran)
        Objects: ‘DPdensityreg.o’, ‘LDBDPdensity.o’, ‘LDDPdensity.o’,
          ‘LDDPsurvival.o’, ‘LDPDdoublyintsba.o’, ‘LDTFPdensity.o’,
          ‘LDTFPglmmpois.o’, ‘LDTFPsurvival.o’, ‘PSgamgam.o’,
          ‘PSgamgauss.o’, ‘PSgamlogit.o’, ‘PSgampois.o’, ‘PSgamprob.o’,
          ‘ToolsLDTFP.o’
      Found ‘__f90_esuw’, possibly from ‘write’ (Fortran)
        Objects: ‘DPdensityreg.o’, ‘LDBDPdensity.o’, ‘LDDPdensity.o’,
          ‘LDDPsurvival.o’, ‘LDPDdoublyintsba.o’, ‘LDTFPdensity.o’,
          ‘LDTFPglmmpois.o’, ‘LDTFPsurvival.o’, ‘PSgamgam.o’,
          ‘PSgamgauss.o’, ‘PSgamlogit.o’, ‘PSgampois.o’, ‘PSgamprob.o’
      Found ‘__f90_open’, possibly from ‘open’ (Fortran)
        Objects: ‘DPdensityreg.o’, ‘LDBDPdensity.o’, ‘LDDPdensity.o’,
          ‘LDDPsurvival.o’, ‘LDPDdoublyintsba.o’, ‘LDTFPdensity.o’,
          ‘LDTFPglmmpois.o’, ‘LDTFPsurvival.o’, ‘PSgamgam.o’,
          ‘PSgamgauss.o’, ‘PSgamlogit.o’, ‘PSgampois.o’, ‘PSgamprob.o’,
          ‘ToolsLDTFP.o’
      Found ‘__f90_rewind’, possibly from ‘rewind’ (Fortran)
        Objects: ‘DPdensityreg.o’, ‘LDDPdensity.o’, ‘LDDPsurvival.o’,
          ‘LDPDdoublyintsba.o’, ‘PSgamgam.o’, ‘PSgamgauss.o’,
          ‘PSgamlogit.o’, ‘PSgampois.o’, ‘PSgamprob.o’, ‘ToolsLDTFP.o’
    
    Compiled code should not call entry points which might terminate R nor
    write to stdout/stderr instead of to the console, nor use Fortran I/O
    nor system RNGs.
    
    See ‘Writing portable packages’ in the ‘Writing R Extensions’ manual.
Flavor: r-patched-solaris-x86
Version: 1.1-7.4
Check: compiled code
Result: NOTE
    File ‘DPpackage/libs/DPpackage.so’:
      Found ‘__gfortran_st_close’, possibly from ‘close’ (Fortran)
        Objects: ‘DPdensityreg.o’, ‘LDBDPdensity.o’, ‘LDDPdensity.o’,
          ‘LDDPsurvival.o’, ‘LDPDdoublyintsba.o’, ‘LDTFPdensity.o’,
          ‘LDTFPglmmpois.o’, ‘LDTFPsurvival.o’, ‘PSgamgam.o’,
          ‘PSgamgauss.o’, ‘PSgamlogit.o’, ‘PSgampois.o’, ‘PSgamprob.o’,
          ‘ToolsLDTFP.o’
      Found ‘__gfortran_st_open’, possibly from ‘open’ (Fortran)
        Objects: ‘DPdensityreg.o’, ‘LDBDPdensity.o’, ‘LDDPdensity.o’,
          ‘LDDPsurvival.o’, ‘LDPDdoublyintsba.o’, ‘LDTFPdensity.o’,
          ‘LDTFPglmmpois.o’, ‘LDTFPsurvival.o’, ‘PSgamgam.o’,
          ‘PSgamgauss.o’, ‘PSgamlogit.o’, ‘PSgampois.o’, ‘PSgamprob.o’,
          ‘ToolsLDTFP.o’
      Found ‘__gfortran_st_read’, possibly from ‘read’ (Fortran)
        Objects: ‘DPdensityreg.o’, ‘LDDPdensity.o’, ‘LDDPsurvival.o’,
          ‘LDPDdoublyintsba.o’, ‘PSgamgam.o’, ‘PSgamgauss.o’,
          ‘PSgamlogit.o’, ‘PSgampois.o’, ‘PSgamprob.o’, ‘ToolsLDTFP.o’
      Found ‘__gfortran_st_write’, possibly from ‘write’ (Fortran), ‘print’
        (Fortran)
        Objects: ‘DPdensityreg.o’, ‘LDBDPdensity.o’, ‘LDDPdensity.o’,
          ‘LDDPsurvival.o’, ‘LDPDdoublyintsba.o’, ‘LDTFPdensity.o’,
          ‘LDTFPglmmpois.o’, ‘LDTFPsurvival.o’, ‘PSgamgam.o’,
          ‘PSgamgauss.o’, ‘PSgamlogit.o’, ‘PSgampois.o’, ‘PSgamprob.o’
    
    Compiled code should not call entry points which might terminate R nor
    write to stdout/stderr instead of to the console, nor use Fortran I/O
    nor system RNGs.
    
    See ‘Writing portable packages’ in the ‘Writing R Extensions’ manual.
Flavors: r-release-osx-x86_64, r-oldrel-osx-x86_64