Last updated on 2019-09-02 09:51:21 CEST.
| Flavor | Version | Tinstall | Tcheck | Ttotal | Status | Flags | 
|---|---|---|---|---|---|---|
| r-devel-linux-x86_64-debian-clang | 0.5.1 | OK | ||||
| r-devel-linux-x86_64-debian-gcc | 0.5.1 | 4.79 | 175.30 | 180.09 | OK | |
| r-devel-linux-x86_64-fedora-clang | 0.5.1 | 256.90 | OK | |||
| r-devel-linux-x86_64-fedora-gcc | 0.5.1 | 255.20 | OK | |||
| r-devel-windows-ix86+x86_64 | 0.5.1 | 12.00 | 116.00 | 128.00 | OK | |
| r-patched-linux-x86_64 | 0.5.1 | 5.86 | 210.83 | 216.69 | OK | |
| r-patched-solaris-x86 | 0.5.1 | 171.20 | ERROR | |||
| r-release-linux-x86_64 | 0.5.1 | 5.52 | 213.04 | 218.56 | OK | |
| r-release-windows-ix86+x86_64 | 0.5.1 | 10.00 | 110.00 | 120.00 | OK | |
| r-release-osx-x86_64 | 0.5.1 | OK | ||||
| r-oldrel-windows-ix86+x86_64 | 0.5.1 | 6.00 | 149.00 | 155.00 | OK | |
| r-oldrel-osx-x86_64 | 0.5.1 | OK | 
Version: 0.5.1
Check: package dependencies
Result: NOTE
    Package suggested but not available for checking: ‘optweight’
Flavor: r-patched-solaris-x86
Version: 0.5.1
Check: Rd cross-references
Result: NOTE
    Package unavailable to check Rd xrefs: ‘optweight’
Flavor: r-patched-solaris-x86
Version: 0.5.1
Check: examples
Result: ERROR
    Running examples in ‘WeightIt-Ex.R’ failed
    The error most likely occurred in:
    
    > ### Name: method_optweight
    > ### Title: Optimization-Based Weighting
    > ### Aliases: method_optweight
    > 
    > ### ** Examples
    > 
    > library("cobalt")
    > data("lalonde", package = "cobalt")
    > 
    > #Balancing covariates between treatment groups (binary)
    > (W1 <- weightit(treat ~ age + educ + married +
    +                 nodegree + re74, data = lalonde,
    +                 method = "optweight", estimand = "ATT",
    +                 tols = 0))
    Error in loadNamespace(name) : there is no package called ‘optweight’
    Calls: weightit ... loadNamespace -> withRestarts -> withOneRestart -> doWithOneRestart
    Execution halted
Flavor: r-patched-solaris-x86