Last updated on 2019-10-16 07:49:29 CEST.
| Flavor | Version | Tinstall | Tcheck | Ttotal | Status | Flags | 
|---|---|---|---|---|---|---|
| r-devel-linux-x86_64-debian-clang | 0.3.1 | 2.26 | 2.11 | 4.37 | ERROR | |
| r-devel-linux-x86_64-debian-gcc | 0.3.1 | 2.09 | 1.53 | 3.62 | ERROR | |
| r-devel-linux-x86_64-fedora-clang | 0.3.1 | 2.27 | ERROR | |||
| r-devel-linux-x86_64-fedora-gcc | 0.3.1 | 2.09 | ERROR | |||
| r-devel-windows-ix86+x86_64 | 0.3.1 | 4.00 | 7.00 | 11.00 | ERROR | |
| r-patched-linux-x86_64 | 0.3.1 | 1.92 | 1.91 | 3.83 | ERROR | |
| r-patched-solaris-x86 | 0.3.1 | 7.40 | ERROR | |||
| r-release-linux-x86_64 | 0.3.1 | 2.29 | 1.87 | 4.16 | ERROR | |
| r-release-windows-ix86+x86_64 | 0.3.1 | 3.00 | 6.00 | 9.00 | ERROR | |
| r-release-osx-x86_64 | 0.3.1 | ERROR | ||||
| r-oldrel-windows-ix86+x86_64 | 0.3.1 | 2.00 | 8.00 | 10.00 | ERROR | |
| r-oldrel-osx-x86_64 | 0.3.1 | ERROR | 
Version: 0.3.1
Check: package dependencies
Result: ERROR
    Package required and available but unsuitable version: 'glasso'
    
    See section 'The DESCRIPTION file' in the 'Writing R Extensions'
    manual.
Flavors: r-devel-linux-x86_64-debian-clang, r-devel-linux-x86_64-debian-gcc, r-devel-linux-x86_64-fedora-clang, r-devel-linux-x86_64-fedora-gcc, r-devel-windows-ix86+x86_64, r-patched-linux-x86_64, r-patched-solaris-x86, r-release-linux-x86_64, r-release-windows-ix86+x86_64, r-release-osx-x86_64, r-oldrel-windows-ix86+x86_64, r-oldrel-osx-x86_64