Last updated on 2019-11-08 09:51:15 CET.
| Flavor | Version | Tinstall | Tcheck | Ttotal | Status | Flags | 
|---|---|---|---|---|---|---|
| r-devel-linux-x86_64-debian-clang | 1.9 | 17.82 | 2.54 | 20.36 | ERROR | |
| r-devel-linux-x86_64-debian-gcc | 1.9 | 17.80 | 78.73 | 96.53 | NOTE | |
| r-devel-linux-x86_64-fedora-clang | 1.9 | 28.12 | ERROR | |||
| r-devel-linux-x86_64-fedora-gcc | 1.9 | 147.78 | NOTE | |||
| r-devel-windows-ix86+x86_64 | 1.9 | 51.00 | 184.00 | 235.00 | OK | |
| r-patched-linux-x86_64 | 1.9 | 18.87 | 100.26 | 119.13 | OK | |
| r-patched-solaris-x86 | 1.9 | 189.00 | OK | |||
| r-release-linux-x86_64 | 1.9 | 21.14 | 100.61 | 121.75 | OK | |
| r-release-windows-ix86+x86_64 | 1.9 | 52.00 | 188.00 | 240.00 | OK | |
| r-release-osx-x86_64 | 1.9 | OK | ||||
| r-oldrel-windows-ix86+x86_64 | 1.9 | 43.00 | 160.00 | 203.00 | OK | |
| r-oldrel-osx-x86_64 | 1.9 | OK | 
Version: 1.9
Check: whether package can be installed
Result: ERROR
    Installation failed.
Flavors: r-devel-linux-x86_64-debian-clang, r-devel-linux-x86_64-fedora-clang
Version: 1.9
Check: for non-standard things in the check directory
Result: NOTE
    Found the following files/directories:
      ‘analyzefile.hdr’ ‘analyzefile.img’ ‘niftifile.nii’
Flavors: r-devel-linux-x86_64-debian-gcc, r-devel-linux-x86_64-fedora-gcc