Last updated on 2020-01-15 08:52:40 CET.
Flavor | Version | Tinstall | Tcheck | Ttotal | Status | Flags |
---|---|---|---|---|---|---|
r-devel-linux-x86_64-debian-clang | 1.1 | 2.24 | 30.68 | 32.92 | NOTE | |
r-devel-linux-x86_64-debian-gcc | 1.1 | 1.92 | 24.62 | 26.54 | NOTE | |
r-devel-linux-x86_64-fedora-clang | 1.1 | 40.76 | NOTE | |||
r-devel-linux-x86_64-fedora-gcc | 1.1 | 43.15 | NOTE | |||
r-devel-windows-ix86+x86_64 | 1.1 | 8.00 | 58.00 | 66.00 | OK | |
r-devel-windows-ix86+x86_64-gcc8 | 1.1 | 5.00 | 48.00 | 53.00 | OK | |
r-patched-linux-x86_64 | 1.1 | 1.78 | 28.72 | 30.50 | OK | |
r-patched-solaris-x86 | 1.1 | 62.80 | OK | |||
r-release-linux-x86_64 | 1.1 | 1.84 | 29.04 | 30.88 | OK | |
r-release-windows-ix86+x86_64 | 1.1 | 8.00 | 45.00 | 53.00 | OK | |
r-release-osx-x86_64 | 1.1 | OK | ||||
r-oldrel-windows-ix86+x86_64 | 1.1 | 2.00 | 62.00 | 64.00 | OK | |
r-oldrel-osx-x86_64 | 1.1 | OK |
Version: 1.1
Check: for non-standard things in the check directory
Result: NOTE
Found the following files/directories:
'cat.expressions.dir.2020-01-14.1.1'
'cat.expressions.dir.2020-01-14.1.2'
'cat.expressions.dir.2020-01-14.1.3'
'cat.expressions.dir.2020-01-14.1.4'
'cat.expressions.dir.2020-01-14.1.5'
'cat.expressions.dir.2020-01-14.1.6'
'cat.expressions.dir.2020-01-14.1.7'
'cat.expressions.dir.2020-01-14.1.8'
'cat.expressions.dir.2020-01-14.1.9'
'cat.expressions.dir.2020-01-14.2'
'cat.expressions.dir.2020-01-14.2.1'
'cat.expressions.dir.2020-01-14.2.2'
'cat.expressions.dir.2020-01-14.2.3'
'cat.expressions.dir.2020-01-14.2.4'
'cat.expressions.dir.2020-01-14.2.5'
'cat.expressions.dir.2020-01-14.2.6'
'cat.expressions.dir.2020-01-14.2.7' 'graphfactorD - 10-08-2016 -
Function Viz1.png' 'graphfactorD - 10-08-2016 - Function Viz10.png'
'graphfactorD - 10-08-2016 - Function Viz11.png' 'graphfactorD -
10-08-2016 - Function Viz12.png' 'graphfactorD - 10-08-2016 -
Function Viz2.png' 'graphfactorD - 10-08-2016 - Function Viz3.png'
'graphfactorD - 10-08-2016 - Function Viz4.png' 'graphfactorD -
10-08-2016 - Function Viz5.png' 'graphfactorD - 10-08-2016 - Function
Viz6.png'
Flavors: r-devel-linux-x86_64-debian-clang, r-devel-linux-x86_64-debian-gcc
Version: 1.1
Check: for non-standard things in the check directory
Result: NOTE
Found the following files/directories:
‘cat.expressions.dir.2020-01-04.1.1’
‘cat.expressions.dir.2020-01-04.1.2’
‘cat.expressions.dir.2020-01-04.1.3’
‘cat.expressions.dir.2020-01-04.1.4’
‘cat.expressions.dir.2020-01-04.1.5’
‘cat.expressions.dir.2020-01-04.1.6’
‘cat.expressions.dir.2020-01-04.1.7’
‘cat.expressions.dir.2020-01-04.1.8’
‘cat.expressions.dir.2020-01-04.1.9’
‘cat.expressions.dir.2020-01-04.2’
‘cat.expressions.dir.2020-01-04.2.1’
‘cat.expressions.dir.2020-01-04.2.2’
‘cat.expressions.dir.2020-01-04.2.3’
‘cat.expressions.dir.2020-01-04.2.4’
‘cat.expressions.dir.2020-01-04.2.5’
‘cat.expressions.dir.2020-01-04.2.6’
‘cat.expressions.dir.2020-01-04.2.7’ ‘graphfactorD - 10-08-2016 -
Function Viz1.png’ ‘graphfactorD - 10-08-2016 - Function Viz10.png’
‘graphfactorD - 10-08-2016 - Function Viz11.png’ ‘graphfactorD -
10-08-2016 - Function Viz12.png’ ‘graphfactorD - 10-08-2016 -
Function Viz2.png’ ‘graphfactorD - 10-08-2016 - Function Viz3.png’
‘graphfactorD - 10-08-2016 - Function Viz4.png’ ‘graphfactorD -
10-08-2016 - Function Viz5.png’ ‘graphfactorD - 10-08-2016 - Function
Viz6.png’
Flavor: r-devel-linux-x86_64-fedora-clang
Version: 1.1
Check: for non-standard things in the check directory
Result: NOTE
Found the following files/directories:
‘cat.expressions.dir.2020-01-05.1.1’
‘cat.expressions.dir.2020-01-05.1.2’
‘cat.expressions.dir.2020-01-05.1.3’
‘cat.expressions.dir.2020-01-05.1.4’
‘cat.expressions.dir.2020-01-05.1.5’
‘cat.expressions.dir.2020-01-05.1.6’
‘cat.expressions.dir.2020-01-05.1.7’
‘cat.expressions.dir.2020-01-05.1.8’
‘cat.expressions.dir.2020-01-05.1.9’
‘cat.expressions.dir.2020-01-05.2’
‘cat.expressions.dir.2020-01-05.2.1’
‘cat.expressions.dir.2020-01-05.2.2’
‘cat.expressions.dir.2020-01-05.2.3’
‘cat.expressions.dir.2020-01-05.2.4’
‘cat.expressions.dir.2020-01-05.2.5’
‘cat.expressions.dir.2020-01-05.2.6’
‘cat.expressions.dir.2020-01-05.2.7’ ‘graphfactorD - 10-08-2016 -
Function Viz1.png’ ‘graphfactorD - 10-08-2016 - Function Viz10.png’
‘graphfactorD - 10-08-2016 - Function Viz11.png’ ‘graphfactorD -
10-08-2016 - Function Viz12.png’ ‘graphfactorD - 10-08-2016 -
Function Viz2.png’ ‘graphfactorD - 10-08-2016 - Function Viz3.png’
‘graphfactorD - 10-08-2016 - Function Viz4.png’ ‘graphfactorD -
10-08-2016 - Function Viz5.png’ ‘graphfactorD - 10-08-2016 - Function
Viz6.png’
Flavor: r-devel-linux-x86_64-fedora-gcc