Last updated on 2020-01-16 15:48:23 CET.
| Flavor | Version | Tinstall | Tcheck | Ttotal | Status | Flags | 
|---|---|---|---|---|---|---|
| r-devel-linux-x86_64-debian-clang | 1.0-7 | 3.52 | 61.76 | 65.28 | NOTE | |
| r-devel-linux-x86_64-debian-gcc | 1.0-7 | 2.59 | 42.34 | 44.93 | NOTE | |
| r-devel-linux-x86_64-fedora-clang | 1.0-7 | 77.64 | NOTE | |||
| r-devel-linux-x86_64-fedora-gcc | 1.0-7 | 73.42 | NOTE | |||
| r-devel-windows-ix86+x86_64 | 1.0-7 | 15.00 | 134.00 | 149.00 | NOTE | |
| r-devel-windows-ix86+x86_64-gcc8 | 1.0-7 | 9.00 | 148.00 | 157.00 | NOTE | |
| r-patched-linux-x86_64 | 1.0-7 | 2.83 | 55.13 | 57.96 | NOTE | |
| r-patched-solaris-x86 | 1.0-7 | 113.80 | NOTE | |||
| r-release-linux-x86_64 | 1.0-7 | 2.78 | 55.56 | 58.34 | NOTE | |
| r-release-windows-ix86+x86_64 | 1.0-7 | 17.00 | 116.00 | 133.00 | NOTE | |
| r-release-osx-x86_64 | 1.0-7 | NOTE | ||||
| r-oldrel-windows-ix86+x86_64 | 1.0-7 | 14.00 | 146.00 | 160.00 | NOTE | |
| r-oldrel-osx-x86_64 | 1.0-7 | NOTE | 
Version: 1.0-7
Check: R code for possible problems
Result: NOTE
    M0: no visible global function definition for 'fft'
    M1: no visible global function definition for 'fft'
    bpk: no visible binding for global variable 'dnorm'
    bpkde: no visible binding for global variable 'dnorm'
    bpkde: no visible binding for global variable 'bw.SJ'
    bpkde: no visible global function definition for 'rnorm'
    bpkde: no visible global function definition for 'fft'
    bpkde: no visible global function definition for 'optimize'
    contour.discretize.kernel: no visible global function definition for
      'contour.default'
    contour.mvkde: no visible global function definition for
      'contour.default'
    image.discretize.kernel: no visible global function definition for
      'image.default'
    image.discretize.kernel: no visible global function definition for
      'gray'
    image.mvkde: no visible global function definition for 'image.default'
    image.mvkde: no visible global function definition for 'gray'
    image.mvlinbin: no visible global function definition for 'image'
    image.mvlinbin: no visible global function definition for 'gray'
    plot.discretize.kernel: no visible global function definition for
      'mtext'
    plot.discretize.kernel: no visible global function definition for 'par'
    plot.mvkde: no visible global function definition for 'mtext'
    plot.mvkde: no visible global function definition for 'par'
    plot.mvlinbin: no visible global function definition for 'plot'
    plot.mvlinbin: no visible global function definition for 'mtext'
    plot.mvlinbin: no visible global function definition for 'par'
    Undefined global functions or variables:
      bw.SJ contour.default dnorm fft gray image image.default mtext
      optimize par plot rnorm
    Consider adding
      importFrom("grDevices", "gray")
      importFrom("graphics", "contour.default", "image", "image.default",
                 "mtext", "par", "plot")
      importFrom("stats", "bw.SJ", "dnorm", "fft", "optimize", "rnorm")
    to your NAMESPACE file.
Flavors: r-devel-linux-x86_64-debian-clang, r-devel-linux-x86_64-debian-gcc, r-devel-linux-x86_64-fedora-clang, r-devel-linux-x86_64-fedora-gcc, r-devel-windows-ix86+x86_64, r-devel-windows-ix86+x86_64-gcc8, r-patched-linux-x86_64, r-patched-solaris-x86, r-release-linux-x86_64, r-release-windows-ix86+x86_64, r-release-osx-x86_64, r-oldrel-windows-ix86+x86_64, r-oldrel-osx-x86_64
Version: 1.0-7
Check: compiled code
Result: NOTE
    File ‘bpkde/libs/bpkde.so’:
      Found no call to: ‘R_useDynamicSymbols’
    
    It is good practice to register native routines and to disable symbol
    search.
    
    See ‘Writing portable packages’ in the ‘Writing R Extensions’ manual.
Flavors: r-devel-linux-x86_64-fedora-clang, r-devel-linux-x86_64-fedora-gcc