Last updated on 2020-02-14 08:53:59 CET.
Flavor | Version | Tinstall | Tcheck | Ttotal | Status | Flags |
---|---|---|---|---|---|---|
r-devel-linux-x86_64-debian-clang | 1.2 | 2.48 | 2.48 | ERROR | ||
r-devel-linux-x86_64-debian-gcc | 1.2 | 1.76 | 1.76 | ERROR | ||
r-devel-linux-x86_64-fedora-clang | 1.2 | 2.41 | ERROR | |||
r-devel-linux-x86_64-fedora-gcc | 1.2 | 2.41 | ERROR | |||
r-devel-windows-ix86+x86_64 | 1.2 | 10.00 | 120.00 | 130.00 | NOTE | |
r-devel-windows-ix86+x86_64-gcc8 | 1.2 | 11.00 | 140.00 | 151.00 | NOTE | |
r-patched-linux-x86_64 | 1.2 | 3.78 | 90.86 | 94.64 | OK | |
r-patched-solaris-x86 | 1.2 | 9.60 | ERROR | |||
r-release-linux-x86_64 | 1.2 | 2.11 | 2.11 | ERROR | ||
r-release-windows-ix86+x86_64 | 1.2 | 7.00 | 111.00 | 118.00 | OK | |
r-release-osx-x86_64 | 1.2 | NOTE | ||||
r-oldrel-windows-ix86+x86_64 | 1.2 | 6.00 | 103.00 | 109.00 | OK | |
r-oldrel-osx-x86_64 | 1.2 | NOTE |
Version: 1.2
Check: package dependencies
Result: ERROR
Package required but not available: 'SDMTools'
See section 'The DESCRIPTION file' in the 'Writing R Extensions'
manual.
Flavors: r-devel-linux-x86_64-debian-clang, r-devel-linux-x86_64-debian-gcc, r-devel-linux-x86_64-fedora-clang, r-devel-linux-x86_64-fedora-gcc, r-release-linux-x86_64
Version: 1.2
Check: package vignettes
Result: NOTE
Package vignette with placeholder title 'Vignette Title':
'my-vignette.Rmd'
Flavors: r-devel-windows-ix86+x86_64, r-devel-windows-ix86+x86_64-gcc8
Version: 1.2
Check: package dependencies
Result: ERROR
Package required but not available: ‘SDMTools’
Package suggested but not available for checking: ‘testthat’
See section ‘The DESCRIPTION file’ in the ‘Writing R Extensions’
manual.
Flavor: r-patched-solaris-x86
Version: 1.2
Check: dependencies in R code
Result: NOTE
Namespace in Imports field not imported from: ‘gbm’
All declared Imports should be used.
Flavors: r-release-osx-x86_64, r-oldrel-osx-x86_64