Last updated on 2020-03-03 16:51:30 CET.
| Flavor | Version | Tinstall | Tcheck | Ttotal | Status | Flags | 
|---|---|---|---|---|---|---|
| r-devel-linux-x86_64-debian-clang | 1.15.5 | 35.46 | 68.88 | 104.34 | NOTE | |
| r-devel-linux-x86_64-debian-gcc | 1.15.5 | 26.66 | 52.97 | 79.63 | WARN | |
| r-devel-linux-x86_64-fedora-clang | 1.15.5 | 124.66 | NOTE | |||
| r-devel-linux-x86_64-fedora-gcc | 1.15.5 | 124.07 | WARN | |||
| r-devel-windows-ix86+x86_64 | 1.15.5 | 76.00 | 137.00 | 213.00 | OK | |
| r-devel-windows-ix86+x86_64-gcc8 | 1.15.5 | 84.00 | 139.00 | 223.00 | OK | |
| r-patched-linux-x86_64 | 1.15.5 | 32.79 | 65.07 | 97.86 | OK | |
| r-patched-solaris-x86 | 1.15.5 | 167.40 | OK | |||
| r-release-linux-x86_64 | 1.15.5 | 33.14 | 65.48 | 98.62 | OK | |
| r-release-windows-ix86+x86_64 | 1.15.5 | 78.00 | 254.00 | 332.00 | OK | |
| r-release-osx-x86_64 | 1.15.5 | OK | ||||
| r-oldrel-windows-ix86+x86_64 | 1.15.5 | 67.00 | 208.00 | 275.00 | OK | |
| r-oldrel-osx-x86_64 | 1.15.5 | OK | 
Version: 1.15.5
Check: for non-standard things in the check directory
Result: NOTE
    Found the following files/directories:
      'cnet.dot'
Flavors: r-devel-linux-x86_64-debian-clang, r-devel-linux-x86_64-debian-gcc, r-devel-linux-x86_64-fedora-clang, r-devel-linux-x86_64-fedora-gcc
Version: 1.15.5
Check: whether package can be installed
Result: WARN
    Found the following significant warnings:
      catnet_rexport.cpp:207:63: warning: passing argument 1 to restrict-qualified parameter aliases with argument 3 [-Wrestrict]
      catnet_rexport.cpp:211:34: warning: passing argument 1 to restrict-qualified parameter aliases with argument 3 [-Wrestrict]
      catnet_rexport.cpp:218:45: warning: passing argument 1 to restrict-qualified parameter aliases with argument 3 [-Wrestrict]
      catnet_rexport.cpp:221:65: warning: passing argument 1 to restrict-qualified parameter aliases with argument 3 [-Wrestrict]
      catnet_rexport.cpp:222:36: warning: passing argument 1 to restrict-qualified parameter aliases with argument 3 [-Wrestrict]
      catnet_rexport.cpp:225:36: warning: passing argument 1 to restrict-qualified parameter aliases with argument 3 [-Wrestrict]
      catnet_rexport.cpp:236:63: warning: passing argument 1 to restrict-qualified parameter aliases with argument 3 [-Wrestrict]
      catnet_rexport.cpp:237:36: warning: passing argument 1 to restrict-qualified parameter aliases with argument 3 [-Wrestrict]
      rcatnet.cpp:368:104: warning: passing argument 1 to restrict-qualified parameter aliases with argument 3 [-Wrestrict]
Flavors: r-devel-linux-x86_64-debian-gcc, r-devel-linux-x86_64-fedora-gcc