Last updated on 2020-03-07 11:48:13 CET.
Flavor | Version | Tinstall | Tcheck | Ttotal | Status | Flags |
---|---|---|---|---|---|---|
r-devel-linux-x86_64-debian-clang | 2.1.1 | 20.11 | 119.86 | 139.97 | OK | |
r-devel-linux-x86_64-debian-gcc | 2.1.1 | 16.33 | 91.48 | 107.81 | OK | |
r-devel-linux-x86_64-fedora-clang | 2.1.1 | 172.30 | OK | |||
r-devel-linux-x86_64-fedora-gcc | 2.1.1 | 163.89 | OK | |||
r-devel-windows-ix86+x86_64 | 2.1.1 | 47.00 | 125.00 | 172.00 | OK | |
r-devel-windows-ix86+x86_64-gcc8 | 2.1.1 | 30.00 | 131.00 | 161.00 | OK | |
r-patched-linux-x86_64 | 2.1.1 | 17.78 | 105.68 | 123.46 | OK | |
r-patched-solaris-x86 | 2.1.1 | 229.30 | OK | |||
r-release-linux-x86_64 | 2.1.1 | 17.52 | 107.05 | 124.57 | OK | |
r-release-windows-ix86+x86_64 | 2.1.1 | 32.00 | 112.00 | 144.00 | OK | |
r-release-osx-x86_64 | 2.1.1 | OK | ||||
r-oldrel-windows-ix86+x86_64 | 2.1.0 | 27.00 | 144.00 | 171.00 | OK | |
r-oldrel-osx-x86_64 | 2.1.1 | ERROR |
Version: 2.1.1
Check: whether package can be installed
Result: ERROR
Installation failed.
Flavor: r-oldrel-osx-x86_64