Last updated on 2020-04-09 09:48:30 CEST.
| Flavor | Version | Tinstall | Tcheck | Ttotal | Status | Flags | 
|---|---|---|---|---|---|---|
| r-devel-linux-x86_64-debian-clang | 0.4 | 15.53 | 72.10 | 87.63 | WARN | |
| r-devel-linux-x86_64-debian-gcc | 0.4 | 12.26 | 55.82 | 68.08 | WARN | |
| r-devel-linux-x86_64-fedora-clang | 0.4 | 108.65 | WARN | |||
| r-devel-linux-x86_64-fedora-gcc | 0.4 | 102.47 | WARN | |||
| r-devel-windows-ix86+x86_64 | 0.4 | 21.00 | 134.00 | 155.00 | WARN | |
| r-devel-windows-ix86+x86_64-gcc8 | 0.4 | 21.00 | 98.00 | 119.00 | WARN | |
| r-patched-linux-x86_64 | 0.4 | 12.75 | 70.40 | 83.15 | WARN | |
| r-patched-osx-x86_64 | 0.4 | WARN | ||||
| r-patched-solaris-x86 | 0.4 | 148.40 | WARN | |||
| r-release-linux-x86_64 | 0.4 | 10.99 | 67.06 | 78.05 | OK | |
| r-release-windows-ix86+x86_64 | 0.4 | 21.00 | 139.00 | 160.00 | OK | |
| r-release-osx-x86_64 | 0.4 | OK | ||||
| r-oldrel-windows-ix86+x86_64 | 0.4 | 24.00 | 91.00 | 115.00 | OK | |
| r-oldrel-osx-x86_64 | 0.4 | OK | 
Version: 0.4
Check: re-building of vignette outputs
Result: WARN
    Error(s) in re-building vignettes:
      ...
    --- re-building 'example.Rmd' using rmarkdown
    --- finished re-building 'example.Rmd'
    
    --- re-building 'fda-example.Rmd' using rmarkdown
    Quitting from lines 242-244 (fda-example.Rmd) 
    Error: processing vignette 'fda-example.Rmd' failed with diagnostics:
    attempt to set an attribute on NULL
    --- failed re-building 'fda-example.Rmd'
    
    --- re-building 'single-style.Rmd' using rmarkdown
    --- finished re-building 'single-style.Rmd'
    
    --- re-building 'summary-example.Rmd' using rmarkdown
    --- finished re-building 'summary-example.Rmd'
    
    SUMMARY: processing the following file failed:
      'fda-example.Rmd'
    
    Error: Vignette re-building failed.
    Execution halted
Flavors: r-devel-linux-x86_64-debian-clang, r-devel-linux-x86_64-debian-gcc, r-patched-linux-x86_64
Version: 0.4
Check: re-building of vignette outputs
Result: WARN
    Error(s) in re-building vignettes:
    --- re-building ‘example.Rmd’ using rmarkdown
    --- finished re-building ‘example.Rmd’
    
    --- re-building ‘fda-example.Rmd’ using rmarkdown
    Quitting from lines 242-244 (fda-example.Rmd) 
    Error: processing vignette 'fda-example.Rmd' failed with diagnostics:
    attempt to set an attribute on NULL
    --- failed re-building ‘fda-example.Rmd’
    
    --- re-building ‘single-style.Rmd’ using rmarkdown
    --- finished re-building ‘single-style.Rmd’
    
    --- re-building ‘summary-example.Rmd’ using rmarkdown
    --- finished re-building ‘summary-example.Rmd’
    
    SUMMARY: processing the following file failed:
      ‘fda-example.Rmd’
    
    Error: Vignette re-building failed.
    Execution halted
Flavors: r-devel-linux-x86_64-fedora-clang, r-devel-linux-x86_64-fedora-gcc, r-devel-windows-ix86+x86_64, r-devel-windows-ix86+x86_64-gcc8
Version: 0.4
Check: re-building of vignette outputs
Result: WARN
    Error(s) in re-building vignettes:
    --- re-building ‘example.Rmd’ using rmarkdown
    Warning in engine$weave(file, quiet = quiet, encoding = enc) :
      Pandoc (>= 1.12.3) and/or pandoc-citeproc not available. Falling back to R Markdown v1.
    --- finished re-building ‘example.Rmd’
    
    --- re-building ‘fda-example.Rmd’ using rmarkdown
    Warning in engine$weave(file, quiet = quiet, encoding = enc) :
      Pandoc (>= 1.12.3) and/or pandoc-citeproc not available. Falling back to R Markdown v1.
    Quitting from lines 242-244 (fda-example.Rmd) 
    Error: processing vignette 'fda-example.Rmd' failed with diagnostics:
    attempt to set an attribute on NULL
    --- failed re-building ‘fda-example.Rmd’
    
    --- re-building ‘single-style.Rmd’ using rmarkdown
    Warning in engine$weave(file, quiet = quiet, encoding = enc) :
      Pandoc (>= 1.12.3) and/or pandoc-citeproc not available. Falling back to R Markdown v1.
    --- finished re-building ‘single-style.Rmd’
    
    --- re-building ‘summary-example.Rmd’ using rmarkdown
    Warning in engine$weave(file, quiet = quiet, encoding = enc) :
      Pandoc (>= 1.12.3) and/or pandoc-citeproc not available. Falling back to R Markdown v1.
    --- finished re-building ‘summary-example.Rmd’
    
    SUMMARY: processing the following file failed:
      ‘fda-example.Rmd’
    
    Error: Vignette re-building failed.
    Execution halted
Flavor: r-patched-osx-x86_64
Version: 0.4
Check: re-building of vignette outputs
Result: WARN
    Error(s) in re-building vignettes:
      ...
    --- re-building ‘example.Rmd’ using rmarkdown
    Warning in engine$weave(file, quiet = quiet, encoding = enc) :
      Pandoc (>= 1.12.3) and/or pandoc-citeproc not available. Falling back to R Markdown v1.
    --- finished re-building ‘example.Rmd’
    
    --- re-building ‘fda-example.Rmd’ using rmarkdown
    Warning in engine$weave(file, quiet = quiet, encoding = enc) :
      Pandoc (>= 1.12.3) and/or pandoc-citeproc not available. Falling back to R Markdown v1.
    Quitting from lines 242-244 (fda-example.Rmd) 
    Error: processing vignette 'fda-example.Rmd' failed with diagnostics:
    attempt to set an attribute on NULL
    --- failed re-building ‘fda-example.Rmd’
    
    --- re-building ‘single-style.Rmd’ using rmarkdown
    Warning in engine$weave(file, quiet = quiet, encoding = enc) :
      Pandoc (>= 1.12.3) and/or pandoc-citeproc not available. Falling back to R Markdown v1.
    --- finished re-building ‘single-style.Rmd’
    
    --- re-building ‘summary-example.Rmd’ using rmarkdown
    Warning in engine$weave(file, quiet = quiet, encoding = enc) :
      Pandoc (>= 1.12.3) and/or pandoc-citeproc not available. Falling back to R Markdown v1.
    --- finished re-building ‘summary-example.Rmd’
    
    SUMMARY: processing the following file failed:
      ‘fda-example.Rmd’
    
    Error: Vignette re-building failed.
    Execution halted
Flavor: r-patched-solaris-x86