Last updated on 2020-06-12 06:47:05 CEST.
| Flavor | Version | Tinstall | Tcheck | Ttotal | Status | Flags | 
|---|---|---|---|---|---|---|
| r-devel-linux-x86_64-debian-clang | 1.1.3.1 | 10.99 | 122.39 | 133.38 | OK | |
| r-devel-linux-x86_64-debian-gcc | 1.1.3.1 | 9.12 | 92.26 | 101.38 | OK | |
| r-devel-linux-x86_64-fedora-clang | 1.1.3.1 | 136.53 | OK | |||
| r-devel-linux-x86_64-fedora-gcc | 1.1.3.1 | 131.73 | OK | |||
| r-devel-windows-ix86+x86_64 | 1.1.3.1 | 38.00 | 147.00 | 185.00 | OK | |
| r-patched-linux-x86_64 | 1.1.3.1 | 9.00 | 120.02 | 129.02 | OK | |
| r-patched-solaris-x86 | 1.1.3.1 | 176.80 | ERROR | |||
| r-release-linux-x86_64 | 1.1.3.1 | 9.69 | 118.99 | 128.68 | OK | |
| r-release-osx-x86_64 | 1.1.3.1 | OK | ||||
| r-release-windows-ix86+x86_64 | 1.1.3.1 | 27.00 | 131.00 | 158.00 | OK | |
| r-oldrel-osx-x86_64 | 1.1.3.1 | ERROR | ||||
| r-oldrel-windows-ix86+x86_64 | 1.1.3.1 | 40.00 | 130.00 | 170.00 | OK | 
Version: 1.1.3.1
Check: examples
Result: ERROR
    Running examples in ‘dmdScheme-Ex.R’ failed
    The error most likely occurred in:
    
    > ### Name: report
    > ### Title: Generic function for creating a report from an object 'x'
    > ### Aliases: report report.character report.dmdScheme_validation
    > 
    > ### ** Examples
    > 
    > ## Report of `dmdScheme_validation`
    > report( scheme_path_xlsx() )
    Validating Experiment
    Validating Genus
    Validating Treatments
    Validating Measurement
    Validating DataExtraction
    Validating DataFileMetaData
    Error: pandoc version 1.12.3 or higher is required and was not found (see the help page ?rmarkdown::pandoc_available).
    Execution halted
Flavors: r-patched-solaris-x86, r-oldrel-osx-x86_64