Last updated on 2020-06-22 05:48:27 CEST.
| Flavor | Version | Tinstall | Tcheck | Ttotal | Status | Flags | 
|---|---|---|---|---|---|---|
| r-devel-linux-x86_64-debian-clang | 0.6.0.0 | 131.41 | 103.78 | 235.19 | NOTE | |
| r-devel-linux-x86_64-debian-gcc | 0.6.0.0 | 120.74 | 78.04 | 198.78 | NOTE | |
| r-devel-linux-x86_64-fedora-clang | 0.6.0.0 | 311.32 | NOTE | |||
| r-devel-linux-x86_64-fedora-gcc | 0.6.0.0 | 312.40 | NOTE | |||
| r-devel-windows-ix86+x86_64 | 0.6.0.0 | 90.00 | 6.00 | 96.00 | ERROR | |
| r-patched-linux-x86_64 | 0.6.0.0 | 126.33 | 103.83 | 230.16 | NOTE | |
| r-patched-solaris-x86 | 0.6.0.0 | 344.90 | NOTE | |||
| r-release-linux-x86_64 | 0.6.0.0 | 124.34 | 101.81 | 226.15 | NOTE | |
| r-release-osx-x86_64 | 0.6.0.0 | NOTE | ||||
| r-release-windows-ix86+x86_64 | 0.6.0.0 | 208.00 | 207.00 | 415.00 | NOTE | |
| r-oldrel-osx-x86_64 | 0.6.0.0 | NOTE | ||||
| r-oldrel-windows-ix86+x86_64 | 0.6.0.0 | 214.00 | 266.00 | 480.00 | NOTE | 
Version: 0.6.0.0
Check: for GNU extensions in Makefiles
Result: NOTE
    GNU make is a SystemRequirements.
Flavors: r-devel-linux-x86_64-debian-clang, r-devel-linux-x86_64-debian-gcc, r-devel-linux-x86_64-fedora-clang, r-devel-linux-x86_64-fedora-gcc, r-patched-linux-x86_64, r-patched-solaris-x86, r-release-linux-x86_64, r-release-osx-x86_64, r-release-windows-ix86+x86_64, r-oldrel-osx-x86_64, r-oldrel-windows-ix86+x86_64
Version: 0.6.0.0
Check: installed package size
Result: NOTE
      installed size is 33.6Mb
      sub-directories of 1Mb or more:
        libs  33.4Mb
Flavors: r-devel-linux-x86_64-fedora-clang, r-release-osx-x86_64, r-oldrel-osx-x86_64
Version: 0.6.0.0
Check: whether package can be installed
Result: ERROR
    Installation failed.
Flavor: r-devel-windows-ix86+x86_64