Last updated on 2020-06-27 08:49:30 CEST.
| Flavor | Version | Tinstall | Tcheck | Ttotal | Status | Flags | 
|---|---|---|---|---|---|---|
| r-devel-linux-x86_64-fedora-clang | 0.7.0 | 139.37 | NOTE | |||
| r-devel-linux-x86_64-fedora-gcc | 0.7.0 | 152.83 | OK | |||
| r-patched-solaris-x86 | 0.7.0 | 7.00 | ERROR | 
Version: 0.7.0
Check: installed package size
Result: NOTE
      installed size is 40.5Mb
      sub-directories of 1Mb or more:
        libs        7.7Mb
        notebooks   1.6Mb
        tiledb     29.7Mb
Flavor: r-devel-linux-x86_64-fedora-clang
Version: 0.7.0
Check: whether package can be installed
Result: ERROR
    Installation failed.
Flavor: r-patched-solaris-x86