Last updated on 2020-06-28 08:48:24 CEST.
Flavor | Version | Tinstall | Tcheck | Ttotal | Status | Flags |
---|---|---|---|---|---|---|
r-devel-linux-x86_64-debian-clang | 1.2.100 | 16.87 | 164.87 | 181.74 | ERROR | |
r-devel-linux-x86_64-debian-gcc | 1.2.100 | 14.45 | 121.81 | 136.26 | ERROR | |
r-devel-linux-x86_64-fedora-clang | 1.2.100 | 225.95 | ERROR | |||
r-devel-linux-x86_64-fedora-gcc | 1.2.100 | 221.95 | ERROR | |||
r-devel-windows-ix86+x86_64 | 1.2.100 | 51.00 | 406.00 | 457.00 | ERROR | |
r-patched-linux-x86_64 | 1.2.100 | 18.30 | 158.48 | 176.78 | ERROR | |
r-patched-solaris-x86 | 1.2.100 | 289.00 | WARN | |||
r-release-linux-x86_64 | 1.2.100 | 18.68 | 158.07 | 176.75 | ERROR | |
r-release-osx-x86_64 | 1.2.100 | OK | ||||
r-release-windows-ix86+x86_64 | 1.2.100 | 51.00 | 283.00 | 334.00 | ERROR | |
r-oldrel-osx-x86_64 | 1.2.100 | WARN | ||||
r-oldrel-windows-ix86+x86_64 | 1.2.100 | 42.00 | 486.00 | 528.00 | ERROR |
Version: 1.2.100
Check: tests
Result: ERROR
Running 'testthat.R' [8s/9s]
Running the tests in 'tests/testthat.R' failed.
Complete output:
> library(testthat)
> library(PWFSLSmoke)
Loading required package: dplyr
Attaching package: 'dplyr'
The following object is masked from 'package:testthat':
matches
The following objects are masked from 'package:stats':
filter, lag
The following objects are masked from 'package:base':
intersect, setdiff, setequal, union
Loading required package: maps
Loading required package: MazamaCoreUtils
Loading required package: MazamaSpatialUtils
Loading required package: sp
Attaching package: 'PWFSLSmoke'
The following objects are masked from 'package:MazamaCoreUtils':
loadDataFile, parseDatetime
>
> test_check("PWFSLSmoke")
-- 1. Failure: arguments are validated (@test-timeinfo.R#19) ------------------
`timeInfo <- timeInfo(datetime, longitude, latitude)` produced warnings.
== testthat results ===========================================================
[ OK: 41 | SKIPPED: 2 | WARNINGS: 16 | FAILED: 1 ]
1. Failure: arguments are validated (@test-timeinfo.R#19)
Error: testthat unit tests failed
Execution halted
Flavor: r-devel-linux-x86_64-debian-clang
Version: 1.2.100
Check: tests
Result: ERROR
Running ‘testthat.R’ [5s/10s]
Running the tests in ‘tests/testthat.R’ failed.
Complete output:
> library(testthat)
> library(PWFSLSmoke)
Loading required package: dplyr
Attaching package: 'dplyr'
The following object is masked from 'package:testthat':
matches
The following objects are masked from 'package:stats':
filter, lag
The following objects are masked from 'package:base':
intersect, setdiff, setequal, union
Loading required package: maps
Loading required package: MazamaCoreUtils
Loading required package: MazamaSpatialUtils
Loading required package: sp
Attaching package: 'PWFSLSmoke'
The following objects are masked from 'package:MazamaCoreUtils':
loadDataFile, parseDatetime
>
> test_check("PWFSLSmoke")
── 1. Failure: arguments are validated (@test-timeinfo.R#19) ──────────────────
`timeInfo <- timeInfo(datetime, longitude, latitude)` produced warnings.
══ testthat results ═══════════════════════════════════════════════════════════
[ OK: 41 | SKIPPED: 2 | WARNINGS: 16 | FAILED: 1 ]
1. Failure: arguments are validated (@test-timeinfo.R#19)
Error: testthat unit tests failed
Execution halted
Flavor: r-devel-linux-x86_64-debian-gcc
Version: 1.2.100
Check: package dependencies
Result: NOTE
Imports includes 30 non-default packages.
Importing from so many packages makes the package vulnerable to any of
them becoming unavailable. Move as many as possible to Suggests and
use conditionally.
Flavor: r-devel-linux-x86_64-fedora-clang
Version: 1.2.100
Check: tests
Result: ERROR
Running ‘testthat.R’ [8s/19s]
Running the tests in ‘tests/testthat.R’ failed.
Complete output:
> library(testthat)
> library(PWFSLSmoke)
Loading required package: dplyr
Attaching package: 'dplyr'
The following object is masked from 'package:testthat':
matches
The following objects are masked from 'package:stats':
filter, lag
The following objects are masked from 'package:base':
intersect, setdiff, setequal, union
Loading required package: maps
Loading required package: MazamaCoreUtils
Loading required package: MazamaSpatialUtils
Loading required package: sp
Attaching package: 'PWFSLSmoke'
The following objects are masked from 'package:MazamaCoreUtils':
loadDataFile, parseDatetime
>
> test_check("PWFSLSmoke")
── 1. Failure: arguments are validated (@test-timeinfo.R#19) ──────────────────
`timeInfo <- timeInfo(datetime, longitude, latitude)` produced warnings.
══ testthat results ═══════════════════════════════════════════════════════════
[ OK: 41 | SKIPPED: 2 | WARNINGS: 16 | FAILED: 1 ]
1. Failure: arguments are validated (@test-timeinfo.R#19)
Error: testthat unit tests failed
Execution halted
Flavor: r-devel-linux-x86_64-fedora-clang
Version: 1.2.100
Check: tests
Result: ERROR
Running ‘testthat.R’ [9s/21s]
Running the tests in ‘tests/testthat.R’ failed.
Complete output:
> library(testthat)
> library(PWFSLSmoke)
Loading required package: dplyr
Attaching package: 'dplyr'
The following object is masked from 'package:testthat':
matches
The following objects are masked from 'package:stats':
filter, lag
The following objects are masked from 'package:base':
intersect, setdiff, setequal, union
Loading required package: maps
Loading required package: MazamaCoreUtils
Loading required package: MazamaSpatialUtils
Loading required package: sp
Attaching package: 'PWFSLSmoke'
The following objects are masked from 'package:MazamaCoreUtils':
loadDataFile, parseDatetime
>
> test_check("PWFSLSmoke")
── 1. Failure: arguments are validated (@test-timeinfo.R#19) ──────────────────
`timeInfo <- timeInfo(datetime, longitude, latitude)` produced warnings.
══ testthat results ═══════════════════════════════════════════════════════════
[ OK: 41 | SKIPPED: 2 | WARNINGS: 16 | FAILED: 1 ]
1. Failure: arguments are validated (@test-timeinfo.R#19)
Error: testthat unit tests failed
Execution halted
Flavor: r-devel-linux-x86_64-fedora-gcc
Version: 1.2.100
Check: tests
Result: ERROR
Running 'testthat.R' [12s]
Running the tests in 'tests/testthat.R' failed.
Complete output:
> library(testthat)
> library(PWFSLSmoke)
Loading required package: dplyr
Attaching package: 'dplyr'
The following object is masked from 'package:testthat':
matches
The following objects are masked from 'package:stats':
filter, lag
The following objects are masked from 'package:base':
intersect, setdiff, setequal, union
Loading required package: maps
Loading required package: MazamaCoreUtils
Loading required package: MazamaSpatialUtils
Loading required package: sp
Attaching package: 'PWFSLSmoke'
The following objects are masked from 'package:MazamaCoreUtils':
loadDataFile, parseDatetime
>
> test_check("PWFSLSmoke")
-- 1. Failure: arguments are validated (@test-timeinfo.R#19) ------------------
`timeInfo <- timeInfo(datetime, longitude, latitude)` produced warnings.
== testthat results ===========================================================
[ OK: 41 | SKIPPED: 2 | WARNINGS: 16 | FAILED: 1 ]
1. Failure: arguments are validated (@test-timeinfo.R#19)
Error: testthat unit tests failed
Execution halted
Flavor: r-devel-windows-ix86+x86_64
Version: 1.2.100
Check: tests
Result: ERROR
Running ‘testthat.R’ [7s/9s]
Running the tests in ‘tests/testthat.R’ failed.
Complete output:
> library(testthat)
> library(PWFSLSmoke)
Loading required package: dplyr
Attaching package: 'dplyr'
The following object is masked from 'package:testthat':
matches
The following objects are masked from 'package:stats':
filter, lag
The following objects are masked from 'package:base':
intersect, setdiff, setequal, union
Loading required package: maps
Loading required package: MazamaCoreUtils
Loading required package: MazamaSpatialUtils
Loading required package: sp
Attaching package: 'PWFSLSmoke'
The following objects are masked from 'package:MazamaCoreUtils':
loadDataFile, parseDatetime
>
> test_check("PWFSLSmoke")
── 1. Failure: arguments are validated (@test-timeinfo.R#19) ──────────────────
`timeInfo <- timeInfo(datetime, longitude, latitude)` produced warnings.
══ testthat results ═══════════════════════════════════════════════════════════
[ OK: 41 | SKIPPED: 2 | WARNINGS: 16 | FAILED: 1 ]
1. Failure: arguments are validated (@test-timeinfo.R#19)
Error: testthat unit tests failed
Execution halted
Flavor: r-patched-linux-x86_64
Version: 1.2.100
Check: re-building of vignette outputs
Result: WARN
Error(s) in re-building vignettes:
...
--- re-building ‘Data_Model.Rmd’ using rmarkdown
Warning in engine$weave(file, quiet = quiet, encoding = enc) :
Pandoc (>= 1.12.3) and/or pandoc-citeproc not available. Falling back to R Markdown v1.
--- finished re-building ‘Data_Model.Rmd’
--- re-building ‘Maps_and_Timeseries_Plots.Rmd’ using rmarkdown
Warning in engine$weave(file, quiet = quiet, encoding = enc) :
Pandoc (>= 1.12.3) and/or pandoc-citeproc not available. Falling back to R Markdown v1.
--- finished re-building ‘Maps_and_Timeseries_Plots.Rmd’
--- re-building ‘NowCast.Rmd’ using rmarkdown
Warning in engine$weave(file, quiet = quiet, encoding = enc) :
Pandoc (>= 1.12.3) and/or pandoc-citeproc not available. Falling back to R Markdown v1.
--- finished re-building ‘NowCast.Rmd’
--- re-building ‘PWFSLSmoke.Rmd’ using rmarkdown
Warning in engine$weave(file, quiet = quiet, encoding = enc) :
Pandoc (>= 1.12.3) and/or pandoc-citeproc not available. Falling back to R Markdown v1.
Quitting from lines 163-164 (PWFSLSmoke.Rmd)
Error: processing vignette 'PWFSLSmoke.Rmd' failed with diagnostics:
there is no package called 'webshot'
--- failed re-building ‘PWFSLSmoke.Rmd’
SUMMARY: processing the following file failed:
‘PWFSLSmoke.Rmd’
Error: Vignette re-building failed.
Execution halted
Flavor: r-patched-solaris-x86
Version: 1.2.100
Check: tests
Result: ERROR
Running ‘testthat.R’ [7s/8s]
Running the tests in ‘tests/testthat.R’ failed.
Complete output:
> library(testthat)
> library(PWFSLSmoke)
Loading required package: dplyr
Attaching package: 'dplyr'
The following object is masked from 'package:testthat':
matches
The following objects are masked from 'package:stats':
filter, lag
The following objects are masked from 'package:base':
intersect, setdiff, setequal, union
Loading required package: maps
Loading required package: MazamaCoreUtils
Loading required package: MazamaSpatialUtils
Loading required package: sp
Attaching package: 'PWFSLSmoke'
The following objects are masked from 'package:MazamaCoreUtils':
loadDataFile, parseDatetime
>
> test_check("PWFSLSmoke")
── 1. Failure: arguments are validated (@test-timeinfo.R#19) ──────────────────
`timeInfo <- timeInfo(datetime, longitude, latitude)` produced warnings.
══ testthat results ═══════════════════════════════════════════════════════════
[ OK: 41 | SKIPPED: 2 | WARNINGS: 16 | FAILED: 1 ]
1. Failure: arguments are validated (@test-timeinfo.R#19)
Error: testthat unit tests failed
Execution halted
Flavor: r-release-linux-x86_64
Version: 1.2.100
Check: tests
Result: ERROR
Running 'testthat.R' [7s]
Running the tests in 'tests/testthat.R' failed.
Complete output:
> library(testthat)
> library(PWFSLSmoke)
Loading required package: dplyr
Attaching package: 'dplyr'
The following object is masked from 'package:testthat':
matches
The following objects are masked from 'package:stats':
filter, lag
The following objects are masked from 'package:base':
intersect, setdiff, setequal, union
Loading required package: maps
Loading required package: MazamaCoreUtils
Loading required package: MazamaSpatialUtils
Loading required package: sp
Attaching package: 'PWFSLSmoke'
The following objects are masked from 'package:MazamaCoreUtils':
loadDataFile, parseDatetime
>
> test_check("PWFSLSmoke")
-- 1. Failure: arguments are validated (@test-timeinfo.R#19) ------------------
`timeInfo <- timeInfo(datetime, longitude, latitude)` produced warnings.
== testthat results ===========================================================
[ OK: 41 | SKIPPED: 2 | WARNINGS: 16 | FAILED: 1 ]
1. Failure: arguments are validated (@test-timeinfo.R#19)
Error: testthat unit tests failed
Execution halted
Flavor: r-release-windows-ix86+x86_64
Version: 1.2.100
Check: re-building of vignette outputs
Result: WARN
Error(s) in re-building vignettes:
--- re-building ‘Data_Model.Rmd’ using rmarkdown
Warning in engine$weave(file, quiet = quiet, encoding = enc) :
Pandoc (>= 1.12.3) and/or pandoc-citeproc not available. Falling back to R Markdown v1.
--- finished re-building ‘Data_Model.Rmd’
--- re-building ‘Maps_and_Timeseries_Plots.Rmd’ using rmarkdown
Warning in engine$weave(file, quiet = quiet, encoding = enc) :
Pandoc (>= 1.12.3) and/or pandoc-citeproc not available. Falling back to R Markdown v1.
--- finished re-building ‘Maps_and_Timeseries_Plots.Rmd’
--- re-building ‘NowCast.Rmd’ using rmarkdown
Warning in engine$weave(file, quiet = quiet, encoding = enc) :
Pandoc (>= 1.12.3) and/or pandoc-citeproc not available. Falling back to R Markdown v1.
--- finished re-building ‘NowCast.Rmd’
--- re-building ‘PWFSLSmoke.Rmd’ using rmarkdown
Warning in engine$weave(file, quiet = quiet, encoding = enc) :
Pandoc (>= 1.12.3) and/or pandoc-citeproc not available. Falling back to R Markdown v1.
Quitting from lines 163-164 (PWFSLSmoke.Rmd)
Error: processing vignette 'PWFSLSmoke.Rmd' failed with diagnostics:
cannot open the connection
--- failed re-building ‘PWFSLSmoke.Rmd’
SUMMARY: processing the following file failed:
‘PWFSLSmoke.Rmd’
Error: Vignette re-building failed.
Execution halted
Flavor: r-oldrel-osx-x86_64
Version: 1.2.100
Check: tests
Result: ERROR
Running 'testthat.R' [9s]
Running the tests in 'tests/testthat.R' failed.
Complete output:
> library(testthat)
> library(PWFSLSmoke)
Loading required package: dplyr
Attaching package: 'dplyr'
The following object is masked from 'package:testthat':
matches
The following objects are masked from 'package:stats':
filter, lag
The following objects are masked from 'package:base':
intersect, setdiff, setequal, union
Loading required package: maps
Loading required package: MazamaCoreUtils
Loading required package: MazamaSpatialUtils
Loading required package: sp
Attaching package: 'PWFSLSmoke'
The following objects are masked from 'package:MazamaCoreUtils':
loadDataFile, parseDatetime
>
> test_check("PWFSLSmoke")
-- 1. Failure: arguments are validated (@test-timeinfo.R#19) ------------------
`timeInfo <- timeInfo(datetime, longitude, latitude)` produced warnings.
== testthat results ===========================================================
[ OK: 41 | SKIPPED: 2 | WARNINGS: 16 | FAILED: 1 ]
1. Failure: arguments are validated (@test-timeinfo.R#19)
Error: testthat unit tests failed
Execution halted
Flavor: r-oldrel-windows-ix86+x86_64