Last updated on 2020-07-15 06:48:17 CEST.
| Flavor | Version | Tinstall | Tcheck | Ttotal | Status | Flags | 
|---|---|---|---|---|---|---|
| r-devel-linux-x86_64-debian-clang | 0.2-7 | 6.36 | 134.69 | 141.05 | NOTE | |
| r-devel-linux-x86_64-debian-gcc | 0.2-7 | 5.18 | 89.79 | 94.97 | NOTE | |
| r-devel-linux-x86_64-fedora-clang | 0.2-7 | 162.45 | NOTE | |||
| r-devel-linux-x86_64-fedora-gcc | 0.2-7 | 160.56 | NOTE | |||
| r-devel-windows-ix86+x86_64 | 0.2-7 | 17.00 | 55.00 | 72.00 | NOTE | --no-vignettes | 
| r-patched-linux-x86_64 | 0.2-7 | 5.98 | 212.83 | 218.81 | NOTE | |
| r-patched-solaris-x86 | 0.2-7 | 293.50 | NOTE | |||
| r-release-linux-x86_64 | 0.2-7 | 6.15 | 216.37 | 222.52 | NOTE | |
| r-release-macos-x86_64 | 0.2-7 | ERROR | ||||
| r-release-windows-ix86+x86_64 | 0.2-7 | 14.00 | 56.00 | 70.00 | NOTE | --no-vignettes | 
| r-oldrel-macos-x86_64 | 0.2-7 | NOTE | ||||
| r-oldrel-windows-ix86+x86_64 | 0.2-7 | 13.00 | 74.00 | 87.00 | NOTE | --no-vignettes | 
Version: 0.2-7
Check: dependencies in R code
Result: NOTE
    'library' or 'require' call to 'methods' which was already attached by Depends.
      Please remove these calls from your code.
    Packages in Depends field not imported from:
      'lattice' 'methods'
      These packages need to be imported from (in the NAMESPACE file)
      for when this namespace is loaded but not attached.
Flavors: r-devel-linux-x86_64-debian-clang, r-devel-linux-x86_64-debian-gcc, r-devel-linux-x86_64-fedora-clang, r-devel-linux-x86_64-fedora-gcc, r-patched-linux-x86_64, r-patched-solaris-x86, r-release-linux-x86_64, r-oldrel-macos-x86_64
Version: 0.2-7
Check: R code for possible problems
Result: NOTE
    File 'portfolioSim/R/AllClasses.R':
      .onLoad calls:
        require(methods)
    
    Package startup functions should not change the search path.
    See section 'Good practice' in '?.onAttach'.
    
    contributionSummaryDf,simResult : <anonymous>: no visible global
      function definition for 'aggregate'
    getSimTrades,stiFromSignal-orderable-portfolio-simData-logical: no
      visible binding for global variable 'shares'
    loadIn,simResult-character-missing: no visible binding for global
      variable 'master.freq'
    loadIn,simResult-character-missing: no visible binding for global
      variable 'master.errors'
    loadIn,simResult-character-missing: no visible binding for global
      variable 'master.type'
    loadIn,simResult-character-missing: no visible binding for global
      variable 'master.summary.interface'
    loadIn,simResultSinglePeriod-character-missing: no visible binding for
      global variable 'x'
    plot,simResult-missing: no visible global function definition for
      'xyplot'
    runSim,portfolioSim-logical: no visible binding for global variable
      'id'
    runSim,portfolioSim-logical: no visible global function definition for
      'updateSummary'
    securityPerfSummaryDf,simResult: no visible global function definition
      for 'aggregate'
    summary,simResult: no visible global function definition for 'sd'
    summary,simResult: no visible global function definition for 'head'
    summary,simResult: no visible global function definition for 'tail'
    Undefined global functions or variables:
      aggregate head id master.errors master.freq master.summary.interface
      master.type sd shares tail updateSummary x xyplot
    Consider adding
      importFrom("stats", "aggregate", "sd")
      importFrom("utils", "head", "tail")
    to your NAMESPACE file.
Flavors: r-devel-linux-x86_64-debian-clang, r-devel-linux-x86_64-debian-gcc, r-devel-linux-x86_64-fedora-clang, r-devel-linux-x86_64-fedora-gcc, r-patched-linux-x86_64, r-patched-solaris-x86, r-release-linux-x86_64, r-oldrel-macos-x86_64
Version: 0.2-7
Flags: --no-vignettes
Check: dependencies in R code
Result: NOTE
    'library' or 'require' call to 'methods' which was already attached by Depends.
      Please remove these calls from your code.
    Packages in Depends field not imported from:
      'lattice' 'methods'
      These packages need to be imported from (in the NAMESPACE file)
      for when this namespace is loaded but not attached.
Flavors: r-devel-windows-ix86+x86_64, r-release-windows-ix86+x86_64, r-oldrel-windows-ix86+x86_64
Version: 0.2-7
Flags: --no-vignettes
Check: R code for possible problems
Result: NOTE
    File 'portfolioSim/R/AllClasses.R':
      .onLoad calls:
        require(methods)
    
    Package startup functions should not change the search path.
    See section 'Good practice' in '?.onAttach'.
    
    contributionSummaryDf,simResult : <anonymous>: no visible global
      function definition for 'aggregate'
    getSimTrades,stiFromSignal-orderable-portfolio-simData-logical: no
      visible binding for global variable 'shares'
    loadIn,simResult-character-missing: no visible binding for global
      variable 'master.freq'
    loadIn,simResult-character-missing: no visible binding for global
      variable 'master.errors'
    loadIn,simResult-character-missing: no visible binding for global
      variable 'master.type'
    loadIn,simResult-character-missing: no visible binding for global
      variable 'master.summary.interface'
    loadIn,simResultSinglePeriod-character-missing: no visible binding for
      global variable 'x'
    plot,simResult-missing: no visible global function definition for
      'xyplot'
    runSim,portfolioSim-logical: no visible binding for global variable
      'id'
    runSim,portfolioSim-logical: no visible global function definition for
      'updateSummary'
    securityPerfSummaryDf,simResult: no visible global function definition
      for 'aggregate'
    summary,simResult: no visible global function definition for 'sd'
    summary,simResult: no visible global function definition for 'head'
    summary,simResult: no visible global function definition for 'tail'
    Undefined global functions or variables:
      aggregate head id master.errors master.freq master.summary.interface
      master.type sd shares tail updateSummary x xyplot
    Consider adding
      importFrom("stats", "aggregate", "sd")
      importFrom("utils", "head", "tail")
    to your NAMESPACE file.
Flavors: r-devel-windows-ix86+x86_64, r-release-windows-ix86+x86_64, r-oldrel-windows-ix86+x86_64
Version: 0.2-7
Check: whether package can be installed
Result: ERROR
    Installation failed.
Flavor: r-release-macos-x86_64