Last updated on 2020-10-11 07:47:39 CEST.
| Flavor | Version | Tinstall | Tcheck | Ttotal | Status | Flags | 
|---|---|---|---|---|---|---|
| r-devel-linux-x86_64-debian-clang | 1.0 | 2.28 | 2.28 | ERROR | ||
| r-devel-linux-x86_64-debian-gcc | 1.0 | 1.77 | 1.77 | ERROR | ||
| r-devel-linux-x86_64-fedora-clang | 1.0 | 11.27 | ERROR | |||
| r-devel-linux-x86_64-fedora-gcc | 1.0 | 2.67 | ERROR | |||
| r-devel-windows-ix86+x86_64 | 1.0 | 49.00 | 182.00 | 231.00 | NOTE | |
| r-patched-linux-x86_64 | 1.0 | 20.48 | 184.87 | 205.35 | NOTE | |
| r-patched-solaris-x86 | 1.0 | 361.70 | NOTE | |||
| r-release-linux-x86_64 | 1.0 | 19.24 | 184.66 | 203.90 | NOTE | |
| r-release-macos-x86_64 | 1.0 | NOTE | ||||
| r-release-windows-ix86+x86_64 | 1.0 | 40.00 | 232.00 | 272.00 | NOTE | |
| r-oldrel-macos-x86_64 | 1.0 | NOTE | ||||
| r-oldrel-windows-ix86+x86_64 | 1.0 | 44.00 | 177.00 | 221.00 | NOTE | 
Version: 1.0
Check: package dependencies
Result: ERROR
    Package required but not available: 'DESeq'
    
    See section 'The DESCRIPTION file' in the 'Writing R Extensions'
    manual.
Flavors: r-devel-linux-x86_64-debian-clang, r-devel-linux-x86_64-debian-gcc, r-devel-linux-x86_64-fedora-clang, r-devel-linux-x86_64-fedora-gcc
Version: 1.0
Check: R code for possible problems
Result: NOTE
    TSPM: no visible global function definition for 'glm'
    TSPM: no visible binding for global variable 'poisson'
    TSPM: no visible global function definition for 'hatvalues'
    TSPM: no visible global function definition for 'residuals'
    TSPM: no visible global function definition for 'deviance'
    TSPM: no visible global function definition for 'qchisq'
    TSPM: no visible global function definition for 'qf'
    TSPM: no visible global function definition for 'pf'
    TSPM: no visible global function definition for 'pchisq'
    TSPM: no visible global function definition for 'p.adjust'
    norm.inttable: no visible global function definition for 'median'
    norm.inttable : <anonymous>: no visible global function definition for
      'quantile'
    saint_permF: no visible global function definition for 'read.table'
    saint_permF: no visible global function definition for 'write.table'
    saint_permF: no visible global function definition for 'write.csv2'
    tspm_apms: no visible global function definition for 'read.table'
    varFilter : <anonymous>: no visible global function definition for
      'median'
    varFilter: no visible global function definition for 'median'
    varFilter: no visible global function definition for 'quantile'
    Undefined global functions or variables:
      deviance glm hatvalues median p.adjust pchisq pf poisson qchisq qf
      quantile read.table residuals write.csv2 write.table
    Consider adding
      importFrom("stats", "deviance", "glm", "hatvalues", "median",
                 "p.adjust", "pchisq", "pf", "poisson", "qchisq", "qf",
                 "quantile", "residuals")
      importFrom("utils", "read.table", "write.csv2", "write.table")
    to your NAMESPACE file.
Flavors: r-devel-windows-ix86+x86_64, r-patched-linux-x86_64, r-patched-solaris-x86, r-release-linux-x86_64, r-release-macos-x86_64, r-release-windows-ix86+x86_64, r-oldrel-macos-x86_64, r-oldrel-windows-ix86+x86_64