Last updated on 2020-10-28 18:50:01 CET.
| Flavor | Version | Tinstall | Tcheck | Ttotal | Status | Flags | 
|---|---|---|---|---|---|---|
| r-devel-linux-x86_64-debian-clang | 1.0 | 10.76 | 125.93 | 136.69 | NOTE | |
| r-devel-linux-x86_64-debian-gcc | 1.0 | 9.00 | 91.96 | 100.96 | NOTE | |
| r-devel-linux-x86_64-fedora-clang | 1.0 | 167.21 | NOTE | |||
| r-devel-linux-x86_64-fedora-gcc | 1.0 | 155.62 | NOTE | |||
| r-devel-windows-ix86+x86_64 | 1.0 | 23.00 | 153.00 | 176.00 | NOTE | |
| r-patched-linux-x86_64 | 1.0 | NOTE | ||||
| r-patched-solaris-x86 | 1.0 | 230.90 | NOTE | |||
| r-release-linux-x86_64 | 1.0 | 10.22 | 113.67 | 123.89 | NOTE | |
| r-release-macos-x86_64 | 1.0 | NOTE | ||||
| r-release-windows-ix86+x86_64 | 1.0 | 18.00 | 111.00 | 129.00 | NOTE | |
| r-oldrel-macos-x86_64 | 1.0 | NOTE | ||||
| r-oldrel-windows-ix86+x86_64 | 1.0 | 21.00 | 140.00 | 161.00 | NOTE | 
Version: 1.0
Check: package namespace information
Result: NOTE
      Namespaces with empty importFrom:
      'gee' 'geepack'
Flavors: r-devel-linux-x86_64-debian-clang, r-devel-linux-x86_64-debian-gcc, r-devel-linux-x86_64-fedora-clang, r-devel-linux-x86_64-fedora-gcc, r-devel-windows-ix86+x86_64, r-patched-linux-x86_64, r-patched-solaris-x86, r-release-linux-x86_64, r-release-macos-x86_64, r-release-windows-ix86+x86_64, r-oldrel-macos-x86_64, r-oldrel-windows-ix86+x86_64
Version: 1.0
Check: DESCRIPTION meta-information
Result: NOTE
    Malformed Description field: should contain one or more complete sentences.
Flavors: r-devel-linux-x86_64-debian-clang, r-devel-linux-x86_64-debian-gcc, r-devel-linux-x86_64-fedora-clang, r-devel-linux-x86_64-fedora-gcc, r-devel-windows-ix86+x86_64, r-patched-linux-x86_64, r-patched-solaris-x86, r-release-linux-x86_64, r-release-macos-x86_64, r-release-windows-ix86+x86_64, r-oldrel-macos-x86_64, r-oldrel-windows-ix86+x86_64
Version: 1.0
Check: R code for possible problems
Result: NOTE
    fit_FSKAT_IC: no visible global function definition for 'glm'
    fit_FSKAT_IC: no visible global function definition for 'binomial'
    fit_FSKAT_IC: no visible global function definition for 'plogis'
    fit_FSKAT_IC_cont: no visible global function definition for 'glm'
    fit_FSKAT_IC_cont: no visible binding for global variable 'gaussian'
    fit_FSKAT_IC_cont: no visible global function definition for 'var'
    gee_wrap: no visible global function definition for 'gee'
    gee_wrap: no visible binding for global variable 'binomial'
    gee_wrap: no visible global function definition for 'pnorm'
    geeglm_wrap: no visible global function definition for 'geeglm'
    geeglm_wrap: no visible binding for global variable 'binomial'
    genoC: no visible global function definition for 'dbeta'
    gskat_fit: no visible global function definition for 'glm'
    gskat_fit: no visible global function definition for 'binomial'
    gskat_fit: no visible global function definition for 'plogis'
    gskat_score: no visible global function definition for 'plogis'
    gskat_score_pert: no visible global function definition for 'plogis'
    gskat_score_pert : <anonymous>: no visible global function definition
      for 'rnorm'
    gskat_score_pert: no visible global function definition for 'pchisq'
    gskat_score_pert: no visible global function definition for 'var'
    gskat_seq: no visible global function definition for 'dbeta'
    gskat_seq: no visible global function definition for 'plogis'
    gskat_seq : <anonymous>: no visible global function definition for
      'rnorm'
    gskat_seq: no visible global function definition for 'var'
    gskat_seq: no visible global function definition for 'pchisq'
    gskat_seq_cont: no visible global function definition for 'dbeta'
    gskat_seq_cont: no visible global function definition for 'var'
    gskat_seq_cont : <anonymous>: no visible global function definition for
      'rnorm'
    gskat_seq_cont: no visible global function definition for 'pchisq'
    inferCutoff: no visible global function definition for 'cor'
    mybin: no visible global function definition for 'rpois'
    myfit.RFAM_IC: no visible global function definition for 'glm'
    myfit.RFAM_IC: no visible global function definition for 'binomial'
    myfit.RFAM_IC: no visible global function definition for 'plogis'
    score.RFAM_IC_burden: no visible global function definition for
      'plogis'
    score_FSKAT_IC_pertu: no visible global function definition for 'dbeta'
    score_FSKAT_IC_pertu: no visible global function definition for
      'plogis'
    score_FSKAT_IC_pertu : <anonymous>: no visible global function
      definition for 'rnorm'
    score_FSKAT_IC_pertu: no visible global function definition for 'var'
    score_FSKAT_IC_pertu: no visible global function definition for
      'pchisq'
    Undefined global functions or variables:
      binomial cor dbeta gaussian gee geeglm glm pchisq plogis pnorm rnorm
      rpois var
    Consider adding
      importFrom("stats", "binomial", "cor", "dbeta", "gaussian", "glm",
                 "pchisq", "plogis", "pnorm", "rnorm", "rpois", "var")
    to your NAMESPACE file.
Flavors: r-devel-linux-x86_64-debian-clang, r-devel-linux-x86_64-debian-gcc, r-devel-linux-x86_64-fedora-clang, r-devel-linux-x86_64-fedora-gcc, r-devel-windows-ix86+x86_64, r-patched-linux-x86_64, r-patched-solaris-x86, r-release-linux-x86_64, r-release-macos-x86_64, r-release-windows-ix86+x86_64, r-oldrel-macos-x86_64, r-oldrel-windows-ix86+x86_64