Last updated on 2020-11-11 10:49:26 CET.
Flavor | Version | Tinstall | Tcheck | Ttotal | Status | Flags |
---|---|---|---|---|---|---|
r-devel-linux-x86_64-debian-clang | 1.0.3 | ERROR | ||||
r-devel-linux-x86_64-debian-gcc | 1.0.3 | 7.31 | 56.87 | 64.18 | ERROR | |
r-devel-linux-x86_64-fedora-clang | 1.0.3 | 106.19 | ERROR | |||
r-devel-linux-x86_64-fedora-gcc | 1.0.3 | 98.13 | ERROR | |||
r-devel-windows-ix86+x86_64 | 1.0.3 | 19.00 | 93.00 | 112.00 | ERROR | |
r-patched-linux-x86_64 | 1.0.3 | 8.08 | 68.83 | 76.91 | ERROR | |
r-patched-solaris-x86 | 1.0.3 | 144.60 | ERROR | |||
r-release-linux-x86_64 | 1.0.3 | 9.08 | 68.49 | 77.57 | ERROR | |
r-release-macos-x86_64 | 1.0.3 | OK | ||||
r-release-windows-ix86+x86_64 | 1.0.3 | 14.00 | 95.00 | 109.00 | ERROR | |
r-oldrel-macos-x86_64 | 1.0.3 | OK | ||||
r-oldrel-windows-ix86+x86_64 | 1.0.3 | 12.00 | 62.00 | 74.00 | ERROR |
Version: 1.0.3
Check: R code for possible problems
Result: NOTE
GenMVGpois: no visible global function definition for 'genpoisson'
GenUniGpois: no visible global function definition for 'genpoisson'
Undefined global functions or variables:
genpoisson
Flavors: r-devel-linux-x86_64-debian-clang, r-devel-linux-x86_64-debian-gcc, r-devel-linux-x86_64-fedora-clang, r-devel-linux-x86_64-fedora-gcc, r-devel-windows-ix86+x86_64, r-patched-linux-x86_64, r-patched-solaris-x86, r-release-linux-x86_64, r-release-windows-ix86+x86_64, r-oldrel-windows-ix86+x86_64
Version: 1.0.3
Check: examples
Result: ERROR
Running examples in 'RNGforGPD-Ex.R' failed
The error most likely occurred in:
> base::assign(".ptime", proc.time(), pos = "CheckExEnv")
> ### Name: GenUniGpois
> ### Title: Generates Univariate Generalized Poisson Variates
> ### Aliases: GenUniGpois
>
> ### ** Examples
>
> GenUniGpois(2, 0.9, 100, method = "Branching")
Error in genpoisson(zero = 1) : could not find function "genpoisson"
Calls: GenUniGpois -> vglm
Execution halted
Flavors: r-devel-linux-x86_64-debian-clang, r-devel-linux-x86_64-debian-gcc, r-patched-linux-x86_64, r-release-linux-x86_64
Version: 1.0.3
Check: re-building of vignette outputs
Result: WARN
Error(s) in re-building vignettes:
...
--- re-building 'RNGforGPD.Rmd' using rmarkdown
Quitting from lines 169-176 (RNGforGPD.Rmd)
Error: processing vignette 'RNGforGPD.Rmd' failed with diagnostics:
could not find function "genpoisson"
--- failed re-building 'RNGforGPD.Rmd'
SUMMARY: processing the following file failed:
'RNGforGPD.Rmd'
Error: Vignette re-building failed.
Execution halted
Flavors: r-devel-linux-x86_64-debian-clang, r-devel-linux-x86_64-debian-gcc, r-patched-linux-x86_64, r-release-linux-x86_64
Version: 1.0.3
Check: examples
Result: ERROR
Running examples in ‘RNGforGPD-Ex.R’ failed
The error most likely occurred in:
> ### Name: GenUniGpois
> ### Title: Generates Univariate Generalized Poisson Variates
> ### Aliases: GenUniGpois
>
> ### ** Examples
>
> GenUniGpois(2, 0.9, 100, method = "Branching")
Error in genpoisson(zero = 1) : could not find function "genpoisson"
Calls: GenUniGpois -> vglm
Execution halted
Flavors: r-devel-linux-x86_64-fedora-clang, r-devel-linux-x86_64-fedora-gcc, r-devel-windows-ix86+x86_64, r-patched-solaris-x86, r-release-windows-ix86+x86_64, r-oldrel-windows-ix86+x86_64
Version: 1.0.3
Check: re-building of vignette outputs
Result: WARN
Error(s) in re-building vignettes:
--- re-building ‘RNGforGPD.Rmd’ using rmarkdown
Quitting from lines 169-176 (RNGforGPD.Rmd)
Error: processing vignette 'RNGforGPD.Rmd' failed with diagnostics:
could not find function "genpoisson"
--- failed re-building ‘RNGforGPD.Rmd’
SUMMARY: processing the following file failed:
‘RNGforGPD.Rmd’
Error: Vignette re-building failed.
Execution halted
Flavors: r-devel-linux-x86_64-fedora-clang, r-devel-linux-x86_64-fedora-gcc, r-devel-windows-ix86+x86_64, r-release-windows-ix86+x86_64, r-oldrel-windows-ix86+x86_64
Version: 1.0.3
Check: re-building of vignette outputs
Result: WARN
Error(s) in re-building vignettes:
...
--- re-building ‘RNGforGPD.Rmd’ using rmarkdown
Warning in engine$weave(file, quiet = quiet, encoding = enc) :
Pandoc (>= 1.12.3) and/or pandoc-citeproc not available. Falling back to R Markdown v1.
Quitting from lines 169-176 (RNGforGPD.Rmd)
Error: processing vignette 'RNGforGPD.Rmd' failed with diagnostics:
could not find function "genpoisson"
--- failed re-building ‘RNGforGPD.Rmd’
SUMMARY: processing the following file failed:
‘RNGforGPD.Rmd’
Error: Vignette re-building failed.
Execution halted
Flavor: r-patched-solaris-x86