Last updated on 2020-11-20 14:52:00 CET.
Flavor | Version | Tinstall | Tcheck | Ttotal | Status | Flags |
---|---|---|---|---|---|---|
r-devel-linux-x86_64-debian-clang | 0.1.0 | 1.31 | 7.71 | 9.02 | ERROR | |
r-devel-linux-x86_64-debian-gcc | 0.1.0 | 0.93 | 4.71 | 5.64 | ERROR | |
r-devel-linux-x86_64-fedora-clang | 0.1.0 | 7.55 | ERROR | |||
r-devel-linux-x86_64-fedora-gcc | 0.1.0 | 2.26 | ERROR | |||
r-devel-windows-ix86+x86_64 | 0.1.0 | 2.00 | 5.00 | 7.00 | ERROR | |
r-patched-linux-x86_64 | 0.1.0 | 1.31 | 8.83 | 10.14 | ERROR | |
r-patched-solaris-x86 | 0.1.0 | 5.70 | ERROR | |||
r-release-linux-x86_64 | 0.1.0 | 1.27 | 8.84 | 10.11 | ERROR | |
r-release-macos-x86_64 | 0.1.0 | OK | ||||
r-release-windows-ix86+x86_64 | 0.1.0 | 4.00 | 42.00 | 46.00 | OK | |
r-oldrel-macos-x86_64 | 0.1.0 | OK | ||||
r-oldrel-windows-ix86+x86_64 | 0.1.0 | 3.00 | 35.00 | 38.00 | OK |
Version: 0.1.0
Check: whether package can be installed
Result: ERROR
Installation failed.
Flavors: r-devel-linux-x86_64-debian-clang, r-devel-linux-x86_64-debian-gcc, r-devel-linux-x86_64-fedora-clang, r-devel-linux-x86_64-fedora-gcc, r-devel-windows-ix86+x86_64, r-patched-linux-x86_64, r-patched-solaris-x86, r-release-linux-x86_64