Last updated on 2020-11-29 11:48:35 CET.
| Flavor | Version | Tinstall | Tcheck | Ttotal | Status | Flags | 
|---|---|---|---|---|---|---|
| r-devel-linux-x86_64-debian-clang | 0.99-20200527 | 22.41 | 282.38 | 304.79 | ERROR | |
| r-devel-linux-x86_64-debian-gcc | 0.99-20200527 | 14.99 | 210.87 | 225.86 | ERROR | |
| r-devel-linux-x86_64-fedora-clang | 0.99-20200527 | 360.95 | ERROR | |||
| r-devel-linux-x86_64-fedora-gcc | 0.99-20200527 | 354.86 | ERROR | |||
| r-devel-windows-ix86+x86_64 | 0.99-20200527 | 32.00 | 350.00 | 382.00 | ERROR | |
| r-patched-linux-x86_64 | 0.99-20200527 | 19.54 | 276.99 | 296.53 | ERROR | |
| r-patched-solaris-x86 | 0.99-20200527 | 423.10 | ERROR | |||
| r-release-linux-x86_64 | 0.99-20200527 | 15.17 | 267.79 | 282.96 | ERROR | |
| r-release-macos-x86_64 | 0.99-20200527 | OK | ||||
| r-release-windows-ix86+x86_64 | 0.99-20200527 | 23.00 | 260.00 | 283.00 | ERROR | |
| r-oldrel-macos-x86_64 | 0.99-20200527 | OK | ||||
| r-oldrel-windows-ix86+x86_64 | 0.99-20200527 | 23.00 | 356.00 | 379.00 | ERROR | 
Version: 0.99-20200527
Check: examples
Result: ERROR
    Running examples in 'hyperSpec-Ex.R' failed
    The error most likely occurred in:
    
    > base::assign(".ptime", proc.time(), pos = "CheckExEnv")
    > ### Name: hy.unittest
    > ### Title: hyperSpec unit tests
    > ### Aliases: hy.unittest
    > ### Keywords: programming utilities
    > 
    > ### ** Examples
    > 
    > 
    > hy.unittest ()
    all_wl: .......
    wc: SS
    sample data.frame: ...
    .cut.ticks: ..
    count_lines: ..
    guess.wavelength: ....
    read.txt.Witec.Graph: SSSSSS
    collapse: ..................................
    read.spc: SSSSSSSSSS
    hy.getOptions: ...SSSSSS
    test-read.jdx: SS
    read.asc.Andor: S
    .initialize / new ("hyperSpec"): ...............................
    read.txt.Witec: SSSSSSSSSSSS
    .rbind2: ........
    pearson.dist: .
    bind: .....
    rbind.hyperSpec: .......
    .fix_spc_colnames: .
    .sample.matrix: ..
    .fileio.optional: ....S
    spc.fit.poly.below: S......
    droplevels: .....
    as.hyperSpec: .................
    wl2i: S..................S
    spc.NA.approx: ............
    .DollarNames: ...
    aggregate: ........
    .sample: .....
    normalize01: ...........
    stacked.offsets: .....
    spc.fit.poly: S....
    merge: ..............
    hy.setOptions: ..............................
    read.ENVI.HySpex: S
    isample: .....
    .levelplot: ....
    Arith: .........
    read.dat.Witec: SSSSS
    as.wide.df: .....
    any_wl: .......
    decomposition: .........
    wl.eval: .........
    apply: ....
    .cluster.wavelengths: ...
    read.zip.Renishaw: S
    read.spc.Shimadzu: .
    read.ENVI: SSSSS
    spc.rubberband: ....
    read.txt.Renishaw: SSSSS
    vanderMonde: ......
    plotmat: .
    .all.equal: .........
    .labels: ....Error in get_reporter()$.end_context() : attempt to apply non-function
    Calls: hy.unittest ... withRestarts -> withOneRestart -> doWithOneRestart -> force
    Execution halted
Flavors: r-devel-linux-x86_64-debian-clang, r-devel-linux-x86_64-debian-gcc, r-patched-linux-x86_64, r-release-linux-x86_64
Version: 0.99-20200527
Check: Rd cross-references
Result: NOTE
    Undeclared packages ‘reshape2’, ‘plyr’, ‘caTools’ in Rd xrefs
Flavor: r-devel-linux-x86_64-fedora-clang
Version: 0.99-20200527
Check: examples
Result: ERROR
    Running examples in ‘hyperSpec-Ex.R’ failed
    The error most likely occurred in:
    
    > ### Name: hy.unittest
    > ### Title: hyperSpec unit tests
    > ### Aliases: hy.unittest
    > ### Keywords: programming utilities
    > 
    > ### ** Examples
    > 
    > 
    > hy.unittest ()
    all_wl: .......
    wc: SS
    sample data.frame: ...
    .cut.ticks: ..
    count_lines: ..
    guess.wavelength: ....
    read.txt.Witec.Graph: SSSSSS
    collapse: ..................................
    read.spc: SSSSSSSSSS
    hy.getOptions: ...SSSSSS
    test-read.jdx: SS
    read.asc.Andor: S
    .initialize / new ("hyperSpec"): ...............................
    read.txt.Witec: SSSSSSSSSSSS
    .rbind2: ........
    pearson.dist: .
    bind: .....
    rbind.hyperSpec: .......
    .fix_spc_colnames: .
    .sample.matrix: ..
    .fileio.optional: ....S
    spc.fit.poly.below: S......
    droplevels: .....
    as.hyperSpec: .................
    wl2i: S..................S
    spc.NA.approx: ............
    .DollarNames: ...
    aggregate: ........
    .sample: .....
    normalize01: ...........
    stacked.offsets: .....
    spc.fit.poly: S....
    merge: ..............
    hy.setOptions: ..............................
    read.ENVI.HySpex: S
    isample: .....
    .levelplot: ....
    Arith: .........
    read.dat.Witec: SSSSS
    as.wide.df: .....
    any_wl: .......
    decomposition: .........
    wl.eval: .........
    apply: ....
    .cluster.wavelengths: ...
    read.zip.Renishaw: S
    read.spc.Shimadzu: .
    read.ENVI: SSSSS
    spc.rubberband: ....
    read.txt.Renishaw: SSSSS
    vanderMonde: ......
    plotmat: .
    .all.equal: .........
    .labels: ....Error in get_reporter()$.end_context() : attempt to apply non-function
    Calls: hy.unittest ... withRestarts -> withOneRestart -> doWithOneRestart -> force
    Execution halted
Flavors: r-devel-linux-x86_64-fedora-clang, r-devel-linux-x86_64-fedora-gcc, r-devel-windows-ix86+x86_64, r-patched-solaris-x86, r-release-windows-ix86+x86_64, r-oldrel-windows-ix86+x86_64