Last updated on 2021-01-02 19:46:45 CET.
Flavor | Version | Tinstall | Tcheck | Ttotal | Status | Flags |
---|---|---|---|---|---|---|
r-devel-linux-x86_64-debian-clang | 1.0.1.1 | 4.57 | 44.42 | 48.99 | OK | |
r-devel-linux-x86_64-debian-gcc | 1.0.1.1 | 3.24 | 33.14 | 36.38 | OK | |
r-devel-linux-x86_64-fedora-clang | 1.0.1.1 | 68.96 | NOTE | |||
r-devel-linux-x86_64-fedora-gcc | 1.0.1.1 | 58.50 | NOTE | |||
r-devel-windows-ix86+x86_64 | 1.0.1.1 | 15.00 | 64.00 | 79.00 | OK | |
r-patched-linux-x86_64 | 1.0.1.1 | 4.20 | 42.75 | 46.95 | OK | |
r-patched-solaris-x86 | 1.0.1.1 | 83.40 | OK | |||
r-release-linux-x86_64 | 1.0.1.1 | 4.13 | 42.33 | 46.46 | OK | |
r-release-macos-x86_64 | 1.0.1.1 | OK | ||||
r-release-windows-ix86+x86_64 | 1.0.1.1 | 14.00 | 68.00 | 82.00 | OK | |
r-oldrel-macos-x86_64 | 1.0.1.1 | OK | ||||
r-oldrel-windows-ix86+x86_64 | 1.0.1.1 | 14.00 | 71.00 | 85.00 | OK |
Version: 1.0.1.1
Check: compiled code
Result: NOTE
File ‘bcv/libs/bcv.so’:
Found no call to: ‘R_useDynamicSymbols’
It is good practice to register native routines and to disable symbol
search.
See ‘Writing portable packages’ in the ‘Writing R Extensions’ manual.
Flavors: r-devel-linux-x86_64-fedora-clang, r-devel-linux-x86_64-fedora-gcc