Last updated on 2021-01-20 07:49:05 CET.
Flavor | Version | Tinstall | Tcheck | Ttotal | Status | Flags |
---|---|---|---|---|---|---|
r-devel-linux-x86_64-debian-clang | 1.0.2 | 8.44 | 111.07 | 119.51 | NOTE | |
r-devel-linux-x86_64-debian-gcc | 1.0.2 | 6.56 | 84.20 | 90.76 | NOTE | |
r-devel-linux-x86_64-fedora-clang | 1.0.2 | 147.21 | NOTE | |||
r-devel-linux-x86_64-fedora-gcc | 1.0.2 | 139.03 | NOTE | |||
r-devel-windows-ix86+x86_64 | 1.0.2 | 13.00 | 135.00 | 148.00 | NOTE | |
r-patched-linux-x86_64 | 1.0.2 | 7.21 | 106.07 | 113.28 | NOTE | |
r-patched-solaris-x86 | 1.0.2 | 209.40 | NOTE | |||
r-release-linux-x86_64 | 1.0.2 | 6.65 | 106.36 | 113.01 | NOTE | |
r-release-macos-x86_64 | 1.0.2 | NOTE | ||||
r-release-windows-ix86+x86_64 | 1.0.2 | 13.00 | 116.00 | 129.00 | NOTE | |
r-oldrel-macos-x86_64 | 1.0.2 | OK | ||||
r-oldrel-windows-ix86+x86_64 | 1.0.2 | 10.00 | 110.00 | 120.00 | NOTE |
Version: 1.0.2
Check: dependencies in R code
Result: NOTE
Unexported objects imported by ':::' calls:
'warbleR:::img_wrlbr_int' 'warbleR:::spectro_wrblr_int2'
See the note in ?`:::` about the use of this operator.
Flavors: r-devel-linux-x86_64-debian-clang, r-devel-linux-x86_64-debian-gcc, r-devel-linux-x86_64-fedora-clang, r-devel-linux-x86_64-fedora-gcc, r-devel-windows-ix86+x86_64, r-patched-linux-x86_64, r-patched-solaris-x86, r-release-linux-x86_64, r-release-macos-x86_64, r-release-windows-ix86+x86_64, r-oldrel-windows-ix86+x86_64
Version: 1.0.2
Check: Rd cross-references
Result: NOTE
Undeclared package ‘Rraven’ in Rd xrefs
Flavor: r-devel-linux-x86_64-fedora-clang